{"id":19527,"date":"2024-04-30T08:17:00","date_gmt":"2024-04-30T08:17:00","guid":{"rendered":"https:\/\/i-confort.com\/?product=machine-a-laver-10-5kg-cristor-02-bag"},"modified":"2024-04-30T12:08:21","modified_gmt":"2024-04-30T12:08:21","slug":"machine-a-laver-10-5kg-cristor-02-bag","status":"publish","type":"product","link":"https:\/\/i-confort.com\/?product=machine-a-laver-10-5kg-cristor-02-bag","title":{"rendered":"MACHINE A LAVER 10.5KG CRISTOR 02 BAG"},"content":{"rendered":"<p>Machine \u00e0 laver Cristor top 10,5 kg automatique<\/p>\n<p>CARACT\u00c9RISTIQUES TECHNIQUES<\/p>\n<p>TensionV220V<\/p>\n<p>Fr\u00e9quence 50 Hz<\/p>\n<p>lavage nominal10,5 Kg<\/p>\n<p>Puissance de lavage 400 W<\/p>\n<p>Vitesse d&rsquo;essorage300\/500\/700\/900rpm<\/p>\n<p>Temps de cycle standard43 min<\/p>\n<p>Programmes<\/p>\n<p>Niveau d&rsquo;eau\/1\/2\/3\/4\/5\/6\/7\/8<\/p>\n<p>D\u00e9part diff\u00e9r\u00e9H Oui<\/p>\n<p>Tremper\/Oui<\/p>\n<p>Rin\u00e7age\/Oui<\/p>\n<p>Essorage\/Oui<\/p>\n<p>lavage\/Oui<\/p>\n<p>Temps restant\/Oui<\/p>\n<p>Verrouillage enfants\/Oui<\/p>\n<p>Fuzzy\/Oui<\/p>\n<p>Normal\/Oui<\/p>\n<p>Charge seigneur\/Oui<\/p>\n<p>Rapide\/Oui<\/p>\n<p>Couverture\/Oui<\/p>\n<p>D\u00e9licat\/Oui<\/p>\n<p>Temp\u00e9rature\/chaud\/chaud\/froid<\/p>\n<p>D\u00e9marrer \/ PauseOui<\/p>\n<p>ON\/OFF oui<\/p>\n<p>Sp\u00e9cifications<\/p>\n<p>Volume du tube int\u00e9rieur56 L<\/p>\n<p>Dimensions net570*630*950 mm<\/p>\n<p>Dimensions d&#8217;emballage630*700*1040 mm<\/p>\n<p>Poids Net37 kg<\/p>\n<p>Poids brut41 kg<\/p>\n","protected":false},"excerpt":{"rendered":"<table border=\"0\" cellpadding=\"0\" cellspacing=\"0\" width=\"523\" style=\"border-collapse: collapse;width: 392pt\" data-mce-style=\"border-collapse: collapse; width: 392pt;\" class=\"mce-item-table\">\n<tbody>\n<tr style=\"height: 15.75pt\" data-mce-style=\"height: 15.75pt;\">\n<td height=\"21\" class=\"xl67\" width=\"523\" style=\"height: 15.75pt;width: 392pt\" data-mce-style=\"height: 15.75pt; width: 392pt;\">MACHINE<br \/>A LAVER 10.5KG CRISTOR 02 BAG<\/td>\n<\/tr>\n<\/tbody>\n<\/table>\n","protected":false},"featured_media":19526,"template":"","meta":{"_coblocks_attr":"","_coblocks_dimensions":"","_coblocks_responsive_height":"","_coblocks_accordion_ie_support":""},"pwb-brand":[396],"product_brand":[],"product_cat":[97,352],"product_tag":[],"class_list":{"0":"post-19527","1":"product","2":"type-product","3":"status-publish","4":"has-post-thumbnail","6":"pwb-brand-cristor","7":"product_cat-electromenagers","8":"product_cat-machine-a-laver-et-cuisine","11":"first","12":"instock","13":"taxable","14":"shipping-taxable","15":"purchasable","16":"product-type-simple"},"yoast_head":"<!-- This site is optimized with the Yoast SEO plugin v27.4 - https:\/\/yoast.com\/product\/yoast-seo-wordpress\/ -->\n<title>MACHINE A LAVER 10.5KG CRISTOR 02 BAG - I-CONFORT<\/title>\n<meta name=\"robots\" content=\"index, follow, max-snippet:-1, max-image-preview:large, max-video-preview:-1\" \/>\n<link rel=\"canonical\" href=\"https:\/\/i-confort.com\/?product=machine-a-laver-10-5kg-cristor-02-bag\" \/>\n<meta property=\"og:locale\" content=\"fr_FR\" \/>\n<meta property=\"og:type\" content=\"article\" \/>\n<meta property=\"og:title\" content=\"MACHINE A LAVER 10.5KG CRISTOR 02 BAG - I-CONFORT\" \/>\n<meta property=\"og:description\" content=\"MACHINEA LAVER 10.5KG CRISTOR 02 BAG\" \/>\n<meta property=\"og:url\" content=\"https:\/\/i-confort.com\/?product=machine-a-laver-10-5kg-cristor-02-bag\" \/>\n<meta property=\"og:site_name\" content=\"I-CONFORT\" \/>\n<meta property=\"article:modified_time\" content=\"2024-04-30T12:08:21+00:00\" \/>\n<meta property=\"og:image\" content=\"https:\/\/i-confort.com\/wp-content\/uploads\/2024\/04\/MACHINE-A-LAVER-10.5KG-CRISTOR-02-BAG.png\" \/>\n\t<meta property=\"og:image:width\" content=\"1000\" \/>\n\t<meta property=\"og:image:height\" content=\"1000\" \/>\n\t<meta property=\"og:image:type\" content=\"image\/png\" \/>\n<meta name=\"twitter:card\" content=\"summary_large_image\" \/>\n<script type=\"application\/ld+json\" class=\"yoast-schema-graph\">{\"@context\":\"https:\\\/\\\/schema.org\",\"@graph\":[{\"@type\":\"WebPage\",\"@id\":\"https:\\\/\\\/i-confort.com\\\/?product=machine-a-laver-10-5kg-cristor-02-bag\",\"url\":\"https:\\\/\\\/i-confort.com\\\/?product=machine-a-laver-10-5kg-cristor-02-bag\",\"name\":\"MACHINE A LAVER 10.5KG CRISTOR 02 BAG - I-CONFORT\",\"isPartOf\":{\"@id\":\"https:\\\/\\\/i-confort.com\\\/#website\"},\"primaryImageOfPage\":{\"@id\":\"https:\\\/\\\/i-confort.com\\\/?product=machine-a-laver-10-5kg-cristor-02-bag#primaryimage\"},\"image\":{\"@id\":\"https:\\\/\\\/i-confort.com\\\/?product=machine-a-laver-10-5kg-cristor-02-bag#primaryimage\"},\"thumbnailUrl\":\"https:\\\/\\\/i-confort.com\\\/wp-content\\\/uploads\\\/2024\\\/04\\\/MACHINE-A-LAVER-10.5KG-CRISTOR-02-BAG.png\",\"datePublished\":\"2024-04-30T08:17:00+00:00\",\"dateModified\":\"2024-04-30T12:08:21+00:00\",\"breadcrumb\":{\"@id\":\"https:\\\/\\\/i-confort.com\\\/?product=machine-a-laver-10-5kg-cristor-02-bag#breadcrumb\"},\"inLanguage\":\"fr-FR\",\"potentialAction\":[{\"@type\":\"ReadAction\",\"target\":[\"https:\\\/\\\/i-confort.com\\\/?product=machine-a-laver-10-5kg-cristor-02-bag\"]}]},{\"@type\":\"ImageObject\",\"inLanguage\":\"fr-FR\",\"@id\":\"https:\\\/\\\/i-confort.com\\\/?product=machine-a-laver-10-5kg-cristor-02-bag#primaryimage\",\"url\":\"https:\\\/\\\/i-confort.com\\\/wp-content\\\/uploads\\\/2024\\\/04\\\/MACHINE-A-LAVER-10.5KG-CRISTOR-02-BAG.png\",\"contentUrl\":\"https:\\\/\\\/i-confort.com\\\/wp-content\\\/uploads\\\/2024\\\/04\\\/MACHINE-A-LAVER-10.5KG-CRISTOR-02-BAG.png\",\"width\":1000,\"height\":1000},{\"@type\":\"BreadcrumbList\",\"@id\":\"https:\\\/\\\/i-confort.com\\\/?product=machine-a-laver-10-5kg-cristor-02-bag#breadcrumb\",\"itemListElement\":[{\"@type\":\"ListItem\",\"position\":1,\"name\":\"Home\",\"item\":\"https:\\\/\\\/i-confort.com\\\/\"},{\"@type\":\"ListItem\",\"position\":2,\"name\":\"Boutique\",\"item\":\"https:\\\/\\\/i-confort.com\\\/?page_id=7\"},{\"@type\":\"ListItem\",\"position\":3,\"name\":\"MACHINE A LAVER 10.5KG CRISTOR 02 BAG\"}]},{\"@type\":\"WebSite\",\"@id\":\"https:\\\/\\\/i-confort.com\\\/#website\",\"url\":\"https:\\\/\\\/i-confort.com\\\/\",\"name\":\"I-CONFORT\",\"description\":\"Site de vente en ligne\",\"potentialAction\":[{\"@type\":\"SearchAction\",\"target\":{\"@type\":\"EntryPoint\",\"urlTemplate\":\"https:\\\/\\\/i-confort.com\\\/?s={search_term_string}\"},\"query-input\":{\"@type\":\"PropertyValueSpecification\",\"valueRequired\":true,\"valueName\":\"search_term_string\"}}],\"inLanguage\":\"fr-FR\"}]}<\/script>\n<!-- \/ Yoast SEO plugin. -->","yoast_head_json":{"title":"MACHINE A LAVER 10.5KG CRISTOR 02 BAG - I-CONFORT","robots":{"index":"index","follow":"follow","max-snippet":"max-snippet:-1","max-image-preview":"max-image-preview:large","max-video-preview":"max-video-preview:-1"},"canonical":"https:\/\/i-confort.com\/?product=machine-a-laver-10-5kg-cristor-02-bag","og_locale":"fr_FR","og_type":"article","og_title":"MACHINE A LAVER 10.5KG CRISTOR 02 BAG - I-CONFORT","og_description":"MACHINEA LAVER 10.5KG CRISTOR 02 BAG","og_url":"https:\/\/i-confort.com\/?product=machine-a-laver-10-5kg-cristor-02-bag","og_site_name":"I-CONFORT","article_modified_time":"2024-04-30T12:08:21+00:00","og_image":[{"width":1000,"height":1000,"url":"https:\/\/i-confort.com\/wp-content\/uploads\/2024\/04\/MACHINE-A-LAVER-10.5KG-CRISTOR-02-BAG.png","type":"image\/png"}],"twitter_card":"summary_large_image","schema":{"@context":"https:\/\/schema.org","@graph":[{"@type":"WebPage","@id":"https:\/\/i-confort.com\/?product=machine-a-laver-10-5kg-cristor-02-bag","url":"https:\/\/i-confort.com\/?product=machine-a-laver-10-5kg-cristor-02-bag","name":"MACHINE A LAVER 10.5KG CRISTOR 02 BAG - I-CONFORT","isPartOf":{"@id":"https:\/\/i-confort.com\/#website"},"primaryImageOfPage":{"@id":"https:\/\/i-confort.com\/?product=machine-a-laver-10-5kg-cristor-02-bag#primaryimage"},"image":{"@id":"https:\/\/i-confort.com\/?product=machine-a-laver-10-5kg-cristor-02-bag#primaryimage"},"thumbnailUrl":"https:\/\/i-confort.com\/wp-content\/uploads\/2024\/04\/MACHINE-A-LAVER-10.5KG-CRISTOR-02-BAG.png","datePublished":"2024-04-30T08:17:00+00:00","dateModified":"2024-04-30T12:08:21+00:00","breadcrumb":{"@id":"https:\/\/i-confort.com\/?product=machine-a-laver-10-5kg-cristor-02-bag#breadcrumb"},"inLanguage":"fr-FR","potentialAction":[{"@type":"ReadAction","target":["https:\/\/i-confort.com\/?product=machine-a-laver-10-5kg-cristor-02-bag"]}]},{"@type":"ImageObject","inLanguage":"fr-FR","@id":"https:\/\/i-confort.com\/?product=machine-a-laver-10-5kg-cristor-02-bag#primaryimage","url":"https:\/\/i-confort.com\/wp-content\/uploads\/2024\/04\/MACHINE-A-LAVER-10.5KG-CRISTOR-02-BAG.png","contentUrl":"https:\/\/i-confort.com\/wp-content\/uploads\/2024\/04\/MACHINE-A-LAVER-10.5KG-CRISTOR-02-BAG.png","width":1000,"height":1000},{"@type":"BreadcrumbList","@id":"https:\/\/i-confort.com\/?product=machine-a-laver-10-5kg-cristor-02-bag#breadcrumb","itemListElement":[{"@type":"ListItem","position":1,"name":"Home","item":"https:\/\/i-confort.com\/"},{"@type":"ListItem","position":2,"name":"Boutique","item":"https:\/\/i-confort.com\/?page_id=7"},{"@type":"ListItem","position":3,"name":"MACHINE A LAVER 10.5KG CRISTOR 02 BAG"}]},{"@type":"WebSite","@id":"https:\/\/i-confort.com\/#website","url":"https:\/\/i-confort.com\/","name":"I-CONFORT","description":"Site de vente en ligne","potentialAction":[{"@type":"SearchAction","target":{"@type":"EntryPoint","urlTemplate":"https:\/\/i-confort.com\/?s={search_term_string}"},"query-input":{"@type":"PropertyValueSpecification","valueRequired":true,"valueName":"search_term_string"}}],"inLanguage":"fr-FR"}]}},"brands":[{"id":396,"name":"Cristor","slug":"cristor"}],"_links":{"self":[{"href":"https:\/\/i-confort.com\/index.php?rest_route=\/wp\/v2\/product\/19527","targetHints":{"allow":["GET"]}}],"collection":[{"href":"https:\/\/i-confort.com\/index.php?rest_route=\/wp\/v2\/product"}],"about":[{"href":"https:\/\/i-confort.com\/index.php?rest_route=\/wp\/v2\/types\/product"}],"wp:featuredmedia":[{"embeddable":true,"href":"https:\/\/i-confort.com\/index.php?rest_route=\/wp\/v2\/media\/19526"}],"wp:attachment":[{"href":"https:\/\/i-confort.com\/index.php?rest_route=%2Fwp%2Fv2%2Fmedia&parent=19527"}],"wp:term":[{"taxonomy":"pwb-brand","embeddable":true,"href":"https:\/\/i-confort.com\/index.php?rest_route=%2Fwp%2Fv2%2Fpwb-brand&post=19527"},{"taxonomy":"product_brand","embeddable":true,"href":"https:\/\/i-confort.com\/index.php?rest_route=%2Fwp%2Fv2%2Fproduct_brand&post=19527"},{"taxonomy":"product_cat","embeddable":true,"href":"https:\/\/i-confort.com\/index.php?rest_route=%2Fwp%2Fv2%2Fproduct_cat&post=19527"},{"taxonomy":"product_tag","embeddable":true,"href":"https:\/\/i-confort.com\/index.php?rest_route=%2Fwp%2Fv2%2Fproduct_tag&post=19527"}],"curies":[{"name":"wp","href":"https:\/\/api.w.org\/{rel}","templated":true}]}}