{"id":19547,"date":"2024-04-30T13:48:29","date_gmt":"2024-04-30T13:48:29","guid":{"rendered":"https:\/\/i-confort.com\/?product=machine-a-laver-brandt-7kg-blanc-1200t"},"modified":"2024-04-30T13:48:29","modified_gmt":"2024-04-30T13:48:29","slug":"machine-a-laver-brandt-7kg-blanc-1200t","status":"publish","type":"product","link":"https:\/\/i-confort.com\/?product=machine-a-laver-brandt-7kg-blanc-1200t","title":{"rendered":"MACHINE A LAVER BRANDT 7KG BLANC 1200T"},"content":{"rendered":"<p><span data-mce-style=\"box-sizing: inherit;\">Capacit\u00e9<\/span>\u00a0: 7 kg<br \/><span data-mce-style=\"box-sizing: inherit;\">Essorage<\/span>\u00a0: 1400 tr\/min<br \/><span data-mce-style=\"box-sizing: inherit;\">Classe \u00e9nerg\u00e9tique<\/span>\u00a0: E<br \/><span data-mce-style=\"box-sizing: inherit;\">Niveau sonore<\/span>\u00a0: 80 dB en essorage (Classe C)<br \/><span data-mce-style=\"box-sizing: inherit;\">D\u00e9part diff\u00e9r\u00e9<\/span>\u00a0jusqu&rsquo;\u00e0 24\u00a0h<br \/><span data-mce-style=\"box-sizing: inherit;\">Programmes<\/span>\u00a0: 20\u2009\u00b0C, Coton, Draps et serviettes, \u00c9co 40-60, Essorage, Flash 15 min, Intensif, Jeans, Laine, Linge b\u00e9b\u00e9, Mixte, Rapide 45 min, Rin\u00e7age \/ Essorage, Sports, Synth\u00e9tiques<br \/><span style=\"font-weight: bolder\">Options<\/span>\u00a0: D\u00e9part diff\u00e9r\u00e9, Nettoyage tambour, Pr\u00e9lavage, Rin\u00e7age+<\/p>\n<p><\/p>\n","protected":false},"excerpt":{"rendered":"<table border=\"0\" cellpadding=\"0\" cellspacing=\"0\" width=\"523\" style=\"border-collapse: collapse;width:392pt\">\n<tbody>\n<tr style=\"height:16.5pt\">\n<td height=\"22\" class=\"xl67\" width=\"523\" style=\"height:16.5pt;width:392pt\">MACHINE<br \/>\n  A LAVER BRANDT 7KG BLANC 1200T<\/td>\n<\/tr>\n<\/tbody>\n<\/table>\n","protected":false},"featured_media":19536,"template":"","meta":{"_coblocks_attr":"","_coblocks_dimensions":"","_coblocks_responsive_height":"","_coblocks_accordion_ie_support":""},"pwb-brand":[391],"product_brand":[],"product_cat":[97,352],"product_tag":[],"class_list":{"0":"post-19547","1":"product","2":"type-product","3":"status-publish","4":"has-post-thumbnail","6":"pwb-brand-brandt","7":"product_cat-electromenagers","8":"product_cat-machine-a-laver-et-cuisine","11":"first","12":"instock","13":"taxable","14":"shipping-taxable","15":"purchasable","16":"product-type-simple"},"yoast_head":"<!-- This site is optimized with the Yoast SEO plugin v27.4 - https:\/\/yoast.com\/product\/yoast-seo-wordpress\/ -->\n<title>MACHINE A LAVER BRANDT 7KG BLANC 1200T - I-CONFORT<\/title>\n<meta name=\"robots\" content=\"index, follow, max-snippet:-1, max-image-preview:large, max-video-preview:-1\" \/>\n<link rel=\"canonical\" href=\"https:\/\/i-confort.com\/?product=machine-a-laver-brandt-7kg-blanc-1200t\" \/>\n<meta property=\"og:locale\" content=\"fr_FR\" \/>\n<meta property=\"og:type\" content=\"article\" \/>\n<meta property=\"og:title\" content=\"MACHINE A LAVER BRANDT 7KG BLANC 1200T - I-CONFORT\" \/>\n<meta property=\"og:description\" content=\"MACHINE  A LAVER BRANDT 7KG BLANC 1200T\" \/>\n<meta property=\"og:url\" content=\"https:\/\/i-confort.com\/?product=machine-a-laver-brandt-7kg-blanc-1200t\" \/>\n<meta property=\"og:site_name\" content=\"I-CONFORT\" \/>\n<meta property=\"og:image\" content=\"https:\/\/i-confort.com\/wp-content\/uploads\/2024\/04\/MACHINE-A-LAVER-AUTO-LULA-08KG-1400BLANC.jpg\" \/>\n\t<meta property=\"og:image:width\" content=\"1237\" \/>\n\t<meta property=\"og:image:height\" content=\"1306\" \/>\n\t<meta property=\"og:image:type\" content=\"image\/jpeg\" \/>\n<meta name=\"twitter:card\" content=\"summary_large_image\" \/>\n<script type=\"application\/ld+json\" class=\"yoast-schema-graph\">{\"@context\":\"https:\\\/\\\/schema.org\",\"@graph\":[{\"@type\":\"WebPage\",\"@id\":\"https:\\\/\\\/i-confort.com\\\/?product=machine-a-laver-brandt-7kg-blanc-1200t\",\"url\":\"https:\\\/\\\/i-confort.com\\\/?product=machine-a-laver-brandt-7kg-blanc-1200t\",\"name\":\"MACHINE A LAVER BRANDT 7KG BLANC 1200T - I-CONFORT\",\"isPartOf\":{\"@id\":\"https:\\\/\\\/i-confort.com\\\/#website\"},\"primaryImageOfPage\":{\"@id\":\"https:\\\/\\\/i-confort.com\\\/?product=machine-a-laver-brandt-7kg-blanc-1200t#primaryimage\"},\"image\":{\"@id\":\"https:\\\/\\\/i-confort.com\\\/?product=machine-a-laver-brandt-7kg-blanc-1200t#primaryimage\"},\"thumbnailUrl\":\"https:\\\/\\\/i-confort.com\\\/wp-content\\\/uploads\\\/2024\\\/04\\\/MACHINE-A-LAVER-AUTO-LULA-08KG-1400BLANC.jpg\",\"datePublished\":\"2024-04-30T13:48:29+00:00\",\"breadcrumb\":{\"@id\":\"https:\\\/\\\/i-confort.com\\\/?product=machine-a-laver-brandt-7kg-blanc-1200t#breadcrumb\"},\"inLanguage\":\"fr-FR\",\"potentialAction\":[{\"@type\":\"ReadAction\",\"target\":[\"https:\\\/\\\/i-confort.com\\\/?product=machine-a-laver-brandt-7kg-blanc-1200t\"]}]},{\"@type\":\"ImageObject\",\"inLanguage\":\"fr-FR\",\"@id\":\"https:\\\/\\\/i-confort.com\\\/?product=machine-a-laver-brandt-7kg-blanc-1200t#primaryimage\",\"url\":\"https:\\\/\\\/i-confort.com\\\/wp-content\\\/uploads\\\/2024\\\/04\\\/MACHINE-A-LAVER-AUTO-LULA-08KG-1400BLANC.jpg\",\"contentUrl\":\"https:\\\/\\\/i-confort.com\\\/wp-content\\\/uploads\\\/2024\\\/04\\\/MACHINE-A-LAVER-AUTO-LULA-08KG-1400BLANC.jpg\",\"width\":1237,\"height\":1306},{\"@type\":\"BreadcrumbList\",\"@id\":\"https:\\\/\\\/i-confort.com\\\/?product=machine-a-laver-brandt-7kg-blanc-1200t#breadcrumb\",\"itemListElement\":[{\"@type\":\"ListItem\",\"position\":1,\"name\":\"Home\",\"item\":\"https:\\\/\\\/i-confort.com\\\/\"},{\"@type\":\"ListItem\",\"position\":2,\"name\":\"Boutique\",\"item\":\"https:\\\/\\\/i-confort.com\\\/?page_id=7\"},{\"@type\":\"ListItem\",\"position\":3,\"name\":\"MACHINE A LAVER BRANDT 7KG BLANC 1200T\"}]},{\"@type\":\"WebSite\",\"@id\":\"https:\\\/\\\/i-confort.com\\\/#website\",\"url\":\"https:\\\/\\\/i-confort.com\\\/\",\"name\":\"I-CONFORT\",\"description\":\"Site de vente en ligne\",\"potentialAction\":[{\"@type\":\"SearchAction\",\"target\":{\"@type\":\"EntryPoint\",\"urlTemplate\":\"https:\\\/\\\/i-confort.com\\\/?s={search_term_string}\"},\"query-input\":{\"@type\":\"PropertyValueSpecification\",\"valueRequired\":true,\"valueName\":\"search_term_string\"}}],\"inLanguage\":\"fr-FR\"}]}<\/script>\n<!-- \/ Yoast SEO plugin. -->","yoast_head_json":{"title":"MACHINE A LAVER BRANDT 7KG BLANC 1200T - I-CONFORT","robots":{"index":"index","follow":"follow","max-snippet":"max-snippet:-1","max-image-preview":"max-image-preview:large","max-video-preview":"max-video-preview:-1"},"canonical":"https:\/\/i-confort.com\/?product=machine-a-laver-brandt-7kg-blanc-1200t","og_locale":"fr_FR","og_type":"article","og_title":"MACHINE A LAVER BRANDT 7KG BLANC 1200T - I-CONFORT","og_description":"MACHINE  A LAVER BRANDT 7KG BLANC 1200T","og_url":"https:\/\/i-confort.com\/?product=machine-a-laver-brandt-7kg-blanc-1200t","og_site_name":"I-CONFORT","og_image":[{"width":1237,"height":1306,"url":"https:\/\/i-confort.com\/wp-content\/uploads\/2024\/04\/MACHINE-A-LAVER-AUTO-LULA-08KG-1400BLANC.jpg","type":"image\/jpeg"}],"twitter_card":"summary_large_image","schema":{"@context":"https:\/\/schema.org","@graph":[{"@type":"WebPage","@id":"https:\/\/i-confort.com\/?product=machine-a-laver-brandt-7kg-blanc-1200t","url":"https:\/\/i-confort.com\/?product=machine-a-laver-brandt-7kg-blanc-1200t","name":"MACHINE A LAVER BRANDT 7KG BLANC 1200T - I-CONFORT","isPartOf":{"@id":"https:\/\/i-confort.com\/#website"},"primaryImageOfPage":{"@id":"https:\/\/i-confort.com\/?product=machine-a-laver-brandt-7kg-blanc-1200t#primaryimage"},"image":{"@id":"https:\/\/i-confort.com\/?product=machine-a-laver-brandt-7kg-blanc-1200t#primaryimage"},"thumbnailUrl":"https:\/\/i-confort.com\/wp-content\/uploads\/2024\/04\/MACHINE-A-LAVER-AUTO-LULA-08KG-1400BLANC.jpg","datePublished":"2024-04-30T13:48:29+00:00","breadcrumb":{"@id":"https:\/\/i-confort.com\/?product=machine-a-laver-brandt-7kg-blanc-1200t#breadcrumb"},"inLanguage":"fr-FR","potentialAction":[{"@type":"ReadAction","target":["https:\/\/i-confort.com\/?product=machine-a-laver-brandt-7kg-blanc-1200t"]}]},{"@type":"ImageObject","inLanguage":"fr-FR","@id":"https:\/\/i-confort.com\/?product=machine-a-laver-brandt-7kg-blanc-1200t#primaryimage","url":"https:\/\/i-confort.com\/wp-content\/uploads\/2024\/04\/MACHINE-A-LAVER-AUTO-LULA-08KG-1400BLANC.jpg","contentUrl":"https:\/\/i-confort.com\/wp-content\/uploads\/2024\/04\/MACHINE-A-LAVER-AUTO-LULA-08KG-1400BLANC.jpg","width":1237,"height":1306},{"@type":"BreadcrumbList","@id":"https:\/\/i-confort.com\/?product=machine-a-laver-brandt-7kg-blanc-1200t#breadcrumb","itemListElement":[{"@type":"ListItem","position":1,"name":"Home","item":"https:\/\/i-confort.com\/"},{"@type":"ListItem","position":2,"name":"Boutique","item":"https:\/\/i-confort.com\/?page_id=7"},{"@type":"ListItem","position":3,"name":"MACHINE A LAVER BRANDT 7KG BLANC 1200T"}]},{"@type":"WebSite","@id":"https:\/\/i-confort.com\/#website","url":"https:\/\/i-confort.com\/","name":"I-CONFORT","description":"Site de vente en ligne","potentialAction":[{"@type":"SearchAction","target":{"@type":"EntryPoint","urlTemplate":"https:\/\/i-confort.com\/?s={search_term_string}"},"query-input":{"@type":"PropertyValueSpecification","valueRequired":true,"valueName":"search_term_string"}}],"inLanguage":"fr-FR"}]}},"brands":[{"id":391,"name":"Brandt","slug":"brandt"}],"_links":{"self":[{"href":"https:\/\/i-confort.com\/index.php?rest_route=\/wp\/v2\/product\/19547","targetHints":{"allow":["GET"]}}],"collection":[{"href":"https:\/\/i-confort.com\/index.php?rest_route=\/wp\/v2\/product"}],"about":[{"href":"https:\/\/i-confort.com\/index.php?rest_route=\/wp\/v2\/types\/product"}],"wp:featuredmedia":[{"embeddable":true,"href":"https:\/\/i-confort.com\/index.php?rest_route=\/wp\/v2\/media\/19536"}],"wp:attachment":[{"href":"https:\/\/i-confort.com\/index.php?rest_route=%2Fwp%2Fv2%2Fmedia&parent=19547"}],"wp:term":[{"taxonomy":"pwb-brand","embeddable":true,"href":"https:\/\/i-confort.com\/index.php?rest_route=%2Fwp%2Fv2%2Fpwb-brand&post=19547"},{"taxonomy":"product_brand","embeddable":true,"href":"https:\/\/i-confort.com\/index.php?rest_route=%2Fwp%2Fv2%2Fproduct_brand&post=19547"},{"taxonomy":"product_cat","embeddable":true,"href":"https:\/\/i-confort.com\/index.php?rest_route=%2Fwp%2Fv2%2Fproduct_cat&post=19547"},{"taxonomy":"product_tag","embeddable":true,"href":"https:\/\/i-confort.com\/index.php?rest_route=%2Fwp%2Fv2%2Fproduct_tag&post=19547"}],"curies":[{"name":"wp","href":"https:\/\/api.w.org\/{rel}","templated":true}]}}