{"id":20472,"date":"2024-07-08T08:53:31","date_gmt":"2024-07-08T08:53:31","guid":{"rendered":"https:\/\/i-confort.com\/?product=rblack-decke-prese-agrume-25w"},"modified":"2024-07-08T08:56:26","modified_gmt":"2024-07-08T08:56:26","slug":"rblack-decke-prese-agrume-25w","status":"publish","type":"product","link":"https:\/\/i-confort.com\/?product=rblack-decke-prese-agrume-25w","title":{"rendered":"RBLACK DECKE PRESE AGRUME 25W"},"content":{"rendered":"<ul style=\"margin-top: 0px;padding: 0px;margin-bottom: 1.3em;font-family: sans-serif;font-size: medium\" data-mce-style=\"margin-top: 0px; padding: 0px; margin-bottom: 1.3em; font-family: sans-serif; font-size: medium;\">\n<li class=\"a-spacing-mini\" style=\"margin-bottom: 0.6em;margin-left: 1.3em\" data-mce-style=\"margin-bottom: 0.6em; margin-left: 1.3em;\"><span class=\"a-list-item\">PRESSE-AGRUMES ID\u00c9AL : Un presse-agrumes transparent sans BPA, d\u2019une capaci\u00e9 de 350 ml. Graduation de 50 \u00e0 350 mlsur le bol.<\/span><\/li>\n<li class=\"a-spacing-mini\" style=\"margin-bottom: 0.6em;margin-left: 1.3em\" data-mce-style=\"margin-bottom: 0.6em; margin-left: 1.3em;\"><span class=\"a-list-item\">EPAISSEUR DE LA PULPE R\u00c9GLABLE : En un claquement de doigt s\u00e9lectionn\u00e9 la densit\u00e9 de pulpe d\u00e9sir\u00e9 pour un jus \u00e0 votre go\u00fbt.<\/span><\/li>\n<li class=\"a-spacing-mini\" style=\"margin-bottom: 0.6em;margin-left: 1.3em\" data-mce-style=\"margin-bottom: 0.6em; margin-left: 1.3em;\"><span class=\"a-list-item\">PUISSANT : Une extraction maximale du jus avec 25W de puissance. C\u00f4ne \u00e0 double sens qui permet de profiter jusqu\u2019\u00e0 la derni\u00e8re goutte de jus.<\/span><\/li>\n<li class=\"a-spacing-mini\" style=\"margin-bottom: 0.6em;margin-left: 1.3em\" data-mce-style=\"margin-bottom: 0.6em; margin-left: 1.3em;\"><span class=\"a-list-item\">TOTALEMENT D\u00c9MONTABLE : Apte \u00e0 une machine \u00e0 laver. Totalement d\u00e9montable pour pouvoir facilement le nettoyer.<\/span><\/li>\n<\/ul>\n","protected":false},"excerpt":{"rendered":"<p class=\"a-spacing-mini\" style=\"text-indent: -18.0pt;background: white;margin: 5.0pt 0cm 7.2pt 51.6pt\" data-mce-style=\"text-indent: -18.0pt; background: white; margin: 5.0pt 0cm 7.2pt 51.6pt;\"><!-- [if !supportLists]--><span class=\"a-list-item\"><span style=\"font-size: 10.0pt;font-family: Symbol;color: #585454\" data-mce-style=\"font-size: 10.0pt; font-family: Symbol; color: #585454;\">\u00b7\u00a0\u00a0\u00a0\u00a0\u00a0\u00a0\u00a0<br \/><\/span><\/span><!--[endif]--><span class=\"a-list-item\">Presse-agrume transparent<br \/>sans BPA.<\/span><\/p>\n<p class=\"a-spacing-mini\" style=\"text-indent: -18.0pt;background: white;margin: 5.0pt 0cm 7.2pt 51.6pt\" data-mce-style=\"text-indent: -18.0pt; background: white; margin: 5.0pt 0cm 7.2pt 51.6pt;\"><!-- [if !supportLists]--><span style=\"font-size: 10.0pt;font-family: Symbol;color: #585454\" data-mce-style=\"font-size: 10.0pt; font-family: Symbol; color: #585454;\">\u00b7\u00a0\u00a0\u00a0\u00a0\u00a0\u00a0\u00a0<br \/><\/span><!--[endif]--><span class=\"a-list-item\">Capacit\u00e9<br \/>de 350 ml. <\/span><\/p>\n<p class=\"a-spacing-mini\" style=\"text-indent: -18.0pt;background: white;margin: 5.0pt 0cm 7.2pt 51.6pt\" data-mce-style=\"text-indent: -18.0pt; background: white; margin: 5.0pt 0cm 7.2pt 51.6pt;\"><!-- [if !supportLists]--><span style=\"font-size: 10.0pt;font-family: Symbol;color: #585454\" data-mce-style=\"font-size: 10.0pt; font-family: Symbol; color: #585454;\">\u00b7\u00a0\u00a0\u00a0\u00a0\u00a0\u00a0\u00a0<br \/><\/span><!--[endif]--><span class=\"a-list-item\">Puissance<br \/>: 25W de puissance.<\/span><\/p>\n<p class=\"a-spacing-mini\" style=\"text-indent: -18.0pt;background: white;margin: 5.0pt 0cm 7.2pt 51.6pt\" data-mce-style=\"text-indent: -18.0pt; background: white; margin: 5.0pt 0cm 7.2pt 51.6pt;\"><!-- [if !supportLists]--><span style=\"font-size: 10.0pt;font-family: Symbol;color: #585454\" data-mce-style=\"font-size: 10.0pt; font-family: Symbol; color: #585454;\">\u00b7\u00a0\u00a0\u00a0\u00a0\u00a0\u00a0\u00a0<br \/><\/span><!--[endif]--><span class=\"a-list-item\">Totalement<br \/>d\u00e9montable pour pouvoir facilement le nettoyer.<\/span><\/p>\n<p class=\"MsoNormal\"><span style=\"font-size: 12.0pt;line-height: 107%\" data-mce-style=\"font-size: 12.0pt; line-height: 107%;\">\u00a0\u00a0\u00a0\u00a0\u00a0\u00a0\u00a0\u00a0\u00a0\u00a0\u00a0\u00a0\u00a0\u00a0\u00a0\u00a0\u00a0\u00a0\u00a0\u00a0\u00a0\u00a0\u00a0\u00a0\u00a0\u00a0\u00a0\u00a0\u00a0\u00a0\u00a0\u00a0\u00a0\u00a0\u00a0\u00a0\u00a0\u00a0\u00a0\u00a0\u00a0\u00a0\u00a0\u00a0\u00a0\u00a0\u00a0\u00a0\u00a0\u00a0\u00a0\u00a0\u00a0 <\/span><\/p>\n<p><\/p>\n","protected":false},"featured_media":20473,"template":"","meta":{"_coblocks_attr":"","_coblocks_dimensions":"","_coblocks_responsive_height":"","_coblocks_accordion_ie_support":""},"pwb-brand":[452],"product_brand":[],"product_cat":[97,374],"product_tag":[],"class_list":{"0":"post-20472","1":"product","2":"type-product","3":"status-publish","4":"has-post-thumbnail","6":"pwb-brand-black-decker","7":"product_cat-electromenagers","8":"product_cat-vaisselle-et-cuisine","11":"first","12":"instock","13":"taxable","14":"shipping-taxable","15":"purchasable","16":"product-type-simple"},"yoast_head":"<!-- This site is optimized with the Yoast SEO plugin v27.4 - https:\/\/yoast.com\/product\/yoast-seo-wordpress\/ -->\n<title>RBLACK DECKE PRESE AGRUME 25W - I-CONFORT<\/title>\n<meta name=\"robots\" content=\"index, follow, max-snippet:-1, max-image-preview:large, max-video-preview:-1\" \/>\n<link rel=\"canonical\" href=\"https:\/\/i-confort.com\/?product=rblack-decke-prese-agrume-25w\" \/>\n<meta property=\"og:locale\" content=\"fr_FR\" \/>\n<meta property=\"og:type\" content=\"article\" \/>\n<meta property=\"og:title\" content=\"RBLACK DECKE PRESE AGRUME 25W - I-CONFORT\" \/>\n<meta property=\"og:description\" content=\"\u00b7\u00a0\u00a0\u00a0\u00a0\u00a0\u00a0\u00a0Presse-agrume transparentsans BPA.\u00b7\u00a0\u00a0\u00a0\u00a0\u00a0\u00a0\u00a0Capacit\u00e9de 350 ml. \u00b7\u00a0\u00a0\u00a0\u00a0\u00a0\u00a0\u00a0Puissance: 25W de puissance.\u00b7\u00a0\u00a0\u00a0\u00a0\u00a0\u00a0\u00a0Totalementd\u00e9montable pour pouvoir facilement le nettoyer.\u00a0\u00a0\u00a0\u00a0\u00a0\u00a0\u00a0\u00a0\u00a0\u00a0\u00a0\u00a0\u00a0\u00a0\u00a0\u00a0\u00a0\u00a0\u00a0\u00a0\u00a0\u00a0\u00a0\u00a0\u00a0\u00a0\u00a0\u00a0\u00a0\u00a0\u00a0\u00a0\u00a0\u00a0\u00a0\u00a0\u00a0\u00a0\u00a0\u00a0\u00a0\u00a0\u00a0\u00a0\u00a0\u00a0\u00a0\u00a0\u00a0\u00a0\u00a0\u00a0\u00a0\" \/>\n<meta property=\"og:url\" content=\"https:\/\/i-confort.com\/?product=rblack-decke-prese-agrume-25w\" \/>\n<meta property=\"og:site_name\" content=\"I-CONFORT\" \/>\n<meta property=\"article:modified_time\" content=\"2024-07-08T08:56:26+00:00\" \/>\n<meta property=\"og:image\" content=\"https:\/\/i-confort.com\/wp-content\/uploads\/2024\/07\/71QuKzpz5uL._AC_SL1500_.jpg\" \/>\n\t<meta property=\"og:image:width\" content=\"1325\" \/>\n\t<meta property=\"og:image:height\" content=\"1500\" \/>\n\t<meta property=\"og:image:type\" content=\"image\/jpeg\" \/>\n<meta name=\"twitter:card\" content=\"summary_large_image\" \/>\n<script type=\"application\/ld+json\" class=\"yoast-schema-graph\">{\"@context\":\"https:\\\/\\\/schema.org\",\"@graph\":[{\"@type\":\"WebPage\",\"@id\":\"https:\\\/\\\/i-confort.com\\\/?product=rblack-decke-prese-agrume-25w\",\"url\":\"https:\\\/\\\/i-confort.com\\\/?product=rblack-decke-prese-agrume-25w\",\"name\":\"RBLACK DECKE PRESE AGRUME 25W - I-CONFORT\",\"isPartOf\":{\"@id\":\"https:\\\/\\\/i-confort.com\\\/#website\"},\"primaryImageOfPage\":{\"@id\":\"https:\\\/\\\/i-confort.com\\\/?product=rblack-decke-prese-agrume-25w#primaryimage\"},\"image\":{\"@id\":\"https:\\\/\\\/i-confort.com\\\/?product=rblack-decke-prese-agrume-25w#primaryimage\"},\"thumbnailUrl\":\"https:\\\/\\\/i-confort.com\\\/wp-content\\\/uploads\\\/2024\\\/07\\\/71QuKzpz5uL._AC_SL1500_.jpg\",\"datePublished\":\"2024-07-08T08:53:31+00:00\",\"dateModified\":\"2024-07-08T08:56:26+00:00\",\"breadcrumb\":{\"@id\":\"https:\\\/\\\/i-confort.com\\\/?product=rblack-decke-prese-agrume-25w#breadcrumb\"},\"inLanguage\":\"fr-FR\",\"potentialAction\":[{\"@type\":\"ReadAction\",\"target\":[\"https:\\\/\\\/i-confort.com\\\/?product=rblack-decke-prese-agrume-25w\"]}]},{\"@type\":\"ImageObject\",\"inLanguage\":\"fr-FR\",\"@id\":\"https:\\\/\\\/i-confort.com\\\/?product=rblack-decke-prese-agrume-25w#primaryimage\",\"url\":\"https:\\\/\\\/i-confort.com\\\/wp-content\\\/uploads\\\/2024\\\/07\\\/71QuKzpz5uL._AC_SL1500_.jpg\",\"contentUrl\":\"https:\\\/\\\/i-confort.com\\\/wp-content\\\/uploads\\\/2024\\\/07\\\/71QuKzpz5uL._AC_SL1500_.jpg\",\"width\":1325,\"height\":1500},{\"@type\":\"BreadcrumbList\",\"@id\":\"https:\\\/\\\/i-confort.com\\\/?product=rblack-decke-prese-agrume-25w#breadcrumb\",\"itemListElement\":[{\"@type\":\"ListItem\",\"position\":1,\"name\":\"Home\",\"item\":\"https:\\\/\\\/i-confort.com\\\/\"},{\"@type\":\"ListItem\",\"position\":2,\"name\":\"Boutique\",\"item\":\"https:\\\/\\\/i-confort.com\\\/?page_id=7\"},{\"@type\":\"ListItem\",\"position\":3,\"name\":\"RBLACK DECKE PRESE AGRUME 25W\"}]},{\"@type\":\"WebSite\",\"@id\":\"https:\\\/\\\/i-confort.com\\\/#website\",\"url\":\"https:\\\/\\\/i-confort.com\\\/\",\"name\":\"I-CONFORT\",\"description\":\"Site de vente en ligne\",\"potentialAction\":[{\"@type\":\"SearchAction\",\"target\":{\"@type\":\"EntryPoint\",\"urlTemplate\":\"https:\\\/\\\/i-confort.com\\\/?s={search_term_string}\"},\"query-input\":{\"@type\":\"PropertyValueSpecification\",\"valueRequired\":true,\"valueName\":\"search_term_string\"}}],\"inLanguage\":\"fr-FR\"}]}<\/script>\n<!-- \/ Yoast SEO plugin. -->","yoast_head_json":{"title":"RBLACK DECKE PRESE AGRUME 25W - I-CONFORT","robots":{"index":"index","follow":"follow","max-snippet":"max-snippet:-1","max-image-preview":"max-image-preview:large","max-video-preview":"max-video-preview:-1"},"canonical":"https:\/\/i-confort.com\/?product=rblack-decke-prese-agrume-25w","og_locale":"fr_FR","og_type":"article","og_title":"RBLACK DECKE PRESE AGRUME 25W - I-CONFORT","og_description":"\u00b7\u00a0\u00a0\u00a0\u00a0\u00a0\u00a0\u00a0Presse-agrume transparentsans BPA.\u00b7\u00a0\u00a0\u00a0\u00a0\u00a0\u00a0\u00a0Capacit\u00e9de 350 ml. \u00b7\u00a0\u00a0\u00a0\u00a0\u00a0\u00a0\u00a0Puissance: 25W de puissance.\u00b7\u00a0\u00a0\u00a0\u00a0\u00a0\u00a0\u00a0Totalementd\u00e9montable pour pouvoir facilement le nettoyer.\u00a0\u00a0\u00a0\u00a0\u00a0\u00a0\u00a0\u00a0\u00a0\u00a0\u00a0\u00a0\u00a0\u00a0\u00a0\u00a0\u00a0\u00a0\u00a0\u00a0\u00a0\u00a0\u00a0\u00a0\u00a0\u00a0\u00a0\u00a0\u00a0\u00a0\u00a0\u00a0\u00a0\u00a0\u00a0\u00a0\u00a0\u00a0\u00a0\u00a0\u00a0\u00a0\u00a0\u00a0\u00a0\u00a0\u00a0\u00a0\u00a0\u00a0\u00a0\u00a0\u00a0","og_url":"https:\/\/i-confort.com\/?product=rblack-decke-prese-agrume-25w","og_site_name":"I-CONFORT","article_modified_time":"2024-07-08T08:56:26+00:00","og_image":[{"width":1325,"height":1500,"url":"https:\/\/i-confort.com\/wp-content\/uploads\/2024\/07\/71QuKzpz5uL._AC_SL1500_.jpg","type":"image\/jpeg"}],"twitter_card":"summary_large_image","schema":{"@context":"https:\/\/schema.org","@graph":[{"@type":"WebPage","@id":"https:\/\/i-confort.com\/?product=rblack-decke-prese-agrume-25w","url":"https:\/\/i-confort.com\/?product=rblack-decke-prese-agrume-25w","name":"RBLACK DECKE PRESE AGRUME 25W - I-CONFORT","isPartOf":{"@id":"https:\/\/i-confort.com\/#website"},"primaryImageOfPage":{"@id":"https:\/\/i-confort.com\/?product=rblack-decke-prese-agrume-25w#primaryimage"},"image":{"@id":"https:\/\/i-confort.com\/?product=rblack-decke-prese-agrume-25w#primaryimage"},"thumbnailUrl":"https:\/\/i-confort.com\/wp-content\/uploads\/2024\/07\/71QuKzpz5uL._AC_SL1500_.jpg","datePublished":"2024-07-08T08:53:31+00:00","dateModified":"2024-07-08T08:56:26+00:00","breadcrumb":{"@id":"https:\/\/i-confort.com\/?product=rblack-decke-prese-agrume-25w#breadcrumb"},"inLanguage":"fr-FR","potentialAction":[{"@type":"ReadAction","target":["https:\/\/i-confort.com\/?product=rblack-decke-prese-agrume-25w"]}]},{"@type":"ImageObject","inLanguage":"fr-FR","@id":"https:\/\/i-confort.com\/?product=rblack-decke-prese-agrume-25w#primaryimage","url":"https:\/\/i-confort.com\/wp-content\/uploads\/2024\/07\/71QuKzpz5uL._AC_SL1500_.jpg","contentUrl":"https:\/\/i-confort.com\/wp-content\/uploads\/2024\/07\/71QuKzpz5uL._AC_SL1500_.jpg","width":1325,"height":1500},{"@type":"BreadcrumbList","@id":"https:\/\/i-confort.com\/?product=rblack-decke-prese-agrume-25w#breadcrumb","itemListElement":[{"@type":"ListItem","position":1,"name":"Home","item":"https:\/\/i-confort.com\/"},{"@type":"ListItem","position":2,"name":"Boutique","item":"https:\/\/i-confort.com\/?page_id=7"},{"@type":"ListItem","position":3,"name":"RBLACK DECKE PRESE AGRUME 25W"}]},{"@type":"WebSite","@id":"https:\/\/i-confort.com\/#website","url":"https:\/\/i-confort.com\/","name":"I-CONFORT","description":"Site de vente en ligne","potentialAction":[{"@type":"SearchAction","target":{"@type":"EntryPoint","urlTemplate":"https:\/\/i-confort.com\/?s={search_term_string}"},"query-input":{"@type":"PropertyValueSpecification","valueRequired":true,"valueName":"search_term_string"}}],"inLanguage":"fr-FR"}]}},"brands":[{"id":452,"name":"BLACK DECKER","slug":"black-decker"}],"_links":{"self":[{"href":"https:\/\/i-confort.com\/index.php?rest_route=\/wp\/v2\/product\/20472","targetHints":{"allow":["GET"]}}],"collection":[{"href":"https:\/\/i-confort.com\/index.php?rest_route=\/wp\/v2\/product"}],"about":[{"href":"https:\/\/i-confort.com\/index.php?rest_route=\/wp\/v2\/types\/product"}],"wp:featuredmedia":[{"embeddable":true,"href":"https:\/\/i-confort.com\/index.php?rest_route=\/wp\/v2\/media\/20473"}],"wp:attachment":[{"href":"https:\/\/i-confort.com\/index.php?rest_route=%2Fwp%2Fv2%2Fmedia&parent=20472"}],"wp:term":[{"taxonomy":"pwb-brand","embeddable":true,"href":"https:\/\/i-confort.com\/index.php?rest_route=%2Fwp%2Fv2%2Fpwb-brand&post=20472"},{"taxonomy":"product_brand","embeddable":true,"href":"https:\/\/i-confort.com\/index.php?rest_route=%2Fwp%2Fv2%2Fproduct_brand&post=20472"},{"taxonomy":"product_cat","embeddable":true,"href":"https:\/\/i-confort.com\/index.php?rest_route=%2Fwp%2Fv2%2Fproduct_cat&post=20472"},{"taxonomy":"product_tag","embeddable":true,"href":"https:\/\/i-confort.com\/index.php?rest_route=%2Fwp%2Fv2%2Fproduct_tag&post=20472"}],"curies":[{"name":"wp","href":"https:\/\/api.w.org\/{rel}","templated":true}]}}