{"id":20486,"date":"2024-07-08T09:57:53","date_gmt":"2024-07-08T09:57:53","guid":{"rendered":"https:\/\/i-confort.com\/?product=bomann-bouilloire-6032"},"modified":"2024-07-08T09:57:53","modified_gmt":"2024-07-08T09:57:53","slug":"bomann-bouilloire-6032","status":"publish","type":"product","link":"https:\/\/i-confort.com\/?product=bomann-bouilloire-6032","title":{"rendered":"BOMANN BOUILLOIRE 6032"},"content":{"rendered":"<ul>\n<li style=\"margin: 0px;padding: 0px;border: none;font: inherit\"><b>SPECIFICATIONS<\/b><\/li>\n<\/ul>\n<ul class=\"a-unordered-list a-vertical a-spacing-none\">\n<li style=\"margin: 0px;padding: 0px;border: none;font: inherit\">\u00a0Ustensile de cuisine optimal pour votre quotidien \u2013 La WKS 6032 G CB de Bomann est une bouilloire puissante de 2200 watts.<\/li>\n<li style=\"margin: 0px;padding: 0px;border: none;font: inherit\">\u2799\ufe0f\ufe0f\ufe0f Capacit\u00e9 \u2013 La capacit\u00e9 maximale est de 1,7 litre. Vous pouvez lire le niveau de remplissage de la bouilloire sur le bo\u00eetier en verre et en acier inoxydable.<\/li>\n<li style=\"margin: 0px;padding: 0px;border: none;font: inherit\">\u2799\ufe0f\ufe0f TOP EQUIPEMENTS \u2013 Gr\u00e2ce \u00e0 ses nombreuses fonctions, telles que la technique sans fil ou l\u2019arr\u00eat automatique et manuel, l\u2019appareil est facile \u00e0 utiliser. Un maximum de s\u00e9curit\u00e9 est la protection contre le fonctionnement \u00e0 sec et la surchauffe.<\/li>\n<li style=\"margin: 0px;padding: 0px;border: none;font: inherit\">Caract\u00e9ristiques principales \u2013 Couvercle de s\u00e9curit\u00e9 verrouill\u00e9 \u2013 Raccord rotatif \u00e0 360\u00b0 \u2013 Base en acier inoxydable avec enrouleur de c\u00e2ble<\/li>\n<\/ul>\n","protected":false},"excerpt":{"rendered":"<p><h1 style=\"margin-top:0cm;background:#FAFBFC\"><span class=\"a-size-large\"><span style=\"font-size:12.0pt;color:#0F1111;font-weight:normal\">* <\/span><\/span><span style=\"font-size:12.0pt;color:black;font-weight:normal\">Bomann<br \/>\nBouilloire Electrique en Verre <\/span><\/h1>\n<h1 style=\"margin-top:0cm;background:#FAFBFC\"><span style=\"font-size:12.0pt;color:black;font-weight:normal\">* Capacit\u00e9 max : 1,7 L <\/span><\/h1>\n<h1 style=\"margin-top:0cm;background:#FAFBFC\"><span style=\"font-size:12.0pt;color:black;font-weight:normal\">* 2200W \u2013 Wks 6032 G Cb Blanc\/Inox<\/span><span style=\"font-size:12.0pt;font-weight:normal\"><\/span><\/h1>\n<\/p>\n<li style=\"margin: 0px;padding: 0px;border: none;font: inherit\"><span>Raccord rotatif \u00e0 360\u00b0<\/span><\/li>\n<ul><\/ul>\n<ul class=\"a-unordered-list a-vertical a-spacing-none\"><\/ul>\n","protected":false},"featured_media":20484,"template":"","meta":{"_coblocks_attr":"","_coblocks_dimensions":"","_coblocks_responsive_height":"","_coblocks_accordion_ie_support":""},"pwb-brand":[453],"product_brand":[],"product_cat":[97,374],"product_tag":[],"class_list":{"0":"post-20486","1":"product","2":"type-product","3":"status-publish","4":"has-post-thumbnail","6":"pwb-brand-bomann","7":"product_cat-electromenagers","8":"product_cat-vaisselle-et-cuisine","11":"first","12":"instock","13":"taxable","14":"shipping-taxable","15":"purchasable","16":"product-type-simple"},"yoast_head":"<!-- This site is optimized with the Yoast SEO plugin v27.4 - https:\/\/yoast.com\/product\/yoast-seo-wordpress\/ -->\n<title>BOMANN BOUILLOIRE 6032 - I-CONFORT<\/title>\n<meta name=\"robots\" content=\"index, follow, max-snippet:-1, max-image-preview:large, max-video-preview:-1\" \/>\n<link rel=\"canonical\" href=\"https:\/\/i-confort.com\/?product=bomann-bouilloire-6032\" \/>\n<meta property=\"og:locale\" content=\"fr_FR\" \/>\n<meta property=\"og:type\" content=\"article\" \/>\n<meta property=\"og:title\" content=\"BOMANN BOUILLOIRE 6032 - I-CONFORT\" \/>\n<meta property=\"og:description\" content=\"* Bomann Bouilloire Electrique en Verre * Capacit\u00e9 max : 1,7 L * 2200W \u2013 Wks 6032 G Cb Blanc\/InoxRaccord rotatif \u00e0 360\u00b0\" \/>\n<meta property=\"og:url\" content=\"https:\/\/i-confort.com\/?product=bomann-bouilloire-6032\" \/>\n<meta property=\"og:site_name\" content=\"I-CONFORT\" \/>\n<meta property=\"og:image\" content=\"https:\/\/i-confort.com\/wp-content\/uploads\/2024\/07\/2-9-150x150-1.jpg\" \/>\n\t<meta property=\"og:image:width\" content=\"150\" \/>\n\t<meta property=\"og:image:height\" content=\"150\" \/>\n\t<meta property=\"og:image:type\" content=\"image\/jpeg\" \/>\n<meta name=\"twitter:card\" content=\"summary_large_image\" \/>\n<meta name=\"twitter:label1\" content=\"Dur\u00e9e de lecture estim\u00e9e\" \/>\n\t<meta name=\"twitter:data1\" content=\"1 minute\" \/>\n<script type=\"application\/ld+json\" class=\"yoast-schema-graph\">{\"@context\":\"https:\\\/\\\/schema.org\",\"@graph\":[{\"@type\":\"WebPage\",\"@id\":\"https:\\\/\\\/i-confort.com\\\/?product=bomann-bouilloire-6032\",\"url\":\"https:\\\/\\\/i-confort.com\\\/?product=bomann-bouilloire-6032\",\"name\":\"BOMANN BOUILLOIRE 6032 - I-CONFORT\",\"isPartOf\":{\"@id\":\"https:\\\/\\\/i-confort.com\\\/#website\"},\"primaryImageOfPage\":{\"@id\":\"https:\\\/\\\/i-confort.com\\\/?product=bomann-bouilloire-6032#primaryimage\"},\"image\":{\"@id\":\"https:\\\/\\\/i-confort.com\\\/?product=bomann-bouilloire-6032#primaryimage\"},\"thumbnailUrl\":\"https:\\\/\\\/i-confort.com\\\/wp-content\\\/uploads\\\/2024\\\/07\\\/2-9-150x150-1.jpg\",\"datePublished\":\"2024-07-08T09:57:53+00:00\",\"breadcrumb\":{\"@id\":\"https:\\\/\\\/i-confort.com\\\/?product=bomann-bouilloire-6032#breadcrumb\"},\"inLanguage\":\"fr-FR\",\"potentialAction\":[{\"@type\":\"ReadAction\",\"target\":[\"https:\\\/\\\/i-confort.com\\\/?product=bomann-bouilloire-6032\"]}]},{\"@type\":\"ImageObject\",\"inLanguage\":\"fr-FR\",\"@id\":\"https:\\\/\\\/i-confort.com\\\/?product=bomann-bouilloire-6032#primaryimage\",\"url\":\"https:\\\/\\\/i-confort.com\\\/wp-content\\\/uploads\\\/2024\\\/07\\\/2-9-150x150-1.jpg\",\"contentUrl\":\"https:\\\/\\\/i-confort.com\\\/wp-content\\\/uploads\\\/2024\\\/07\\\/2-9-150x150-1.jpg\",\"width\":150,\"height\":150},{\"@type\":\"BreadcrumbList\",\"@id\":\"https:\\\/\\\/i-confort.com\\\/?product=bomann-bouilloire-6032#breadcrumb\",\"itemListElement\":[{\"@type\":\"ListItem\",\"position\":1,\"name\":\"Home\",\"item\":\"https:\\\/\\\/i-confort.com\\\/\"},{\"@type\":\"ListItem\",\"position\":2,\"name\":\"Boutique\",\"item\":\"https:\\\/\\\/i-confort.com\\\/?page_id=7\"},{\"@type\":\"ListItem\",\"position\":3,\"name\":\"BOMANN BOUILLOIRE 6032\"}]},{\"@type\":\"WebSite\",\"@id\":\"https:\\\/\\\/i-confort.com\\\/#website\",\"url\":\"https:\\\/\\\/i-confort.com\\\/\",\"name\":\"I-CONFORT\",\"description\":\"Site de vente en ligne\",\"potentialAction\":[{\"@type\":\"SearchAction\",\"target\":{\"@type\":\"EntryPoint\",\"urlTemplate\":\"https:\\\/\\\/i-confort.com\\\/?s={search_term_string}\"},\"query-input\":{\"@type\":\"PropertyValueSpecification\",\"valueRequired\":true,\"valueName\":\"search_term_string\"}}],\"inLanguage\":\"fr-FR\"}]}<\/script>\n<!-- \/ Yoast SEO plugin. -->","yoast_head_json":{"title":"BOMANN BOUILLOIRE 6032 - I-CONFORT","robots":{"index":"index","follow":"follow","max-snippet":"max-snippet:-1","max-image-preview":"max-image-preview:large","max-video-preview":"max-video-preview:-1"},"canonical":"https:\/\/i-confort.com\/?product=bomann-bouilloire-6032","og_locale":"fr_FR","og_type":"article","og_title":"BOMANN BOUILLOIRE 6032 - I-CONFORT","og_description":"* Bomann Bouilloire Electrique en Verre * Capacit\u00e9 max : 1,7 L * 2200W \u2013 Wks 6032 G Cb Blanc\/InoxRaccord rotatif \u00e0 360\u00b0","og_url":"https:\/\/i-confort.com\/?product=bomann-bouilloire-6032","og_site_name":"I-CONFORT","og_image":[{"width":150,"height":150,"url":"https:\/\/i-confort.com\/wp-content\/uploads\/2024\/07\/2-9-150x150-1.jpg","type":"image\/jpeg"}],"twitter_card":"summary_large_image","twitter_misc":{"Dur\u00e9e de lecture estim\u00e9e":"1 minute"},"schema":{"@context":"https:\/\/schema.org","@graph":[{"@type":"WebPage","@id":"https:\/\/i-confort.com\/?product=bomann-bouilloire-6032","url":"https:\/\/i-confort.com\/?product=bomann-bouilloire-6032","name":"BOMANN BOUILLOIRE 6032 - I-CONFORT","isPartOf":{"@id":"https:\/\/i-confort.com\/#website"},"primaryImageOfPage":{"@id":"https:\/\/i-confort.com\/?product=bomann-bouilloire-6032#primaryimage"},"image":{"@id":"https:\/\/i-confort.com\/?product=bomann-bouilloire-6032#primaryimage"},"thumbnailUrl":"https:\/\/i-confort.com\/wp-content\/uploads\/2024\/07\/2-9-150x150-1.jpg","datePublished":"2024-07-08T09:57:53+00:00","breadcrumb":{"@id":"https:\/\/i-confort.com\/?product=bomann-bouilloire-6032#breadcrumb"},"inLanguage":"fr-FR","potentialAction":[{"@type":"ReadAction","target":["https:\/\/i-confort.com\/?product=bomann-bouilloire-6032"]}]},{"@type":"ImageObject","inLanguage":"fr-FR","@id":"https:\/\/i-confort.com\/?product=bomann-bouilloire-6032#primaryimage","url":"https:\/\/i-confort.com\/wp-content\/uploads\/2024\/07\/2-9-150x150-1.jpg","contentUrl":"https:\/\/i-confort.com\/wp-content\/uploads\/2024\/07\/2-9-150x150-1.jpg","width":150,"height":150},{"@type":"BreadcrumbList","@id":"https:\/\/i-confort.com\/?product=bomann-bouilloire-6032#breadcrumb","itemListElement":[{"@type":"ListItem","position":1,"name":"Home","item":"https:\/\/i-confort.com\/"},{"@type":"ListItem","position":2,"name":"Boutique","item":"https:\/\/i-confort.com\/?page_id=7"},{"@type":"ListItem","position":3,"name":"BOMANN BOUILLOIRE 6032"}]},{"@type":"WebSite","@id":"https:\/\/i-confort.com\/#website","url":"https:\/\/i-confort.com\/","name":"I-CONFORT","description":"Site de vente en ligne","potentialAction":[{"@type":"SearchAction","target":{"@type":"EntryPoint","urlTemplate":"https:\/\/i-confort.com\/?s={search_term_string}"},"query-input":{"@type":"PropertyValueSpecification","valueRequired":true,"valueName":"search_term_string"}}],"inLanguage":"fr-FR"}]}},"brands":[{"id":453,"name":"BOMANN","slug":"bomann"}],"_links":{"self":[{"href":"https:\/\/i-confort.com\/index.php?rest_route=\/wp\/v2\/product\/20486","targetHints":{"allow":["GET"]}}],"collection":[{"href":"https:\/\/i-confort.com\/index.php?rest_route=\/wp\/v2\/product"}],"about":[{"href":"https:\/\/i-confort.com\/index.php?rest_route=\/wp\/v2\/types\/product"}],"wp:featuredmedia":[{"embeddable":true,"href":"https:\/\/i-confort.com\/index.php?rest_route=\/wp\/v2\/media\/20484"}],"wp:attachment":[{"href":"https:\/\/i-confort.com\/index.php?rest_route=%2Fwp%2Fv2%2Fmedia&parent=20486"}],"wp:term":[{"taxonomy":"pwb-brand","embeddable":true,"href":"https:\/\/i-confort.com\/index.php?rest_route=%2Fwp%2Fv2%2Fpwb-brand&post=20486"},{"taxonomy":"product_brand","embeddable":true,"href":"https:\/\/i-confort.com\/index.php?rest_route=%2Fwp%2Fv2%2Fproduct_brand&post=20486"},{"taxonomy":"product_cat","embeddable":true,"href":"https:\/\/i-confort.com\/index.php?rest_route=%2Fwp%2Fv2%2Fproduct_cat&post=20486"},{"taxonomy":"product_tag","embeddable":true,"href":"https:\/\/i-confort.com\/index.php?rest_route=%2Fwp%2Fv2%2Fproduct_tag&post=20486"}],"curies":[{"name":"wp","href":"https:\/\/api.w.org\/{rel}","templated":true}]}}