{"id":20496,"date":"2024-07-08T16:01:00","date_gmt":"2024-07-08T16:01:00","guid":{"rendered":"https:\/\/i-confort.com\/?product=bosch-batteur-300w-ref-mfq3010"},"modified":"2024-07-08T16:01:01","modified_gmt":"2024-07-08T16:01:01","slug":"bosch-batteur-300w-ref-mfq3010","status":"publish","type":"product","link":"https:\/\/i-confort.com\/?product=bosch-batteur-300w-ref-mfq3010","title":{"rendered":"BOSCH BATTEUR 300W REF\/MFQ3010"},"content":{"rendered":"<table class=\"a-normal a-spacing-micro\">\n<tbody>\n<tr class=\"a-spacing-small po-brand\" style=\"margin-bottom: 8px !important\">\n<td class=\"a-span3\" style=\"vertical-align: top;padding: 0px 3px 3px 0px;float: none !important;margin-right: 0px;width: 102.745px\"><span class=\"a-size-base a-text-bold\" style=\"font-weight: 700 !important;line-height: 20px !important\">Marque<\/span><\/td>\n<td class=\"a-span9\" style=\"vertical-align: top;padding: 0px 0px 3px 3px;float: none !important;margin-right: 0px;width: 213.591px\"><span class=\"a-size-base po-break-word\" style=\"line-height: 20px !important\">Bosch Electrom\u00e9nager<\/span><\/td>\n<\/tr>\n<tr class=\"a-spacing-small po-color\" style=\"margin-bottom: 8px !important\">\n<td class=\"a-span3\" style=\"vertical-align: top;padding: 3px 3px 3px 0px;float: none !important;margin-right: 0px;width: 102.745px\"><span class=\"a-size-base a-text-bold\" style=\"font-weight: 700 !important;line-height: 20px !important\">Couleur<\/span><\/td>\n<td class=\"a-span9\" style=\"vertical-align: top;padding: 3px 0px 3px 3px;float: none !important;margin-right: 0px;width: 213.591px\"><span class=\"a-size-base po-break-word\" style=\"line-height: 20px !important\">Blanc<\/span><\/td>\n<\/tr>\n<tr class=\"a-spacing-small po-blade.material\" style=\"margin-bottom: 8px !important\">\n<td class=\"a-span3\" style=\"vertical-align: top;padding: 3px 3px 3px 0px;float: none !important;margin-right: 0px;width: 102.745px\"><span class=\"a-size-base a-text-bold\" style=\"font-weight: 700 !important;line-height: 20px !important\">Mat\u00e9riau de la\u00a0 lame<\/span><\/td>\n<td class=\"a-span9\" style=\"vertical-align: top;padding: 3px 0px 3px 3px;float: none !important;margin-right: 0px;width: 213.591px\"><span class=\"a-size-base po-break-word\" style=\"line-height: 20px !important\">Accessoires En Acier Inoxydable<\/span><\/td>\n<\/tr>\n<tr class=\"a-spacing-small po-special_feature\" style=\"margin-bottom: 8px !important\">\n<td class=\"a-span3\" style=\"vertical-align: top;padding: 3px 3px 3px 0px;float: none !important;margin-right: 0px;width: 102.745px\"><span class=\"a-size-base a-text-bold\" style=\"font-weight: 700 !important;line-height: 20px !important\">Caract\u00e9ristique sp\u00e9ciale<\/span><\/td>\n<td class=\"a-span9\" style=\"vertical-align: top;padding: 3px 0px 3px 3px;float: none !important;margin-right: 0px;width: 213.591px\"><span class=\"a-size-base po-break-word\" style=\"line-height: 20px !important\">L\u00e9ger<\/span><\/td>\n<\/tr>\n<tr class=\"a-spacing-small po-capacity\" style=\"margin-bottom: 8px !important\">\n<td class=\"a-span3\" style=\"vertical-align: top;padding: 3px 3px 3px 0px;float: none !important;margin-right: 0px;width: 102.745px\"><span class=\"a-size-base a-text-bold\" style=\"font-weight: 700 !important;line-height: 20px !important\">Capacit\u00e9<\/span><\/td>\n<td class=\"a-span9\" style=\"vertical-align: top;padding: 3px 0px 3px 3px;float: none !important;margin-right: 0px;width: 213.591px\"><span class=\"a-size-base po-break-word\" style=\"line-height: 20px !important\">949 Grammes<\/span><\/td>\n<\/tr>\n<tr class=\"a-spacing-small po-model_name\" style=\"margin-bottom: 8px !important\">\n<td class=\"a-span3\" style=\"vertical-align: top;padding: 3px 3px 3px 0px;float: none !important;margin-right: 0px;width: 102.745px\"><span class=\"a-size-base a-text-bold\" style=\"font-weight: 700 !important;line-height: 20px !important\">Nom de mod\u00e8le<\/span><\/td>\n<td class=\"a-span9\" style=\"vertical-align: top;padding: 3px 0px 3px 3px;float: none !important;margin-right: 0px;width: 213.591px\"><span class=\"a-size-base po-break-word\" style=\"line-height: 20px !important\">mfq3010<\/span><\/td>\n<\/tr>\n<\/tbody>\n<\/table>\n","protected":false},"excerpt":{"rendered":"<table class=\"a-normal a-spacing-micro\">\n<tbody>\n<tr class=\"a-spacing-small po-brand\" style=\"margin-bottom: 8px !important\">\n<td class=\"a-span3\" style=\"vertical-align: top;padding: 0px 3px 3px 0px;float: none !important;margin-right: 0px;width: 102.745px\"><span class=\"a-size-base a-text-bold\" style=\"font-weight: 700 !important;line-height: 20px !important\">Marque<\/span><\/td>\n<td class=\"a-span9\" style=\"vertical-align: top;padding: 0px 0px 3px 3px;float: none !important;margin-right: 0px;width: 213.591px\"><span class=\"a-size-base po-break-word\" style=\"line-height: 20px !important\">Bosch Electrom\u00e9nager<\/span><\/td>\n<\/tr>\n<tr class=\"a-spacing-small po-color\" style=\"margin-bottom: 8px !important\">\n<td class=\"a-span3\" style=\"vertical-align: top;padding: 3px 3px 3px 0px;float: none !important;margin-right: 0px;width: 102.745px\"><span class=\"a-size-base a-text-bold\" style=\"font-weight: 700 !important;line-height: 20px !important\">Couleur<\/span><\/td>\n<td class=\"a-span9\" style=\"vertical-align: top;padding: 3px 0px 3px 3px;float: none !important;margin-right: 0px;width: 213.591px\"><span class=\"a-size-base po-break-word\" style=\"line-height: 20px !important\">Blanc<\/span><\/td>\n<\/tr>\n<tr class=\"a-spacing-small po-blade.material\" style=\"margin-bottom: 8px !important\">\n<td class=\"a-span3\" style=\"vertical-align: top;padding: 3px 3px 3px 0px;float: none !important;margin-right: 0px;width: 102.745px\"><span class=\"a-size-base a-text-bold\" style=\"font-weight: 700 !important;line-height: 20px !important\">Mat\u00e9riau de la lame<\/span><\/td>\n<td class=\"a-span9\" style=\"vertical-align: top;padding: 3px 0px 3px 3px;float: none !important;margin-right: 0px;width: 213.591px\"><span class=\"a-size-base po-break-word\" style=\"line-height: 20px !important\">Accessoires En Acier Inoxydable<\/span><\/td>\n<\/tr>\n<tr class=\"a-spacing-small po-special_feature\" style=\"margin-bottom: 8px !important\">\n<td class=\"a-span3\" style=\"vertical-align: top;padding: 3px 3px 3px 0px;float: none !important;margin-right: 0px;width: 102.745px\"><span class=\"a-size-base a-text-bold\" style=\"font-weight: 700 !important;line-height: 20px !important\">Caract\u00e9ristique sp\u00e9ciale<\/span><\/td>\n<td class=\"a-span9\" style=\"vertical-align: top;padding: 3px 0px 3px 3px;float: none !important;margin-right: 0px;width: 213.591px\"><span class=\"a-size-base po-break-word\" style=\"line-height: 20px !important\">L\u00e9ger<\/span><\/td>\n<\/tr>\n<tr class=\"a-spacing-small po-capacity\" style=\"margin-bottom: 8px !important\">\n<td class=\"a-span3\" style=\"vertical-align: top;padding: 3px 3px 3px 0px;float: none !important;margin-right: 0px;width: 102.745px\"><span class=\"a-size-base a-text-bold\" style=\"font-weight: 700 !important;line-height: 20px !important\">Capacit\u00e9<\/span><\/td>\n<td class=\"a-span9\" style=\"vertical-align: top;padding: 3px 0px 3px 3px;float: none !important;margin-right: 0px;width: 213.591px\"><span class=\"a-size-base po-break-word\" style=\"line-height: 20px !important\">949 Grammes<\/span><\/td>\n<\/tr>\n<tr class=\"a-spacing-small po-model_name\" style=\"margin-bottom: 8px !important\">\n<td class=\"a-span3\" style=\"vertical-align: top;padding: 3px 3px 3px 0px;float: none !important;margin-right: 0px;width: 102.745px\"><span class=\"a-size-base a-text-bold\" style=\"font-weight: 700 !important;line-height: 20px !important\">Nom de mod\u00e8le<\/span><\/td>\n<td class=\"a-span9\" style=\"vertical-align: top;padding: 3px 0px 3px 3px;float: none !important;margin-right: 0px;width: 213.591px\"><span class=\"a-size-base po-break-word\" style=\"line-height: 20px !important\">mfq3010<\/span><\/td>\n<\/tr>\n<\/tbody>\n<\/table>\n","protected":false},"featured_media":20495,"template":"","meta":{"_coblocks_attr":"","_coblocks_dimensions":"","_coblocks_responsive_height":"","_coblocks_accordion_ie_support":""},"pwb-brand":[],"product_brand":[],"product_cat":[97],"product_tag":[],"class_list":{"0":"post-20496","1":"product","2":"type-product","3":"status-publish","4":"has-post-thumbnail","6":"product_cat-electromenagers","9":"first","10":"instock","11":"taxable","12":"shipping-taxable","13":"purchasable","14":"product-type-simple"},"yoast_head":"<!-- This site is optimized with the Yoast SEO plugin v27.4 - https:\/\/yoast.com\/product\/yoast-seo-wordpress\/ -->\n<title>BOSCH BATTEUR 300W REF\/MFQ3010 - I-CONFORT<\/title>\n<meta name=\"robots\" content=\"index, follow, max-snippet:-1, max-image-preview:large, max-video-preview:-1\" \/>\n<link rel=\"canonical\" href=\"https:\/\/i-confort.com\/?product=bosch-batteur-300w-ref-mfq3010\" \/>\n<meta property=\"og:locale\" content=\"fr_FR\" \/>\n<meta property=\"og:type\" content=\"article\" \/>\n<meta property=\"og:title\" content=\"BOSCH BATTEUR 300W REF\/MFQ3010 - I-CONFORT\" \/>\n<meta property=\"og:description\" content=\"MarqueBosch Electrom\u00e9nagerCouleurBlancMat\u00e9riau de la lameAccessoires En Acier InoxydableCaract\u00e9ristique sp\u00e9cialeL\u00e9gerCapacit\u00e9949 GrammesNom de mod\u00e8lemfq3010\" \/>\n<meta property=\"og:url\" content=\"https:\/\/i-confort.com\/?product=bosch-batteur-300w-ref-mfq3010\" \/>\n<meta property=\"og:site_name\" content=\"I-CONFORT\" \/>\n<meta property=\"article:modified_time\" content=\"2024-07-08T16:01:01+00:00\" \/>\n<meta property=\"og:image\" content=\"https:\/\/i-confort.com\/wp-content\/uploads\/2024\/07\/22-1.jpg\" \/>\n\t<meta property=\"og:image:width\" content=\"1247\" \/>\n\t<meta property=\"og:image:height\" content=\"1500\" \/>\n\t<meta property=\"og:image:type\" content=\"image\/jpeg\" \/>\n<meta name=\"twitter:card\" content=\"summary_large_image\" \/>\n<script type=\"application\/ld+json\" class=\"yoast-schema-graph\">{\"@context\":\"https:\\\/\\\/schema.org\",\"@graph\":[{\"@type\":\"WebPage\",\"@id\":\"https:\\\/\\\/i-confort.com\\\/?product=bosch-batteur-300w-ref-mfq3010\",\"url\":\"https:\\\/\\\/i-confort.com\\\/?product=bosch-batteur-300w-ref-mfq3010\",\"name\":\"BOSCH BATTEUR 300W REF\\\/MFQ3010 - I-CONFORT\",\"isPartOf\":{\"@id\":\"https:\\\/\\\/i-confort.com\\\/#website\"},\"primaryImageOfPage\":{\"@id\":\"https:\\\/\\\/i-confort.com\\\/?product=bosch-batteur-300w-ref-mfq3010#primaryimage\"},\"image\":{\"@id\":\"https:\\\/\\\/i-confort.com\\\/?product=bosch-batteur-300w-ref-mfq3010#primaryimage\"},\"thumbnailUrl\":\"https:\\\/\\\/i-confort.com\\\/wp-content\\\/uploads\\\/2024\\\/07\\\/22-1.jpg\",\"datePublished\":\"2024-07-08T16:01:00+00:00\",\"dateModified\":\"2024-07-08T16:01:01+00:00\",\"breadcrumb\":{\"@id\":\"https:\\\/\\\/i-confort.com\\\/?product=bosch-batteur-300w-ref-mfq3010#breadcrumb\"},\"inLanguage\":\"fr-FR\",\"potentialAction\":[{\"@type\":\"ReadAction\",\"target\":[\"https:\\\/\\\/i-confort.com\\\/?product=bosch-batteur-300w-ref-mfq3010\"]}]},{\"@type\":\"ImageObject\",\"inLanguage\":\"fr-FR\",\"@id\":\"https:\\\/\\\/i-confort.com\\\/?product=bosch-batteur-300w-ref-mfq3010#primaryimage\",\"url\":\"https:\\\/\\\/i-confort.com\\\/wp-content\\\/uploads\\\/2024\\\/07\\\/22-1.jpg\",\"contentUrl\":\"https:\\\/\\\/i-confort.com\\\/wp-content\\\/uploads\\\/2024\\\/07\\\/22-1.jpg\",\"width\":1247,\"height\":1500},{\"@type\":\"BreadcrumbList\",\"@id\":\"https:\\\/\\\/i-confort.com\\\/?product=bosch-batteur-300w-ref-mfq3010#breadcrumb\",\"itemListElement\":[{\"@type\":\"ListItem\",\"position\":1,\"name\":\"Home\",\"item\":\"https:\\\/\\\/i-confort.com\\\/\"},{\"@type\":\"ListItem\",\"position\":2,\"name\":\"Boutique\",\"item\":\"https:\\\/\\\/i-confort.com\\\/?page_id=7\"},{\"@type\":\"ListItem\",\"position\":3,\"name\":\"BOSCH BATTEUR 300W REF\\\/MFQ3010\"}]},{\"@type\":\"WebSite\",\"@id\":\"https:\\\/\\\/i-confort.com\\\/#website\",\"url\":\"https:\\\/\\\/i-confort.com\\\/\",\"name\":\"I-CONFORT\",\"description\":\"Site de vente en ligne\",\"potentialAction\":[{\"@type\":\"SearchAction\",\"target\":{\"@type\":\"EntryPoint\",\"urlTemplate\":\"https:\\\/\\\/i-confort.com\\\/?s={search_term_string}\"},\"query-input\":{\"@type\":\"PropertyValueSpecification\",\"valueRequired\":true,\"valueName\":\"search_term_string\"}}],\"inLanguage\":\"fr-FR\"}]}<\/script>\n<!-- \/ Yoast SEO plugin. -->","yoast_head_json":{"title":"BOSCH BATTEUR 300W REF\/MFQ3010 - I-CONFORT","robots":{"index":"index","follow":"follow","max-snippet":"max-snippet:-1","max-image-preview":"max-image-preview:large","max-video-preview":"max-video-preview:-1"},"canonical":"https:\/\/i-confort.com\/?product=bosch-batteur-300w-ref-mfq3010","og_locale":"fr_FR","og_type":"article","og_title":"BOSCH BATTEUR 300W REF\/MFQ3010 - I-CONFORT","og_description":"MarqueBosch Electrom\u00e9nagerCouleurBlancMat\u00e9riau de la lameAccessoires En Acier InoxydableCaract\u00e9ristique sp\u00e9cialeL\u00e9gerCapacit\u00e9949 GrammesNom de mod\u00e8lemfq3010","og_url":"https:\/\/i-confort.com\/?product=bosch-batteur-300w-ref-mfq3010","og_site_name":"I-CONFORT","article_modified_time":"2024-07-08T16:01:01+00:00","og_image":[{"width":1247,"height":1500,"url":"https:\/\/i-confort.com\/wp-content\/uploads\/2024\/07\/22-1.jpg","type":"image\/jpeg"}],"twitter_card":"summary_large_image","schema":{"@context":"https:\/\/schema.org","@graph":[{"@type":"WebPage","@id":"https:\/\/i-confort.com\/?product=bosch-batteur-300w-ref-mfq3010","url":"https:\/\/i-confort.com\/?product=bosch-batteur-300w-ref-mfq3010","name":"BOSCH BATTEUR 300W REF\/MFQ3010 - I-CONFORT","isPartOf":{"@id":"https:\/\/i-confort.com\/#website"},"primaryImageOfPage":{"@id":"https:\/\/i-confort.com\/?product=bosch-batteur-300w-ref-mfq3010#primaryimage"},"image":{"@id":"https:\/\/i-confort.com\/?product=bosch-batteur-300w-ref-mfq3010#primaryimage"},"thumbnailUrl":"https:\/\/i-confort.com\/wp-content\/uploads\/2024\/07\/22-1.jpg","datePublished":"2024-07-08T16:01:00+00:00","dateModified":"2024-07-08T16:01:01+00:00","breadcrumb":{"@id":"https:\/\/i-confort.com\/?product=bosch-batteur-300w-ref-mfq3010#breadcrumb"},"inLanguage":"fr-FR","potentialAction":[{"@type":"ReadAction","target":["https:\/\/i-confort.com\/?product=bosch-batteur-300w-ref-mfq3010"]}]},{"@type":"ImageObject","inLanguage":"fr-FR","@id":"https:\/\/i-confort.com\/?product=bosch-batteur-300w-ref-mfq3010#primaryimage","url":"https:\/\/i-confort.com\/wp-content\/uploads\/2024\/07\/22-1.jpg","contentUrl":"https:\/\/i-confort.com\/wp-content\/uploads\/2024\/07\/22-1.jpg","width":1247,"height":1500},{"@type":"BreadcrumbList","@id":"https:\/\/i-confort.com\/?product=bosch-batteur-300w-ref-mfq3010#breadcrumb","itemListElement":[{"@type":"ListItem","position":1,"name":"Home","item":"https:\/\/i-confort.com\/"},{"@type":"ListItem","position":2,"name":"Boutique","item":"https:\/\/i-confort.com\/?page_id=7"},{"@type":"ListItem","position":3,"name":"BOSCH BATTEUR 300W REF\/MFQ3010"}]},{"@type":"WebSite","@id":"https:\/\/i-confort.com\/#website","url":"https:\/\/i-confort.com\/","name":"I-CONFORT","description":"Site de vente en ligne","potentialAction":[{"@type":"SearchAction","target":{"@type":"EntryPoint","urlTemplate":"https:\/\/i-confort.com\/?s={search_term_string}"},"query-input":{"@type":"PropertyValueSpecification","valueRequired":true,"valueName":"search_term_string"}}],"inLanguage":"fr-FR"}]}},"brands":[],"_links":{"self":[{"href":"https:\/\/i-confort.com\/index.php?rest_route=\/wp\/v2\/product\/20496","targetHints":{"allow":["GET"]}}],"collection":[{"href":"https:\/\/i-confort.com\/index.php?rest_route=\/wp\/v2\/product"}],"about":[{"href":"https:\/\/i-confort.com\/index.php?rest_route=\/wp\/v2\/types\/product"}],"wp:featuredmedia":[{"embeddable":true,"href":"https:\/\/i-confort.com\/index.php?rest_route=\/wp\/v2\/media\/20495"}],"wp:attachment":[{"href":"https:\/\/i-confort.com\/index.php?rest_route=%2Fwp%2Fv2%2Fmedia&parent=20496"}],"wp:term":[{"taxonomy":"pwb-brand","embeddable":true,"href":"https:\/\/i-confort.com\/index.php?rest_route=%2Fwp%2Fv2%2Fpwb-brand&post=20496"},{"taxonomy":"product_brand","embeddable":true,"href":"https:\/\/i-confort.com\/index.php?rest_route=%2Fwp%2Fv2%2Fproduct_brand&post=20496"},{"taxonomy":"product_cat","embeddable":true,"href":"https:\/\/i-confort.com\/index.php?rest_route=%2Fwp%2Fv2%2Fproduct_cat&post=20496"},{"taxonomy":"product_tag","embeddable":true,"href":"https:\/\/i-confort.com\/index.php?rest_route=%2Fwp%2Fv2%2Fproduct_tag&post=20496"}],"curies":[{"name":"wp","href":"https:\/\/api.w.org\/{rel}","templated":true}]}}