{"id":20505,"date":"2024-07-08T16:47:04","date_gmt":"2024-07-08T16:47:04","guid":{"rendered":"https:\/\/i-confort.com\/?product=bosch-bras-inox-600w-ref-msm6610"},"modified":"2024-07-08T16:47:04","modified_gmt":"2024-07-08T16:47:04","slug":"bosch-bras-inox-600w-ref-msm6610","status":"publish","type":"product","link":"https:\/\/i-confort.com\/?product=bosch-bras-inox-600w-ref-msm6610","title":{"rendered":"BOSCH BRAS INOX 600W REF\/MSM6610"},"content":{"rendered":"<p><span style=\"font-family: Cairo, sans-serif;font-size: 15px\">Mixeur plongeant bosch msm66110 moteur puissant, tout en \u00e9tant l\u00e9ger et silencieux et pied mixeur inox facilement amovible gr\u00e2ce au bouton d&rsquo;\u00e9jection automatique. syst\u00e8me innovant de 4 lames inox aiguis\u00e9es pour des pr\u00e9parations onctueuses et homog\u00e8nes en un clin d?oeil. excellente prise en main gr\u00e2ce au rev\u00eatement soft-touch de la poign\u00e9e, aux larges boutons et au design ergonomique. touche turbo pour une puissance optimale. gobelet doseur transparent gradu\u00e9 et couvercle. &#8211; type : m\u00e9langeur par immersion<\/span><br style=\"font-family: Cairo, sans-serif;font-size: 15px\"><span style=\"font-family: Cairo, sans-serif;font-size: 15px\">puissance : 600 w<\/span><br style=\"font-family: Cairo, sans-serif;font-size: 15px\"><span style=\"font-family: Cairo, sans-serif;font-size: 15px\">couleur : gris, blanc<\/span><br style=\"font-family: Cairo, sans-serif;font-size: 15px\"><span style=\"font-family: Cairo, sans-serif;font-size: 15px\">nombre de vitesses : 2<\/span><br style=\"font-family: Cairo, sans-serif;font-size: 15px\"><span style=\"font-family: Cairo, sans-serif;font-size: 15px\">parties lavables au lave vaisselle : oui<\/span><br style=\"font-family: Cairo, sans-serif;font-size: 15px\"><span style=\"font-family: Cairo, sans-serif;font-size: 15px\">turbo : oui<\/span><br style=\"font-family: Cairo, sans-serif;font-size: 15px\"><span style=\"font-family: Cairo, sans-serif;font-size: 15px\">longueur de c\u00e2ble : 1,4 m<\/span><br style=\"font-family: Cairo, sans-serif;font-size: 15px\"><span style=\"font-family: Cairo, sans-serif;font-size: 15px\">poign\u00e9e douce au toucher : oui<\/span><br style=\"font-family: Cairo, sans-serif;font-size: 15px\"><span style=\"font-family: Cairo, sans-serif;font-size: 15px\">poign\u00e9e ergonomique : oui<\/span><br style=\"font-family: Cairo, sans-serif;font-size: 15px\"><span style=\"font-family: Cairo, sans-serif;font-size: 15px\">type de prise : type c (europlug)<\/span><br style=\"font-family: Cairo, sans-serif;font-size: 15px\"><span style=\"font-family: Cairo, sans-serif;font-size: 15px\">design ergonomique : oui<\/span><br style=\"font-family: Cairo, sans-serif;font-size: 15px\"><span style=\"font-family: Cairo, sans-serif;font-size: 15px\">certification : ce, rostest, siq<\/span><br style=\"font-family: Cairo, sans-serif;font-size: 15px\"><span style=\"font-family: Cairo, sans-serif;font-size: 15px\">mat\u00e9riel du bol : plastique<\/span><br style=\"font-family: Cairo, sans-serif;font-size: 15px\"><span style=\"font-family: Cairo, sans-serif;font-size: 15px\">mat\u00e9riel : plastique<\/span><br style=\"font-family: Cairo, sans-serif;font-size: 15px\"><span style=\"font-family: Cairo, sans-serif;font-size: 15px\">mat\u00e9riau de la lame : acier inoxydable<\/span><br style=\"font-family: Cairo, sans-serif;font-size: 15px\"><span style=\"font-family: Cairo, sans-serif;font-size: 15px\">fr\u00e9quence d&rsquo;entr\u00e9e ac : 50\/60 hz<\/span><br style=\"font-family: Cairo, sans-serif;font-size: 15px\"><span style=\"font-family: Cairo, sans-serif;font-size: 15px\">largeur : 5,5 cm<\/span><br style=\"font-family: Cairo, sans-serif;font-size: 15px\"><span style=\"font-family: Cairo, sans-serif;font-size: 15px\">profondeur : 6,2 cm<\/span><br style=\"font-family: Cairo, sans-serif;font-size: 15px\"><span style=\"font-family: Cairo, sans-serif;font-size: 15px\">hauteur : 39,3 cm<\/span><br style=\"font-family: Cairo, sans-serif;font-size: 15px\"><span style=\"font-family: Cairo, sans-serif;font-size: 15px\">poids : 1 kg<\/span><br data-mce-bogus=\"1\"><\/p>\n","protected":false},"excerpt":{"rendered":"<p><span style=\"font-family: Cairo, sans-serif;font-size: 15px\">Mat\u00e9riau de la lame : acier inoxydable\u00a0<\/span><\/p>\n<p><span style=\"font-family: Cairo, sans-serif;font-size: 15px\">Fr\u00e9quence d&rsquo;entr\u00e9e ac : 50\/60 HZ<\/span><br style=\"font-family: Cairo, sans-serif;font-size: 15px\"><span style=\"font-family: Cairo, sans-serif;font-size: 15px\">Largeur : 5,5 cm<\/span><br style=\"font-family: Cairo, sans-serif;font-size: 15px\"><span style=\"font-family: Cairo, sans-serif;font-size: 15px\">Profondeur : 6,2 cm<\/span><br style=\"font-family: Cairo, sans-serif;font-size: 15px\"><span style=\"font-family: Cairo, sans-serif;font-size: 15px\">Hauteur : 39,3 cm<\/span><br style=\"font-family: Cairo, sans-serif;font-size: 15px\"><span style=\"font-family: Cairo, sans-serif;font-size: 15px\">Poids : 1 kg<\/span><br data-mce-bogus=\"1\"><\/p>\n","protected":false},"featured_media":20504,"template":"","meta":{"_coblocks_attr":"","_coblocks_dimensions":"","_coblocks_responsive_height":"","_coblocks_accordion_ie_support":""},"pwb-brand":[431],"product_brand":[],"product_cat":[97],"product_tag":[],"class_list":{"0":"post-20505","1":"product","2":"type-product","3":"status-publish","4":"has-post-thumbnail","6":"pwb-brand-bosch","7":"product_cat-electromenagers","10":"first","11":"instock","12":"taxable","13":"shipping-taxable","14":"purchasable","15":"product-type-simple"},"yoast_head":"<!-- This site is optimized with the Yoast SEO plugin v27.4 - https:\/\/yoast.com\/product\/yoast-seo-wordpress\/ -->\n<title>BOSCH BRAS INOX 600W REF\/MSM6610 - I-CONFORT<\/title>\n<meta name=\"robots\" content=\"index, follow, max-snippet:-1, max-image-preview:large, max-video-preview:-1\" \/>\n<link rel=\"canonical\" href=\"https:\/\/i-confort.com\/?product=bosch-bras-inox-600w-ref-msm6610\" \/>\n<meta property=\"og:locale\" content=\"fr_FR\" \/>\n<meta property=\"og:type\" content=\"article\" \/>\n<meta property=\"og:title\" content=\"BOSCH BRAS INOX 600W REF\/MSM6610 - I-CONFORT\" \/>\n<meta property=\"og:description\" content=\"Mat\u00e9riau de la lame : acier inoxydable\u00a0Fr\u00e9quence d&#039;entr\u00e9e ac : 50\/60 HZLargeur : 5,5 cmProfondeur : 6,2 cmHauteur : 39,3 cmPoids : 1 kg\" \/>\n<meta property=\"og:url\" content=\"https:\/\/i-confort.com\/?product=bosch-bras-inox-600w-ref-msm6610\" \/>\n<meta property=\"og:site_name\" content=\"I-CONFORT\" \/>\n<meta property=\"og:image\" content=\"https:\/\/i-confort.com\/wp-content\/uploads\/2024\/07\/Mixeur-Bosch-MSM64110-Trade-solutions-company-1-1.webp\" \/>\n\t<meta property=\"og:image:width\" content=\"900\" \/>\n\t<meta property=\"og:image:height\" content=\"506\" \/>\n\t<meta property=\"og:image:type\" content=\"image\/webp\" \/>\n<meta name=\"twitter:card\" content=\"summary_large_image\" \/>\n<meta name=\"twitter:label1\" content=\"Dur\u00e9e de lecture estim\u00e9e\" \/>\n\t<meta name=\"twitter:data1\" content=\"1 minute\" \/>\n<script type=\"application\/ld+json\" class=\"yoast-schema-graph\">{\"@context\":\"https:\\\/\\\/schema.org\",\"@graph\":[{\"@type\":\"WebPage\",\"@id\":\"https:\\\/\\\/i-confort.com\\\/?product=bosch-bras-inox-600w-ref-msm6610\",\"url\":\"https:\\\/\\\/i-confort.com\\\/?product=bosch-bras-inox-600w-ref-msm6610\",\"name\":\"BOSCH BRAS INOX 600W REF\\\/MSM6610 - I-CONFORT\",\"isPartOf\":{\"@id\":\"https:\\\/\\\/i-confort.com\\\/#website\"},\"primaryImageOfPage\":{\"@id\":\"https:\\\/\\\/i-confort.com\\\/?product=bosch-bras-inox-600w-ref-msm6610#primaryimage\"},\"image\":{\"@id\":\"https:\\\/\\\/i-confort.com\\\/?product=bosch-bras-inox-600w-ref-msm6610#primaryimage\"},\"thumbnailUrl\":\"https:\\\/\\\/i-confort.com\\\/wp-content\\\/uploads\\\/2024\\\/07\\\/Mixeur-Bosch-MSM64110-Trade-solutions-company-1-1.webp\",\"datePublished\":\"2024-07-08T16:47:04+00:00\",\"breadcrumb\":{\"@id\":\"https:\\\/\\\/i-confort.com\\\/?product=bosch-bras-inox-600w-ref-msm6610#breadcrumb\"},\"inLanguage\":\"fr-FR\",\"potentialAction\":[{\"@type\":\"ReadAction\",\"target\":[\"https:\\\/\\\/i-confort.com\\\/?product=bosch-bras-inox-600w-ref-msm6610\"]}]},{\"@type\":\"ImageObject\",\"inLanguage\":\"fr-FR\",\"@id\":\"https:\\\/\\\/i-confort.com\\\/?product=bosch-bras-inox-600w-ref-msm6610#primaryimage\",\"url\":\"https:\\\/\\\/i-confort.com\\\/wp-content\\\/uploads\\\/2024\\\/07\\\/Mixeur-Bosch-MSM64110-Trade-solutions-company-1-1.webp\",\"contentUrl\":\"https:\\\/\\\/i-confort.com\\\/wp-content\\\/uploads\\\/2024\\\/07\\\/Mixeur-Bosch-MSM64110-Trade-solutions-company-1-1.webp\",\"width\":900,\"height\":506},{\"@type\":\"BreadcrumbList\",\"@id\":\"https:\\\/\\\/i-confort.com\\\/?product=bosch-bras-inox-600w-ref-msm6610#breadcrumb\",\"itemListElement\":[{\"@type\":\"ListItem\",\"position\":1,\"name\":\"Home\",\"item\":\"https:\\\/\\\/i-confort.com\\\/\"},{\"@type\":\"ListItem\",\"position\":2,\"name\":\"Boutique\",\"item\":\"https:\\\/\\\/i-confort.com\\\/?page_id=7\"},{\"@type\":\"ListItem\",\"position\":3,\"name\":\"BOSCH BRAS INOX 600W REF\\\/MSM6610\"}]},{\"@type\":\"WebSite\",\"@id\":\"https:\\\/\\\/i-confort.com\\\/#website\",\"url\":\"https:\\\/\\\/i-confort.com\\\/\",\"name\":\"I-CONFORT\",\"description\":\"Site de vente en ligne\",\"potentialAction\":[{\"@type\":\"SearchAction\",\"target\":{\"@type\":\"EntryPoint\",\"urlTemplate\":\"https:\\\/\\\/i-confort.com\\\/?s={search_term_string}\"},\"query-input\":{\"@type\":\"PropertyValueSpecification\",\"valueRequired\":true,\"valueName\":\"search_term_string\"}}],\"inLanguage\":\"fr-FR\"}]}<\/script>\n<!-- \/ Yoast SEO plugin. -->","yoast_head_json":{"title":"BOSCH BRAS INOX 600W REF\/MSM6610 - I-CONFORT","robots":{"index":"index","follow":"follow","max-snippet":"max-snippet:-1","max-image-preview":"max-image-preview:large","max-video-preview":"max-video-preview:-1"},"canonical":"https:\/\/i-confort.com\/?product=bosch-bras-inox-600w-ref-msm6610","og_locale":"fr_FR","og_type":"article","og_title":"BOSCH BRAS INOX 600W REF\/MSM6610 - I-CONFORT","og_description":"Mat\u00e9riau de la lame : acier inoxydable\u00a0Fr\u00e9quence d'entr\u00e9e ac : 50\/60 HZLargeur : 5,5 cmProfondeur : 6,2 cmHauteur : 39,3 cmPoids : 1 kg","og_url":"https:\/\/i-confort.com\/?product=bosch-bras-inox-600w-ref-msm6610","og_site_name":"I-CONFORT","og_image":[{"width":900,"height":506,"url":"https:\/\/i-confort.com\/wp-content\/uploads\/2024\/07\/Mixeur-Bosch-MSM64110-Trade-solutions-company-1-1.webp","type":"image\/webp"}],"twitter_card":"summary_large_image","twitter_misc":{"Dur\u00e9e de lecture estim\u00e9e":"1 minute"},"schema":{"@context":"https:\/\/schema.org","@graph":[{"@type":"WebPage","@id":"https:\/\/i-confort.com\/?product=bosch-bras-inox-600w-ref-msm6610","url":"https:\/\/i-confort.com\/?product=bosch-bras-inox-600w-ref-msm6610","name":"BOSCH BRAS INOX 600W REF\/MSM6610 - I-CONFORT","isPartOf":{"@id":"https:\/\/i-confort.com\/#website"},"primaryImageOfPage":{"@id":"https:\/\/i-confort.com\/?product=bosch-bras-inox-600w-ref-msm6610#primaryimage"},"image":{"@id":"https:\/\/i-confort.com\/?product=bosch-bras-inox-600w-ref-msm6610#primaryimage"},"thumbnailUrl":"https:\/\/i-confort.com\/wp-content\/uploads\/2024\/07\/Mixeur-Bosch-MSM64110-Trade-solutions-company-1-1.webp","datePublished":"2024-07-08T16:47:04+00:00","breadcrumb":{"@id":"https:\/\/i-confort.com\/?product=bosch-bras-inox-600w-ref-msm6610#breadcrumb"},"inLanguage":"fr-FR","potentialAction":[{"@type":"ReadAction","target":["https:\/\/i-confort.com\/?product=bosch-bras-inox-600w-ref-msm6610"]}]},{"@type":"ImageObject","inLanguage":"fr-FR","@id":"https:\/\/i-confort.com\/?product=bosch-bras-inox-600w-ref-msm6610#primaryimage","url":"https:\/\/i-confort.com\/wp-content\/uploads\/2024\/07\/Mixeur-Bosch-MSM64110-Trade-solutions-company-1-1.webp","contentUrl":"https:\/\/i-confort.com\/wp-content\/uploads\/2024\/07\/Mixeur-Bosch-MSM64110-Trade-solutions-company-1-1.webp","width":900,"height":506},{"@type":"BreadcrumbList","@id":"https:\/\/i-confort.com\/?product=bosch-bras-inox-600w-ref-msm6610#breadcrumb","itemListElement":[{"@type":"ListItem","position":1,"name":"Home","item":"https:\/\/i-confort.com\/"},{"@type":"ListItem","position":2,"name":"Boutique","item":"https:\/\/i-confort.com\/?page_id=7"},{"@type":"ListItem","position":3,"name":"BOSCH BRAS INOX 600W REF\/MSM6610"}]},{"@type":"WebSite","@id":"https:\/\/i-confort.com\/#website","url":"https:\/\/i-confort.com\/","name":"I-CONFORT","description":"Site de vente en ligne","potentialAction":[{"@type":"SearchAction","target":{"@type":"EntryPoint","urlTemplate":"https:\/\/i-confort.com\/?s={search_term_string}"},"query-input":{"@type":"PropertyValueSpecification","valueRequired":true,"valueName":"search_term_string"}}],"inLanguage":"fr-FR"}]}},"brands":[{"id":431,"name":"BOSCH","slug":"bosch"}],"_links":{"self":[{"href":"https:\/\/i-confort.com\/index.php?rest_route=\/wp\/v2\/product\/20505","targetHints":{"allow":["GET"]}}],"collection":[{"href":"https:\/\/i-confort.com\/index.php?rest_route=\/wp\/v2\/product"}],"about":[{"href":"https:\/\/i-confort.com\/index.php?rest_route=\/wp\/v2\/types\/product"}],"wp:featuredmedia":[{"embeddable":true,"href":"https:\/\/i-confort.com\/index.php?rest_route=\/wp\/v2\/media\/20504"}],"wp:attachment":[{"href":"https:\/\/i-confort.com\/index.php?rest_route=%2Fwp%2Fv2%2Fmedia&parent=20505"}],"wp:term":[{"taxonomy":"pwb-brand","embeddable":true,"href":"https:\/\/i-confort.com\/index.php?rest_route=%2Fwp%2Fv2%2Fpwb-brand&post=20505"},{"taxonomy":"product_brand","embeddable":true,"href":"https:\/\/i-confort.com\/index.php?rest_route=%2Fwp%2Fv2%2Fproduct_brand&post=20505"},{"taxonomy":"product_cat","embeddable":true,"href":"https:\/\/i-confort.com\/index.php?rest_route=%2Fwp%2Fv2%2Fproduct_cat&post=20505"},{"taxonomy":"product_tag","embeddable":true,"href":"https:\/\/i-confort.com\/index.php?rest_route=%2Fwp%2Fv2%2Fproduct_tag&post=20505"}],"curies":[{"name":"wp","href":"https:\/\/api.w.org\/{rel}","templated":true}]}}