{"id":21595,"date":"2024-11-25T09:52:23","date_gmt":"2024-11-25T09:52:23","guid":{"rendered":"https:\/\/i-confort.com\/?product=refrigirateur-condor-2p-no-frost-630-silver"},"modified":"2025-04-17T13:22:21","modified_gmt":"2025-04-17T13:22:21","slug":"refrigirateur-condor-2p-no-frost-630-silver","status":"publish","type":"product","link":"https:\/\/i-confort.com\/?product=refrigirateur-condor-2p-no-frost-630-silver","title":{"rendered":"CONDOR REFRIGERATEUR 630L NO-FROST SILVER CRDN630S"},"content":{"rendered":"<table class=\"tab-caracs table table-striped table-responsive mce-item-table\" width=\"100%\" style=\"font-family: Roboto, sans-serif;max-width: 100%;background-color: transparent;border-collapse: collapse;border-spacing: 0px;width: 1092.5px;font-size: 13px;margin: auto !important auto !important 20px auto !important\" data-mce-style=\"font-family: Roboto, sans-serif; max-width: 100%; background-color: transparent; border-collapse: collapse; border-spacing: 0px; width: 1092.5px; font-size: 13px; margin: auto !important auto !important 20px auto !important;\">\n<tbody>\n<tr class=\"row0\">\n<td style=\"padding: 8px;line-height: 1.42857;vertical-align: top;font-family: Roboto, sans-serif !important;border-bottom: none !important;font-size: 11px !important;border-right: none !important;border-left: none !important\" data-mce-style=\"padding: 8px; line-height: 1.42857; vertical-align: top; font-family: Roboto, sans-serif !important; border-bottom: none !important; font-size: 11px !important; border-right: none !important; border-left: none !important;\">Mod\u00e8le<\/td>\n<td style=\"padding: 8px;line-height: 1.42857;vertical-align: top;font-family: Roboto, sans-serif !important;border-bottom: none !important;font-size: 11px !important;border-right: none !important;border-left: none !important\" data-mce-style=\"padding: 8px; line-height: 1.42857; vertical-align: top; font-family: Roboto, sans-serif !important; border-bottom: none !important; font-size: 11px !important; border-right: none !important; border-left: none !important;\">\n<p style=\"margin: 0px\" data-mce-style=\"margin: 0px;\">Double Porte &#8211;\u00a0Pose Libre<\/p>\n<\/td>\n<\/tr>\n<tr class=\"row1\" style=\"background: transparent\" data-mce-style=\"background: transparent;\">\n<td style=\"padding: 8px;line-height: 1.42857;vertical-align: top;font-family: Roboto, sans-serif !important;border-bottom: none !important;font-size: 11px !important;border-right: none !important;border-left: none !important\" data-mce-style=\"padding: 8px; line-height: 1.42857; vertical-align: top; font-family: Roboto, sans-serif !important; border-bottom: none !important; font-size: 11px !important; border-right: none !important; border-left: none !important;\">Type de froid<\/td>\n<td style=\"padding: 8px;line-height: 1.42857;vertical-align: top;font-family: Roboto, sans-serif !important;border-bottom: none !important;font-size: 11px !important;border-right: none !important;border-left: none !important\" data-mce-style=\"padding: 8px; line-height: 1.42857; vertical-align: top; font-family: Roboto, sans-serif !important; border-bottom: none !important; font-size: 11px !important; border-right: none !important; border-left: none !important;\">\n<p style=\"margin: 0px\" data-mce-style=\"margin: 0px;\">NoFrost Ventil\u00e9<\/p>\n<\/td>\n<\/tr>\n<tr class=\"row0\">\n<td style=\"padding: 8px;line-height: 1.42857;vertical-align: top;font-family: Roboto, sans-serif !important;border-bottom: none !important;font-size: 11px !important;border-right: none !important;border-left: none !important\" data-mce-style=\"padding: 8px; line-height: 1.42857; vertical-align: top; font-family: Roboto, sans-serif !important; border-bottom: none !important; font-size: 11px !important; border-right: none !important; border-left: none !important;\">Capacit\u00e9 Nette Totale<\/td>\n<td style=\"padding: 8px;line-height: 1.42857;vertical-align: top;font-family: Roboto, sans-serif !important;border-bottom: none !important;font-size: 11px !important;border-right: none !important;border-left: none !important\" data-mce-style=\"padding: 8px; line-height: 1.42857; vertical-align: top; font-family: Roboto, sans-serif !important; border-bottom: none !important; font-size: 11px !important; border-right: none !important; border-left: none !important;\">468L<\/td>\n<\/tr>\n<tr class=\"row1\" style=\"background: transparent\" data-mce-style=\"background: transparent;\">\n<td style=\"padding: 8px;line-height: 1.42857;vertical-align: top;font-family: Roboto, sans-serif !important;border-bottom: none !important;font-size: 11px !important;border-right: none !important;border-left: none !important\" data-mce-style=\"padding: 8px; line-height: 1.42857; vertical-align: top; font-family: Roboto, sans-serif !important; border-bottom: none !important; font-size: 11px !important; border-right: none !important; border-left: none !important;\">Poign\u00e9e des Portes<\/td>\n<td style=\"padding: 8px;line-height: 1.42857;vertical-align: top;font-family: Roboto, sans-serif !important;border-bottom: none !important;font-size: 11px !important;border-right: none !important;border-left: none !important\" data-mce-style=\"padding: 8px; line-height: 1.42857; vertical-align: top; font-family: Roboto, sans-serif !important; border-bottom: none !important; font-size: 11px !important; border-right: none !important; border-left: none !important;\">\n<p style=\"margin: 0px\" data-mce-style=\"margin: 0px;\">Int\u00e9gr\u00e9es<\/p>\n<\/td>\n<\/tr>\n<tr class=\"row0\">\n<td style=\"padding: 8px;line-height: 1.42857;vertical-align: top;font-family: Roboto, sans-serif !important;border-bottom: none !important;font-size: 11px !important;border-right: none !important;border-left: none !important\" data-mce-style=\"padding: 8px; line-height: 1.42857; vertical-align: top; font-family: Roboto, sans-serif !important; border-bottom: none !important; font-size: 11px !important; border-right: none !important; border-left: none !important;\">Classe d\u2019efficacit\u00e9 \u00e9nerg\u00e9tique<\/td>\n<td style=\"padding: 8px;line-height: 1.42857;vertical-align: top;font-family: Roboto, sans-serif !important;border-bottom: none !important;font-size: 11px !important;border-right: none !important;border-left: none !important\" data-mce-style=\"padding: 8px; line-height: 1.42857; vertical-align: top; font-family: Roboto, sans-serif !important; border-bottom: none !important; font-size: 11px !important; border-right: none !important; border-left: none !important;\">\n<p style=\"margin: 0px\" data-mce-style=\"margin: 0px;\">A+<\/p>\n<\/td>\n<\/tr>\n<tr class=\"row1\" style=\"background: transparent\" data-mce-style=\"background: transparent;\">\n<td style=\"padding: 8px;line-height: 1.42857;vertical-align: top;font-family: Roboto, sans-serif !important;border-bottom: none !important;font-size: 11px !important;border-right: none !important;border-left: none !important\" data-mce-style=\"padding: 8px; line-height: 1.42857; vertical-align: top; font-family: Roboto, sans-serif !important; border-bottom: none !important; font-size: 11px !important; border-right: none !important; border-left: none !important;\">R\u00e9frig\u00e9rant<\/td>\n<td style=\"padding: 8px;line-height: 1.42857;vertical-align: top;font-family: Roboto, sans-serif !important;border-bottom: none !important;font-size: 11px !important;border-right: none !important;border-left: none !important\" data-mce-style=\"padding: 8px; line-height: 1.42857; vertical-align: top; font-family: Roboto, sans-serif !important; border-bottom: none !important; font-size: 11px !important; border-right: none !important; border-left: none !important;\">\n<p style=\"margin: 0px\" data-mce-style=\"margin: 0px;\">R600a (Eco Friendly)<\/p>\n<\/td>\n<\/tr>\n<tr class=\"row0\">\n<td style=\"padding: 8px;line-height: 1.42857;vertical-align: top;font-family: Roboto, sans-serif !important;border-bottom: none !important;font-size: 11px !important;border-right: none !important;border-left: none !important\" data-mce-style=\"padding: 8px; line-height: 1.42857; vertical-align: top; font-family: Roboto, sans-serif !important; border-bottom: none !important; font-size: 11px !important; border-right: none !important; border-left: none !important;\">Multi Air-Flow<\/td>\n<td style=\"padding: 8px;line-height: 1.42857;vertical-align: top;font-family: Roboto, sans-serif !important;border-bottom: none !important;font-size: 11px !important;border-right: none !important;border-left: none !important\" data-mce-style=\"padding: 8px; line-height: 1.42857; vertical-align: top; font-family: Roboto, sans-serif !important; border-bottom: none !important; font-size: 11px !important; border-right: none !important; border-left: none !important;\">\n<p style=\"margin: 0px\" data-mce-style=\"margin: 0px;\">R\u00e9frig\u00e9rateur &#8211; Cong\u00e9lateur<\/p>\n<\/td>\n<\/tr>\n<tr class=\"row1\" style=\"background: transparent\" data-mce-style=\"background: transparent;\">\n<td style=\"padding: 8px;line-height: 1.42857;vertical-align: top;font-family: Roboto, sans-serif !important;border-bottom: none !important;font-size: 11px !important;border-right: none !important;border-left: none !important\" data-mce-style=\"padding: 8px; line-height: 1.42857; vertical-align: top; font-family: Roboto, sans-serif !important; border-bottom: none !important; font-size: 11px !important; border-right: none !important; border-left: none !important;\">D\u00e9givrage<\/td>\n<td style=\"padding: 8px;line-height: 1.42857;vertical-align: top;font-family: Roboto, sans-serif !important;border-bottom: none !important;font-size: 11px !important;border-right: none !important;border-left: none !important\" data-mce-style=\"padding: 8px; line-height: 1.42857; vertical-align: top; font-family: Roboto, sans-serif !important; border-bottom: none !important; font-size: 11px !important; border-right: none !important; border-left: none !important;\">\n<p style=\"margin: 0px\" data-mce-style=\"margin: 0px;\">Automatique<\/p>\n<\/td>\n<\/tr>\n<tr class=\"row0\">\n<td style=\"padding: 8px;line-height: 1.42857;vertical-align: top;font-family: Roboto, sans-serif !important;border-bottom: none !important;font-size: 11px !important;border-right: none !important;border-left: none !important\" data-mce-style=\"padding: 8px; line-height: 1.42857; vertical-align: top; font-family: Roboto, sans-serif !important; border-bottom: none !important; font-size: 11px !important; border-right: none !important; border-left: none !important;\">Degr\u00e9 de Cong\u00e9lation<\/td>\n<td style=\"padding: 8px;line-height: 1.42857;vertical-align: top;font-family: Roboto, sans-serif !important;border-bottom: none !important;font-size: 11px !important;border-right: none !important;border-left: none !important\" data-mce-style=\"padding: 8px; line-height: 1.42857; vertical-align: top; font-family: Roboto, sans-serif !important; border-bottom: none !important; font-size: 11px !important; border-right: none !important; border-left: none !important;\">\n<p style=\"margin: 0px\" data-mce-style=\"margin: 0px;\">04 Etoiles (12 Mois de Conservation)<\/p>\n<\/td>\n<\/tr>\n<tr class=\"row1\" style=\"background: transparent\" data-mce-style=\"background: transparent;\">\n<td style=\"padding: 8px;line-height: 1.42857;vertical-align: top;font-family: Roboto, sans-serif !important;border-bottom: none !important;font-size: 11px !important;border-right: none !important;border-left: none !important\" data-mce-style=\"padding: 8px; line-height: 1.42857; vertical-align: top; font-family: Roboto, sans-serif !important; border-bottom: none !important; font-size: 11px !important; border-right: none !important; border-left: none !important;\">Classe climatique<\/td>\n<td style=\"padding: 8px;line-height: 1.42857;vertical-align: top;font-family: Roboto, sans-serif !important;border-bottom: none !important;font-size: 11px !important;border-right: none !important;border-left: none !important\" data-mce-style=\"padding: 8px; line-height: 1.42857; vertical-align: top; font-family: Roboto, sans-serif !important; border-bottom: none !important; font-size: 11px !important; border-right: none !important; border-left: none !important;\">T,ST,N<\/td>\n<\/tr>\n<tr class=\"row0\">\n<td style=\"padding: 8px;line-height: 1.42857;vertical-align: top;font-family: Roboto, sans-serif !important;border-bottom: none !important;font-size: 11px !important;border-right: none !important;border-left: none !important\" data-mce-style=\"padding: 8px; line-height: 1.42857; vertical-align: top; font-family: Roboto, sans-serif !important; border-bottom: none !important; font-size: 11px !important; border-right: none !important; border-left: none !important;\">Bac \u00e0 l\u00e9gumes<\/td>\n<td style=\"padding: 8px;line-height: 1.42857;vertical-align: top;font-family: Roboto, sans-serif !important;border-bottom: none !important;font-size: 11px !important;border-right: none !important;border-left: none !important\" data-mce-style=\"padding: 8px; line-height: 1.42857; vertical-align: top; font-family: Roboto, sans-serif !important; border-bottom: none !important; font-size: 11px !important; border-right: none !important; border-left: none !important;\">\n<p style=\"margin: 0px\" data-mce-style=\"margin: 0px;\">S\u00e9par\u00e9s x 02<\/p>\n<\/td>\n<\/tr>\n<tr class=\"row1\" style=\"background: transparent\" data-mce-style=\"background: transparent;\">\n<td style=\"padding: 8px;line-height: 1.42857;vertical-align: top;font-family: Roboto, sans-serif !important;border-bottom: none !important;font-size: 11px !important;border-right: none !important;border-left: none !important\" data-mce-style=\"padding: 8px; line-height: 1.42857; vertical-align: top; font-family: Roboto, sans-serif !important; border-bottom: none !important; font-size: 11px !important; border-right: none !important; border-left: none !important;\">Consommation d\u2019\u00e9nergie<\/td>\n<td style=\"padding: 8px;line-height: 1.42857;vertical-align: top;font-family: Roboto, sans-serif !important;border-bottom: none !important;font-size: 11px !important;border-right: none !important;border-left: none !important\" data-mce-style=\"padding: 8px; line-height: 1.42857; vertical-align: top; font-family: Roboto, sans-serif !important; border-bottom: none !important; font-size: 11px !important; border-right: none !important; border-left: none !important;\">\n<p style=\"margin: 0px\" data-mce-style=\"margin: 0px;\">1 kWh\/24h &#8211; 366 kWh\/an<\/p>\n<\/td>\n<\/tr>\n<tr class=\"row0\">\n<td style=\"padding: 8px;line-height: 1.42857;vertical-align: top;font-family: Roboto, sans-serif !important;border-bottom: none !important;font-size: 11px !important;border-right: none !important;border-left: none !important\" data-mce-style=\"padding: 8px; line-height: 1.42857; vertical-align: top; font-family: Roboto, sans-serif !important; border-bottom: none !important; font-size: 11px !important; border-right: none !important; border-left: none !important;\">Dimensions du produit (mm) (H x L x P)<\/td>\n<td style=\"padding: 8px;line-height: 1.42857;vertical-align: top;font-family: Roboto, sans-serif !important;border-bottom: none !important;font-size: 11px !important;border-right: none !important;border-left: none !important\" data-mce-style=\"padding: 8px; line-height: 1.42857; vertical-align: top; font-family: Roboto, sans-serif !important; border-bottom: none !important; font-size: 11px !important; border-right: none !important; border-left: none !important;\">\n<p style=\"margin: 0px\" data-mce-style=\"margin: 0px;\">1880 * 700 * 670<\/p>\n<\/td>\n<\/tr>\n<tr class=\"row1\" style=\"background: transparent\" data-mce-style=\"background: transparent;\">\n<td style=\"padding: 8px;line-height: 1.42857;vertical-align: top;font-family: Roboto, sans-serif !important;border-bottom: none !important;font-size: 11px !important;border-right: none !important;border-left: none !important\" data-mce-style=\"padding: 8px; line-height: 1.42857; vertical-align: top; font-family: Roboto, sans-serif !important; border-bottom: none !important; font-size: 11px !important; border-right: none !important; border-left: none !important;\">\n<p>Couleurs disponibles<\/p>\n<p style=\"margin: 0px\" data-mce-style=\"margin: 0px;\">White &#8211; Silver<\/p>\n<\/td>\n<td style=\"padding: 8px;line-height: 1.42857;vertical-align: top;font-family: Roboto, sans-serif !important;border-bottom: none !important;font-size: 11px !important;border-right: none !important;border-left: none !important\" data-mce-style=\"padding: 8px; line-height: 1.42857; vertical-align: top; font-family: Roboto, sans-serif !important; border-bottom: none !important; font-size: 11px !important; border-right: none !important; border-left: none !important;\"><\/td>\n<\/tr>\n<\/tbody>\n<\/table>\n","protected":false},"excerpt":{"rendered":"<p><\/p>\n","protected":false},"featured_media":21587,"template":"","meta":{"_coblocks_attr":"","_coblocks_dimensions":"","_coblocks_responsive_height":"","_coblocks_accordion_ie_support":""},"pwb-brand":[395],"product_brand":[],"product_cat":[97,348],"product_tag":[],"class_list":{"0":"post-21595","1":"product","2":"type-product","3":"status-publish","4":"has-post-thumbnail","6":"pwb-brand-condor","7":"product_cat-electromenagers","8":"product_cat-refrigirateur","11":"first","12":"instock","13":"taxable","14":"shipping-taxable","15":"purchasable","16":"product-type-simple"},"yoast_head":"<!-- This site is optimized with the Yoast SEO plugin v27.4 - https:\/\/yoast.com\/product\/yoast-seo-wordpress\/ -->\n<title>CONDOR REFRIGERATEUR 630L NO-FROST SILVER CRDN630S - I-CONFORT<\/title>\n<meta name=\"robots\" content=\"index, follow, max-snippet:-1, max-image-preview:large, max-video-preview:-1\" \/>\n<link rel=\"canonical\" href=\"https:\/\/i-confort.com\/?product=refrigirateur-condor-2p-no-frost-630-silver\" \/>\n<meta property=\"og:locale\" content=\"fr_FR\" \/>\n<meta property=\"og:type\" content=\"article\" \/>\n<meta property=\"og:title\" content=\"CONDOR REFRIGERATEUR 630L NO-FROST SILVER CRDN630S - I-CONFORT\" \/>\n<meta property=\"og:url\" content=\"https:\/\/i-confort.com\/?product=refrigirateur-condor-2p-no-frost-630-silver\" \/>\n<meta property=\"og:site_name\" content=\"I-CONFORT\" \/>\n<meta property=\"article:modified_time\" content=\"2025-04-17T13:22:21+00:00\" \/>\n<meta property=\"og:image\" content=\"https:\/\/i-confort.com\/wp-content\/uploads\/2024\/11\/2625_d87bf30f7064f31753eff48ec8470901_1_EZz5Dq5.jpg\" \/>\n\t<meta property=\"og:image:width\" content=\"1000\" \/>\n\t<meta property=\"og:image:height\" content=\"1000\" \/>\n\t<meta property=\"og:image:type\" content=\"image\/jpeg\" \/>\n<meta name=\"twitter:card\" content=\"summary_large_image\" \/>\n<script type=\"application\/ld+json\" class=\"yoast-schema-graph\">{\"@context\":\"https:\\\/\\\/schema.org\",\"@graph\":[{\"@type\":\"WebPage\",\"@id\":\"https:\\\/\\\/i-confort.com\\\/?product=refrigirateur-condor-2p-no-frost-630-silver\",\"url\":\"https:\\\/\\\/i-confort.com\\\/?product=refrigirateur-condor-2p-no-frost-630-silver\",\"name\":\"CONDOR REFRIGERATEUR 630L NO-FROST SILVER CRDN630S - I-CONFORT\",\"isPartOf\":{\"@id\":\"https:\\\/\\\/i-confort.com\\\/#website\"},\"primaryImageOfPage\":{\"@id\":\"https:\\\/\\\/i-confort.com\\\/?product=refrigirateur-condor-2p-no-frost-630-silver#primaryimage\"},\"image\":{\"@id\":\"https:\\\/\\\/i-confort.com\\\/?product=refrigirateur-condor-2p-no-frost-630-silver#primaryimage\"},\"thumbnailUrl\":\"https:\\\/\\\/i-confort.com\\\/wp-content\\\/uploads\\\/2024\\\/11\\\/2625_d87bf30f7064f31753eff48ec8470901_1_EZz5Dq5.jpg\",\"datePublished\":\"2024-11-25T09:52:23+00:00\",\"dateModified\":\"2025-04-17T13:22:21+00:00\",\"breadcrumb\":{\"@id\":\"https:\\\/\\\/i-confort.com\\\/?product=refrigirateur-condor-2p-no-frost-630-silver#breadcrumb\"},\"inLanguage\":\"fr-FR\",\"potentialAction\":[{\"@type\":\"ReadAction\",\"target\":[\"https:\\\/\\\/i-confort.com\\\/?product=refrigirateur-condor-2p-no-frost-630-silver\"]}]},{\"@type\":\"ImageObject\",\"inLanguage\":\"fr-FR\",\"@id\":\"https:\\\/\\\/i-confort.com\\\/?product=refrigirateur-condor-2p-no-frost-630-silver#primaryimage\",\"url\":\"https:\\\/\\\/i-confort.com\\\/wp-content\\\/uploads\\\/2024\\\/11\\\/2625_d87bf30f7064f31753eff48ec8470901_1_EZz5Dq5.jpg\",\"contentUrl\":\"https:\\\/\\\/i-confort.com\\\/wp-content\\\/uploads\\\/2024\\\/11\\\/2625_d87bf30f7064f31753eff48ec8470901_1_EZz5Dq5.jpg\",\"width\":1000,\"height\":1000},{\"@type\":\"BreadcrumbList\",\"@id\":\"https:\\\/\\\/i-confort.com\\\/?product=refrigirateur-condor-2p-no-frost-630-silver#breadcrumb\",\"itemListElement\":[{\"@type\":\"ListItem\",\"position\":1,\"name\":\"Home\",\"item\":\"https:\\\/\\\/i-confort.com\\\/\"},{\"@type\":\"ListItem\",\"position\":2,\"name\":\"Boutique\",\"item\":\"https:\\\/\\\/i-confort.com\\\/?page_id=7\"},{\"@type\":\"ListItem\",\"position\":3,\"name\":\"CONDOR REFRIGERATEUR 630L NO-FROST SILVER CRDN630S\"}]},{\"@type\":\"WebSite\",\"@id\":\"https:\\\/\\\/i-confort.com\\\/#website\",\"url\":\"https:\\\/\\\/i-confort.com\\\/\",\"name\":\"I-CONFORT\",\"description\":\"Site de vente en ligne\",\"potentialAction\":[{\"@type\":\"SearchAction\",\"target\":{\"@type\":\"EntryPoint\",\"urlTemplate\":\"https:\\\/\\\/i-confort.com\\\/?s={search_term_string}\"},\"query-input\":{\"@type\":\"PropertyValueSpecification\",\"valueRequired\":true,\"valueName\":\"search_term_string\"}}],\"inLanguage\":\"fr-FR\"}]}<\/script>\n<!-- \/ Yoast SEO plugin. -->","yoast_head_json":{"title":"CONDOR REFRIGERATEUR 630L NO-FROST SILVER CRDN630S - I-CONFORT","robots":{"index":"index","follow":"follow","max-snippet":"max-snippet:-1","max-image-preview":"max-image-preview:large","max-video-preview":"max-video-preview:-1"},"canonical":"https:\/\/i-confort.com\/?product=refrigirateur-condor-2p-no-frost-630-silver","og_locale":"fr_FR","og_type":"article","og_title":"CONDOR REFRIGERATEUR 630L NO-FROST SILVER CRDN630S - I-CONFORT","og_url":"https:\/\/i-confort.com\/?product=refrigirateur-condor-2p-no-frost-630-silver","og_site_name":"I-CONFORT","article_modified_time":"2025-04-17T13:22:21+00:00","og_image":[{"width":1000,"height":1000,"url":"https:\/\/i-confort.com\/wp-content\/uploads\/2024\/11\/2625_d87bf30f7064f31753eff48ec8470901_1_EZz5Dq5.jpg","type":"image\/jpeg"}],"twitter_card":"summary_large_image","schema":{"@context":"https:\/\/schema.org","@graph":[{"@type":"WebPage","@id":"https:\/\/i-confort.com\/?product=refrigirateur-condor-2p-no-frost-630-silver","url":"https:\/\/i-confort.com\/?product=refrigirateur-condor-2p-no-frost-630-silver","name":"CONDOR REFRIGERATEUR 630L NO-FROST SILVER CRDN630S - I-CONFORT","isPartOf":{"@id":"https:\/\/i-confort.com\/#website"},"primaryImageOfPage":{"@id":"https:\/\/i-confort.com\/?product=refrigirateur-condor-2p-no-frost-630-silver#primaryimage"},"image":{"@id":"https:\/\/i-confort.com\/?product=refrigirateur-condor-2p-no-frost-630-silver#primaryimage"},"thumbnailUrl":"https:\/\/i-confort.com\/wp-content\/uploads\/2024\/11\/2625_d87bf30f7064f31753eff48ec8470901_1_EZz5Dq5.jpg","datePublished":"2024-11-25T09:52:23+00:00","dateModified":"2025-04-17T13:22:21+00:00","breadcrumb":{"@id":"https:\/\/i-confort.com\/?product=refrigirateur-condor-2p-no-frost-630-silver#breadcrumb"},"inLanguage":"fr-FR","potentialAction":[{"@type":"ReadAction","target":["https:\/\/i-confort.com\/?product=refrigirateur-condor-2p-no-frost-630-silver"]}]},{"@type":"ImageObject","inLanguage":"fr-FR","@id":"https:\/\/i-confort.com\/?product=refrigirateur-condor-2p-no-frost-630-silver#primaryimage","url":"https:\/\/i-confort.com\/wp-content\/uploads\/2024\/11\/2625_d87bf30f7064f31753eff48ec8470901_1_EZz5Dq5.jpg","contentUrl":"https:\/\/i-confort.com\/wp-content\/uploads\/2024\/11\/2625_d87bf30f7064f31753eff48ec8470901_1_EZz5Dq5.jpg","width":1000,"height":1000},{"@type":"BreadcrumbList","@id":"https:\/\/i-confort.com\/?product=refrigirateur-condor-2p-no-frost-630-silver#breadcrumb","itemListElement":[{"@type":"ListItem","position":1,"name":"Home","item":"https:\/\/i-confort.com\/"},{"@type":"ListItem","position":2,"name":"Boutique","item":"https:\/\/i-confort.com\/?page_id=7"},{"@type":"ListItem","position":3,"name":"CONDOR REFRIGERATEUR 630L NO-FROST SILVER CRDN630S"}]},{"@type":"WebSite","@id":"https:\/\/i-confort.com\/#website","url":"https:\/\/i-confort.com\/","name":"I-CONFORT","description":"Site de vente en ligne","potentialAction":[{"@type":"SearchAction","target":{"@type":"EntryPoint","urlTemplate":"https:\/\/i-confort.com\/?s={search_term_string}"},"query-input":{"@type":"PropertyValueSpecification","valueRequired":true,"valueName":"search_term_string"}}],"inLanguage":"fr-FR"}]}},"brands":[{"id":395,"name":"Condor","slug":"condor"}],"_links":{"self":[{"href":"https:\/\/i-confort.com\/index.php?rest_route=\/wp\/v2\/product\/21595","targetHints":{"allow":["GET"]}}],"collection":[{"href":"https:\/\/i-confort.com\/index.php?rest_route=\/wp\/v2\/product"}],"about":[{"href":"https:\/\/i-confort.com\/index.php?rest_route=\/wp\/v2\/types\/product"}],"wp:featuredmedia":[{"embeddable":true,"href":"https:\/\/i-confort.com\/index.php?rest_route=\/wp\/v2\/media\/21587"}],"wp:attachment":[{"href":"https:\/\/i-confort.com\/index.php?rest_route=%2Fwp%2Fv2%2Fmedia&parent=21595"}],"wp:term":[{"taxonomy":"pwb-brand","embeddable":true,"href":"https:\/\/i-confort.com\/index.php?rest_route=%2Fwp%2Fv2%2Fpwb-brand&post=21595"},{"taxonomy":"product_brand","embeddable":true,"href":"https:\/\/i-confort.com\/index.php?rest_route=%2Fwp%2Fv2%2Fproduct_brand&post=21595"},{"taxonomy":"product_cat","embeddable":true,"href":"https:\/\/i-confort.com\/index.php?rest_route=%2Fwp%2Fv2%2Fproduct_cat&post=21595"},{"taxonomy":"product_tag","embeddable":true,"href":"https:\/\/i-confort.com\/index.php?rest_route=%2Fwp%2Fv2%2Fproduct_tag&post=21595"}],"curies":[{"name":"wp","href":"https:\/\/api.w.org\/{rel}","templated":true}]}}