{"id":21705,"date":"2024-12-04T08:16:01","date_gmt":"2024-12-04T08:16:01","guid":{"rendered":"https:\/\/i-confort.com\/?product=moulinex-hachoir-3en1-at74g32"},"modified":"2024-12-04T08:16:01","modified_gmt":"2024-12-04T08:16:01","slug":"moulinex-hachoir-3en1-at74g32","status":"publish","type":"product","link":"https:\/\/i-confort.com\/?product=moulinex-hachoir-3en1-at74g32","title":{"rendered":"Moulinex hachoir 3en1\/AT74G32"},"content":{"rendered":"<p><br data-mce-bogus=\"1\"><\/p>\n","protected":false},"excerpt":{"rendered":"<h2 class=\"hdr -upp -fs14 -m -pam\">ncipales caract\u00e9ristiques<\/h2>\n<div class=\"markup -pam\">\n<ul style=\"padding: 0px 0px 0px 16px;margin: 0px;background-repeat: no-repeat;vertical-align: middle;font-family: Roboto, Helvetica, Arial, sans-serif;font-size: 12px\">\n<li style=\"padding: 0px;margin: 0px;background-repeat: no-repeat;vertical-align: middle\"><strong style=\"font-family: verdana, geneva, sans-serif;font-size: 16px\">Mini Hachoir \u00c9lectrique &#8211; Multi Moulinette 3 en 1<\/strong><\/li>\n<li style=\"padding: 0px;margin: 0px;background-repeat: no-repeat;vertical-align: middle\"><strong style=\"font-family: verdana, geneva, sans-serif;font-size: 16px\">AT714G32\u00a0<\/strong><\/li>\n<\/ul>\n<ul style=\"padding: 0px 0px 0px 16px;margin: 0px;background-repeat: no-repeat;vertical-align: middle;font-family: Roboto, Helvetica, Arial, sans-serif;font-size: 12px\">\n<li style=\"padding: 0px;margin: 0px;background-repeat: no-repeat;vertical-align: middle\">Puissance 500 W<\/li>\n<li style=\"padding: 0px;margin: 0px;background-repeat: no-repeat;vertical-align: middle\">Bol plastique gradu\u00e9<\/li>\n<li style=\"padding: 0px;margin: 0px;background-repeat: no-repeat;vertical-align: middle\">Capacit\u00e9 utile du bol liquides\/solides : 0,5 L\/200 g<\/li>\n<li style=\"padding: 0px;margin: 0px;background-repeat: no-repeat;vertical-align: middle\">Capacit\u00e9 totale du bol : 1 L<\/li>\n<li style=\"padding: 0px;margin: 0px;background-repeat: no-repeat;vertical-align: middle\">2 vitesses<\/li>\n<li style=\"padding: 0px;margin: 0px;background-repeat: no-repeat;vertical-align: middle\">Couteau 3 lames<\/li>\n<li style=\"padding: 0px;margin: 0px;background-repeat: no-repeat;vertical-align: middle\">Syst\u00e8me de s\u00e9curit\u00e9 par d\u00e9tection du couvercle<\/li>\n<li style=\"padding: 0px;margin: 0px;background-repeat: no-repeat;vertical-align: middle\">Bol compatible micro-ondes et lave-vaisselle<\/li>\n<li style=\"padding: 0px;margin: 0px;background-repeat: no-repeat;vertical-align: middle\">Coloris rouge\u00a0<\/li>\n<li style=\"padding: 0px;margin: 0px;background-repeat: no-repeat;vertical-align: middle\">Dimensions produit : 135 x 135 x 265 (mm)<\/li>\n<li style=\"padding: 0px;margin: 0px;background-repeat: no-repeat;vertical-align: middle\">Poids : 1 (kg)<\/li>\n<li style=\"padding: 0px;margin: 0px;background-repeat: no-repeat;vertical-align: middle\">Fabriqu\u00e9 en France<\/li>\n<\/ul>\n<\/div>\n","protected":false},"featured_media":21704,"template":"","meta":{"_coblocks_attr":"","_coblocks_dimensions":"","_coblocks_responsive_height":"","_coblocks_accordion_ie_support":""},"pwb-brand":[382],"product_brand":[],"product_cat":[354],"product_tag":[],"class_list":{"0":"post-21705","1":"product","2":"type-product","3":"status-publish","4":"has-post-thumbnail","6":"pwb-brand-molinex","7":"product_cat-robot","10":"first","11":"instock","12":"taxable","13":"shipping-taxable","14":"purchasable","15":"product-type-simple"},"yoast_head":"<!-- This site is optimized with the Yoast SEO plugin v27.4 - https:\/\/yoast.com\/product\/yoast-seo-wordpress\/ -->\n<title>Moulinex hachoir 3en1\/AT74G32 - I-CONFORT<\/title>\n<meta name=\"robots\" content=\"index, follow, max-snippet:-1, max-image-preview:large, max-video-preview:-1\" \/>\n<link rel=\"canonical\" href=\"https:\/\/i-confort.com\/?product=moulinex-hachoir-3en1-at74g32\" \/>\n<meta property=\"og:locale\" content=\"fr_FR\" \/>\n<meta property=\"og:type\" content=\"article\" \/>\n<meta property=\"og:title\" content=\"Moulinex hachoir 3en1\/AT74G32 - I-CONFORT\" \/>\n<meta property=\"og:description\" content=\"ncipales caract\u00e9ristiquesMini Hachoir \u00c9lectrique - Multi Moulinette 3 en 1AT714G32\u00a0Puissance 500 WBol plastique gradu\u00e9Capacit\u00e9 utile du bol liquides\/solides : 0,5 L\/200 gCapacit\u00e9 totale du bol : 1 L2 vitessesCouteau 3 lamesSyst\u00e8me de s\u00e9curit\u00e9 par d\u00e9tection du couvercleBol compatible micro-ondes et lave-vaisselleColoris rouge\u00a0Dimensions produit : 135 x 135 x 265 (mm)Poids : 1 (kg)Fabriqu\u00e9 en France\" \/>\n<meta property=\"og:url\" content=\"https:\/\/i-confort.com\/?product=moulinex-hachoir-3en1-at74g32\" \/>\n<meta property=\"og:site_name\" content=\"I-CONFORT\" \/>\n<meta property=\"og:image\" content=\"https:\/\/i-confort.com\/wp-content\/uploads\/2024\/12\/1-5.jpg\" \/>\n\t<meta property=\"og:image:width\" content=\"500\" \/>\n\t<meta property=\"og:image:height\" content=\"500\" \/>\n\t<meta property=\"og:image:type\" content=\"image\/jpeg\" \/>\n<meta name=\"twitter:card\" content=\"summary_large_image\" \/>\n<script type=\"application\/ld+json\" class=\"yoast-schema-graph\">{\"@context\":\"https:\\\/\\\/schema.org\",\"@graph\":[{\"@type\":\"WebPage\",\"@id\":\"https:\\\/\\\/i-confort.com\\\/?product=moulinex-hachoir-3en1-at74g32\",\"url\":\"https:\\\/\\\/i-confort.com\\\/?product=moulinex-hachoir-3en1-at74g32\",\"name\":\"Moulinex hachoir 3en1\\\/AT74G32 - I-CONFORT\",\"isPartOf\":{\"@id\":\"https:\\\/\\\/i-confort.com\\\/#website\"},\"primaryImageOfPage\":{\"@id\":\"https:\\\/\\\/i-confort.com\\\/?product=moulinex-hachoir-3en1-at74g32#primaryimage\"},\"image\":{\"@id\":\"https:\\\/\\\/i-confort.com\\\/?product=moulinex-hachoir-3en1-at74g32#primaryimage\"},\"thumbnailUrl\":\"https:\\\/\\\/i-confort.com\\\/wp-content\\\/uploads\\\/2024\\\/12\\\/1-5.jpg\",\"datePublished\":\"2024-12-04T08:16:01+00:00\",\"breadcrumb\":{\"@id\":\"https:\\\/\\\/i-confort.com\\\/?product=moulinex-hachoir-3en1-at74g32#breadcrumb\"},\"inLanguage\":\"fr-FR\",\"potentialAction\":[{\"@type\":\"ReadAction\",\"target\":[\"https:\\\/\\\/i-confort.com\\\/?product=moulinex-hachoir-3en1-at74g32\"]}]},{\"@type\":\"ImageObject\",\"inLanguage\":\"fr-FR\",\"@id\":\"https:\\\/\\\/i-confort.com\\\/?product=moulinex-hachoir-3en1-at74g32#primaryimage\",\"url\":\"https:\\\/\\\/i-confort.com\\\/wp-content\\\/uploads\\\/2024\\\/12\\\/1-5.jpg\",\"contentUrl\":\"https:\\\/\\\/i-confort.com\\\/wp-content\\\/uploads\\\/2024\\\/12\\\/1-5.jpg\",\"width\":500,\"height\":500},{\"@type\":\"BreadcrumbList\",\"@id\":\"https:\\\/\\\/i-confort.com\\\/?product=moulinex-hachoir-3en1-at74g32#breadcrumb\",\"itemListElement\":[{\"@type\":\"ListItem\",\"position\":1,\"name\":\"Home\",\"item\":\"https:\\\/\\\/i-confort.com\\\/\"},{\"@type\":\"ListItem\",\"position\":2,\"name\":\"Boutique\",\"item\":\"https:\\\/\\\/i-confort.com\\\/?page_id=7\"},{\"@type\":\"ListItem\",\"position\":3,\"name\":\"Moulinex hachoir 3en1\\\/AT74G32\"}]},{\"@type\":\"WebSite\",\"@id\":\"https:\\\/\\\/i-confort.com\\\/#website\",\"url\":\"https:\\\/\\\/i-confort.com\\\/\",\"name\":\"I-CONFORT\",\"description\":\"Site de vente en ligne\",\"potentialAction\":[{\"@type\":\"SearchAction\",\"target\":{\"@type\":\"EntryPoint\",\"urlTemplate\":\"https:\\\/\\\/i-confort.com\\\/?s={search_term_string}\"},\"query-input\":{\"@type\":\"PropertyValueSpecification\",\"valueRequired\":true,\"valueName\":\"search_term_string\"}}],\"inLanguage\":\"fr-FR\"}]}<\/script>\n<!-- \/ Yoast SEO plugin. -->","yoast_head_json":{"title":"Moulinex hachoir 3en1\/AT74G32 - I-CONFORT","robots":{"index":"index","follow":"follow","max-snippet":"max-snippet:-1","max-image-preview":"max-image-preview:large","max-video-preview":"max-video-preview:-1"},"canonical":"https:\/\/i-confort.com\/?product=moulinex-hachoir-3en1-at74g32","og_locale":"fr_FR","og_type":"article","og_title":"Moulinex hachoir 3en1\/AT74G32 - I-CONFORT","og_description":"ncipales caract\u00e9ristiquesMini Hachoir \u00c9lectrique - Multi Moulinette 3 en 1AT714G32\u00a0Puissance 500 WBol plastique gradu\u00e9Capacit\u00e9 utile du bol liquides\/solides : 0,5 L\/200 gCapacit\u00e9 totale du bol : 1 L2 vitessesCouteau 3 lamesSyst\u00e8me de s\u00e9curit\u00e9 par d\u00e9tection du couvercleBol compatible micro-ondes et lave-vaisselleColoris rouge\u00a0Dimensions produit : 135 x 135 x 265 (mm)Poids : 1 (kg)Fabriqu\u00e9 en France","og_url":"https:\/\/i-confort.com\/?product=moulinex-hachoir-3en1-at74g32","og_site_name":"I-CONFORT","og_image":[{"width":500,"height":500,"url":"https:\/\/i-confort.com\/wp-content\/uploads\/2024\/12\/1-5.jpg","type":"image\/jpeg"}],"twitter_card":"summary_large_image","schema":{"@context":"https:\/\/schema.org","@graph":[{"@type":"WebPage","@id":"https:\/\/i-confort.com\/?product=moulinex-hachoir-3en1-at74g32","url":"https:\/\/i-confort.com\/?product=moulinex-hachoir-3en1-at74g32","name":"Moulinex hachoir 3en1\/AT74G32 - I-CONFORT","isPartOf":{"@id":"https:\/\/i-confort.com\/#website"},"primaryImageOfPage":{"@id":"https:\/\/i-confort.com\/?product=moulinex-hachoir-3en1-at74g32#primaryimage"},"image":{"@id":"https:\/\/i-confort.com\/?product=moulinex-hachoir-3en1-at74g32#primaryimage"},"thumbnailUrl":"https:\/\/i-confort.com\/wp-content\/uploads\/2024\/12\/1-5.jpg","datePublished":"2024-12-04T08:16:01+00:00","breadcrumb":{"@id":"https:\/\/i-confort.com\/?product=moulinex-hachoir-3en1-at74g32#breadcrumb"},"inLanguage":"fr-FR","potentialAction":[{"@type":"ReadAction","target":["https:\/\/i-confort.com\/?product=moulinex-hachoir-3en1-at74g32"]}]},{"@type":"ImageObject","inLanguage":"fr-FR","@id":"https:\/\/i-confort.com\/?product=moulinex-hachoir-3en1-at74g32#primaryimage","url":"https:\/\/i-confort.com\/wp-content\/uploads\/2024\/12\/1-5.jpg","contentUrl":"https:\/\/i-confort.com\/wp-content\/uploads\/2024\/12\/1-5.jpg","width":500,"height":500},{"@type":"BreadcrumbList","@id":"https:\/\/i-confort.com\/?product=moulinex-hachoir-3en1-at74g32#breadcrumb","itemListElement":[{"@type":"ListItem","position":1,"name":"Home","item":"https:\/\/i-confort.com\/"},{"@type":"ListItem","position":2,"name":"Boutique","item":"https:\/\/i-confort.com\/?page_id=7"},{"@type":"ListItem","position":3,"name":"Moulinex hachoir 3en1\/AT74G32"}]},{"@type":"WebSite","@id":"https:\/\/i-confort.com\/#website","url":"https:\/\/i-confort.com\/","name":"I-CONFORT","description":"Site de vente en ligne","potentialAction":[{"@type":"SearchAction","target":{"@type":"EntryPoint","urlTemplate":"https:\/\/i-confort.com\/?s={search_term_string}"},"query-input":{"@type":"PropertyValueSpecification","valueRequired":true,"valueName":"search_term_string"}}],"inLanguage":"fr-FR"}]}},"brands":[{"id":382,"name":"Molinex","slug":"molinex"}],"_links":{"self":[{"href":"https:\/\/i-confort.com\/index.php?rest_route=\/wp\/v2\/product\/21705","targetHints":{"allow":["GET"]}}],"collection":[{"href":"https:\/\/i-confort.com\/index.php?rest_route=\/wp\/v2\/product"}],"about":[{"href":"https:\/\/i-confort.com\/index.php?rest_route=\/wp\/v2\/types\/product"}],"wp:featuredmedia":[{"embeddable":true,"href":"https:\/\/i-confort.com\/index.php?rest_route=\/wp\/v2\/media\/21704"}],"wp:attachment":[{"href":"https:\/\/i-confort.com\/index.php?rest_route=%2Fwp%2Fv2%2Fmedia&parent=21705"}],"wp:term":[{"taxonomy":"pwb-brand","embeddable":true,"href":"https:\/\/i-confort.com\/index.php?rest_route=%2Fwp%2Fv2%2Fpwb-brand&post=21705"},{"taxonomy":"product_brand","embeddable":true,"href":"https:\/\/i-confort.com\/index.php?rest_route=%2Fwp%2Fv2%2Fproduct_brand&post=21705"},{"taxonomy":"product_cat","embeddable":true,"href":"https:\/\/i-confort.com\/index.php?rest_route=%2Fwp%2Fv2%2Fproduct_cat&post=21705"},{"taxonomy":"product_tag","embeddable":true,"href":"https:\/\/i-confort.com\/index.php?rest_route=%2Fwp%2Fv2%2Fproduct_tag&post=21705"}],"curies":[{"name":"wp","href":"https:\/\/api.w.org\/{rel}","templated":true}]}}