{"id":21794,"date":"2024-12-12T10:23:36","date_gmt":"2024-12-12T10:23:36","guid":{"rendered":"https:\/\/i-confort.com\/?product=silver-crest-friteuse-1800w-ref-df7006tk-n"},"modified":"2024-12-12T10:23:36","modified_gmt":"2024-12-12T10:23:36","slug":"silver-crest-friteuse-1800w-ref-df7006tk-n","status":"publish","type":"product","link":"https:\/\/i-confort.com\/?product=silver-crest-friteuse-1800w-ref-df7006tk-n","title":{"rendered":"SILVER CREST friteuse 1800W REF\/DF7006TK N"},"content":{"rendered":"<ul style=\"margin-top: 0px;margin-right: 0px;margin-bottom: var(--theme-content-spacing);margin-left: 0px;padding: 0px;border: none;line-height: inherit;list-style-type: var(--theme-list-style-type,disc);padding-inline-start: var(--theme-list-indent);font-family: Amiri, sans-serif\">\n<li style=\"margin: 0px;padding: 0px;border: none;font-size: inherit;text-align: inherit;line-height: inherit\">Puissance : 1800W<\/li>\n<li style=\"margin: 0px;padding: 0px;border: none;font-size: inherit;text-align: inherit;line-height: inherit\">Capacit\u00e9 : 7,2L<\/li>\n<li style=\"margin: 0px;padding: 0px;border: none;font-size: inherit;text-align: inherit;line-height: inherit\">Affichage \u00e0 LED avec \u00e9cran tactile<\/li>\n<li style=\"margin: 0px;padding: 0px;border: none;font-size: inherit;text-align: inherit;line-height: inherit\">R\u00e9glage de la minuterie : 0-60 minutes<\/li>\n<li style=\"margin: 0px;padding: 0px;border: none;font-size: inherit;text-align: inherit;line-height: inherit\">Pied anti-d\u00e9rapant<\/li>\n<li style=\"margin: 0px;padding: 0px;border: none;font-size: inherit;text-align: inherit;line-height: inherit\">Terroir anti adh\u00e9sif amovible<\/li>\n<li style=\"margin: 0px;padding: 0px;border: none;font-size: inherit;text-align: inherit;line-height: inherit\">Panier \u00e0 friture amovible<\/li>\n<li style=\"margin: 0px;padding: 0px;border: none;font-size: inherit;text-align: inherit;line-height: inherit\">Protection contre la surchauffe<\/li>\n<li style=\"margin: 0px;padding: 0px;border: none;font-size: inherit;text-align: inherit;line-height: inherit\">Fonctions 3 en 1 : friteuse \u00e0 air, four et d\u00e9shydrateur<\/li>\n<li style=\"margin: 0px;padding: 0px;border: none;font-size: inherit;text-align: inherit;line-height: inherit\">Syst\u00e8me de cuisson \u00e0 circulation d\u2019air chaud \u00e0 360\u00b0 pour faire les aliments plus rapidement, plus uniform\u00e9ment et \u00e9conomiser de l\u2019\u00e9nergie<\/li>\n<li style=\"margin: 0px;padding: 0px;border: none;font-size: inherit;text-align: inherit;line-height: inherit\">Pratique : la forme du panier de friture permet une circulation optimale de la chaleur, le panier est sans PFOA, antiadh\u00e9sif, \u00e9galement facile \u00e0 nettoyer avec de l\u2019eau savonneuse.<\/li>\n<li style=\"margin: 0px;padding: 0px;border: none;font-size: inherit;text-align: inherit;line-height: inherit\">Frire sans huile ou 80% de mati\u00e8res grasses en moins et d\u00e9shydrater avec moins de calories<\/li>\n<li style=\"margin: 0px;padding: 0px;border: none;font-size: inherit;text-align: inherit;line-height: inherit\">Contr\u00f4le de temp\u00e9rature r\u00e9glable 40\u00b0 \u00e0 200\u00b0 C<\/li>\n<li style=\"margin: 0px;padding: 0px;border: none;font-size: inherit;text-align: inherit;line-height: inherit\">Utilisation polyvalente : 8 programmes actuels pour frites, steaks\/c\u00f4telettes, poisson, crevettes, poulet, p\u00e2tisserie, d\u00e9shydrateur<\/li>\n<li style=\"margin: 0px;padding: 0px;border: none;font-size: inherit;text-align: inherit;line-height: inherit\">Tension : 220-240V AC \/ 50-60HZ<\/li>\n<\/ul>\n<p style=\"margin-top: 0px;margin-right: 0px;margin-bottom: var(--theme-content-spacing);margin-left: 0px;padding: 0px;border: none;line-height: inherit;font-family: Amiri, sans-serif\"><a href=\"https:\/\/chasamlivraison.com\/?s=FRITEUSE+A+AIR&amp;ct_post_type=product%3Ablc-product-review\" style=\"text-decoration: var(--has-link-decoration,var(--theme-text-decoration,none))\">FRITEUSE A AIR<\/a>\u00a0FRYER REF DF7006TK-N\u00a0<a href=\"https:\/\/chasamlivraison.com\/?s=SILVERCREST&amp;ct_post_type=product%3Ablc-product-review\" style=\"text-decoration: var(--has-link-decoration,var(--theme-text-decoration,none))\">SILVERCREST<\/a><\/p>\n","protected":false},"excerpt":{"rendered":"<p><br data-mce-bogus=\"1\"><\/p>\n","protected":false},"featured_media":21793,"template":"","meta":{"_coblocks_attr":"","_coblocks_dimensions":"","_coblocks_responsive_height":"","_coblocks_accordion_ie_support":""},"pwb-brand":[],"product_brand":[],"product_cat":[374],"product_tag":[],"class_list":{"0":"post-21794","1":"product","2":"type-product","3":"status-publish","4":"has-post-thumbnail","6":"product_cat-vaisselle-et-cuisine","9":"first","10":"instock","11":"taxable","12":"shipping-taxable","13":"purchasable","14":"product-type-simple"},"yoast_head":"<!-- This site is optimized with the Yoast SEO plugin v27.4 - https:\/\/yoast.com\/product\/yoast-seo-wordpress\/ -->\n<title>SILVER CREST friteuse 1800W REF\/DF7006TK N - I-CONFORT<\/title>\n<meta name=\"robots\" content=\"index, follow, max-snippet:-1, max-image-preview:large, max-video-preview:-1\" \/>\n<link rel=\"canonical\" href=\"https:\/\/i-confort.com\/?product=silver-crest-friteuse-1800w-ref-df7006tk-n\" \/>\n<meta property=\"og:locale\" content=\"fr_FR\" \/>\n<meta property=\"og:type\" content=\"article\" \/>\n<meta property=\"og:title\" content=\"SILVER CREST friteuse 1800W REF\/DF7006TK N - I-CONFORT\" \/>\n<meta property=\"og:url\" content=\"https:\/\/i-confort.com\/?product=silver-crest-friteuse-1800w-ref-df7006tk-n\" \/>\n<meta property=\"og:site_name\" content=\"I-CONFORT\" \/>\n<meta property=\"og:image\" content=\"https:\/\/i-confort.com\/wp-content\/uploads\/2024\/12\/2-4.jpg\" \/>\n\t<meta property=\"og:image:width\" content=\"500\" \/>\n\t<meta property=\"og:image:height\" content=\"500\" \/>\n\t<meta property=\"og:image:type\" content=\"image\/jpeg\" \/>\n<meta name=\"twitter:card\" content=\"summary_large_image\" \/>\n<meta name=\"twitter:label1\" content=\"Dur\u00e9e de lecture estim\u00e9e\" \/>\n\t<meta name=\"twitter:data1\" content=\"1 minute\" \/>\n<script type=\"application\/ld+json\" class=\"yoast-schema-graph\">{\"@context\":\"https:\\\/\\\/schema.org\",\"@graph\":[{\"@type\":\"WebPage\",\"@id\":\"https:\\\/\\\/i-confort.com\\\/?product=silver-crest-friteuse-1800w-ref-df7006tk-n\",\"url\":\"https:\\\/\\\/i-confort.com\\\/?product=silver-crest-friteuse-1800w-ref-df7006tk-n\",\"name\":\"SILVER CREST friteuse 1800W REF\\\/DF7006TK N - I-CONFORT\",\"isPartOf\":{\"@id\":\"https:\\\/\\\/i-confort.com\\\/#website\"},\"primaryImageOfPage\":{\"@id\":\"https:\\\/\\\/i-confort.com\\\/?product=silver-crest-friteuse-1800w-ref-df7006tk-n#primaryimage\"},\"image\":{\"@id\":\"https:\\\/\\\/i-confort.com\\\/?product=silver-crest-friteuse-1800w-ref-df7006tk-n#primaryimage\"},\"thumbnailUrl\":\"https:\\\/\\\/i-confort.com\\\/wp-content\\\/uploads\\\/2024\\\/12\\\/2-4.jpg\",\"datePublished\":\"2024-12-12T10:23:36+00:00\",\"breadcrumb\":{\"@id\":\"https:\\\/\\\/i-confort.com\\\/?product=silver-crest-friteuse-1800w-ref-df7006tk-n#breadcrumb\"},\"inLanguage\":\"fr-FR\",\"potentialAction\":[{\"@type\":\"ReadAction\",\"target\":[\"https:\\\/\\\/i-confort.com\\\/?product=silver-crest-friteuse-1800w-ref-df7006tk-n\"]}]},{\"@type\":\"ImageObject\",\"inLanguage\":\"fr-FR\",\"@id\":\"https:\\\/\\\/i-confort.com\\\/?product=silver-crest-friteuse-1800w-ref-df7006tk-n#primaryimage\",\"url\":\"https:\\\/\\\/i-confort.com\\\/wp-content\\\/uploads\\\/2024\\\/12\\\/2-4.jpg\",\"contentUrl\":\"https:\\\/\\\/i-confort.com\\\/wp-content\\\/uploads\\\/2024\\\/12\\\/2-4.jpg\",\"width\":500,\"height\":500},{\"@type\":\"BreadcrumbList\",\"@id\":\"https:\\\/\\\/i-confort.com\\\/?product=silver-crest-friteuse-1800w-ref-df7006tk-n#breadcrumb\",\"itemListElement\":[{\"@type\":\"ListItem\",\"position\":1,\"name\":\"Home\",\"item\":\"https:\\\/\\\/i-confort.com\\\/\"},{\"@type\":\"ListItem\",\"position\":2,\"name\":\"Boutique\",\"item\":\"https:\\\/\\\/i-confort.com\\\/?page_id=7\"},{\"@type\":\"ListItem\",\"position\":3,\"name\":\"SILVER CREST friteuse 1800W REF\\\/DF7006TK N\"}]},{\"@type\":\"WebSite\",\"@id\":\"https:\\\/\\\/i-confort.com\\\/#website\",\"url\":\"https:\\\/\\\/i-confort.com\\\/\",\"name\":\"I-CONFORT\",\"description\":\"Site de vente en ligne\",\"potentialAction\":[{\"@type\":\"SearchAction\",\"target\":{\"@type\":\"EntryPoint\",\"urlTemplate\":\"https:\\\/\\\/i-confort.com\\\/?s={search_term_string}\"},\"query-input\":{\"@type\":\"PropertyValueSpecification\",\"valueRequired\":true,\"valueName\":\"search_term_string\"}}],\"inLanguage\":\"fr-FR\"}]}<\/script>\n<!-- \/ Yoast SEO plugin. -->","yoast_head_json":{"title":"SILVER CREST friteuse 1800W REF\/DF7006TK N - I-CONFORT","robots":{"index":"index","follow":"follow","max-snippet":"max-snippet:-1","max-image-preview":"max-image-preview:large","max-video-preview":"max-video-preview:-1"},"canonical":"https:\/\/i-confort.com\/?product=silver-crest-friteuse-1800w-ref-df7006tk-n","og_locale":"fr_FR","og_type":"article","og_title":"SILVER CREST friteuse 1800W REF\/DF7006TK N - I-CONFORT","og_url":"https:\/\/i-confort.com\/?product=silver-crest-friteuse-1800w-ref-df7006tk-n","og_site_name":"I-CONFORT","og_image":[{"width":500,"height":500,"url":"https:\/\/i-confort.com\/wp-content\/uploads\/2024\/12\/2-4.jpg","type":"image\/jpeg"}],"twitter_card":"summary_large_image","twitter_misc":{"Dur\u00e9e de lecture estim\u00e9e":"1 minute"},"schema":{"@context":"https:\/\/schema.org","@graph":[{"@type":"WebPage","@id":"https:\/\/i-confort.com\/?product=silver-crest-friteuse-1800w-ref-df7006tk-n","url":"https:\/\/i-confort.com\/?product=silver-crest-friteuse-1800w-ref-df7006tk-n","name":"SILVER CREST friteuse 1800W REF\/DF7006TK N - I-CONFORT","isPartOf":{"@id":"https:\/\/i-confort.com\/#website"},"primaryImageOfPage":{"@id":"https:\/\/i-confort.com\/?product=silver-crest-friteuse-1800w-ref-df7006tk-n#primaryimage"},"image":{"@id":"https:\/\/i-confort.com\/?product=silver-crest-friteuse-1800w-ref-df7006tk-n#primaryimage"},"thumbnailUrl":"https:\/\/i-confort.com\/wp-content\/uploads\/2024\/12\/2-4.jpg","datePublished":"2024-12-12T10:23:36+00:00","breadcrumb":{"@id":"https:\/\/i-confort.com\/?product=silver-crest-friteuse-1800w-ref-df7006tk-n#breadcrumb"},"inLanguage":"fr-FR","potentialAction":[{"@type":"ReadAction","target":["https:\/\/i-confort.com\/?product=silver-crest-friteuse-1800w-ref-df7006tk-n"]}]},{"@type":"ImageObject","inLanguage":"fr-FR","@id":"https:\/\/i-confort.com\/?product=silver-crest-friteuse-1800w-ref-df7006tk-n#primaryimage","url":"https:\/\/i-confort.com\/wp-content\/uploads\/2024\/12\/2-4.jpg","contentUrl":"https:\/\/i-confort.com\/wp-content\/uploads\/2024\/12\/2-4.jpg","width":500,"height":500},{"@type":"BreadcrumbList","@id":"https:\/\/i-confort.com\/?product=silver-crest-friteuse-1800w-ref-df7006tk-n#breadcrumb","itemListElement":[{"@type":"ListItem","position":1,"name":"Home","item":"https:\/\/i-confort.com\/"},{"@type":"ListItem","position":2,"name":"Boutique","item":"https:\/\/i-confort.com\/?page_id=7"},{"@type":"ListItem","position":3,"name":"SILVER CREST friteuse 1800W REF\/DF7006TK N"}]},{"@type":"WebSite","@id":"https:\/\/i-confort.com\/#website","url":"https:\/\/i-confort.com\/","name":"I-CONFORT","description":"Site de vente en ligne","potentialAction":[{"@type":"SearchAction","target":{"@type":"EntryPoint","urlTemplate":"https:\/\/i-confort.com\/?s={search_term_string}"},"query-input":{"@type":"PropertyValueSpecification","valueRequired":true,"valueName":"search_term_string"}}],"inLanguage":"fr-FR"}]}},"brands":[],"_links":{"self":[{"href":"https:\/\/i-confort.com\/index.php?rest_route=\/wp\/v2\/product\/21794","targetHints":{"allow":["GET"]}}],"collection":[{"href":"https:\/\/i-confort.com\/index.php?rest_route=\/wp\/v2\/product"}],"about":[{"href":"https:\/\/i-confort.com\/index.php?rest_route=\/wp\/v2\/types\/product"}],"wp:featuredmedia":[{"embeddable":true,"href":"https:\/\/i-confort.com\/index.php?rest_route=\/wp\/v2\/media\/21793"}],"wp:attachment":[{"href":"https:\/\/i-confort.com\/index.php?rest_route=%2Fwp%2Fv2%2Fmedia&parent=21794"}],"wp:term":[{"taxonomy":"pwb-brand","embeddable":true,"href":"https:\/\/i-confort.com\/index.php?rest_route=%2Fwp%2Fv2%2Fpwb-brand&post=21794"},{"taxonomy":"product_brand","embeddable":true,"href":"https:\/\/i-confort.com\/index.php?rest_route=%2Fwp%2Fv2%2Fproduct_brand&post=21794"},{"taxonomy":"product_cat","embeddable":true,"href":"https:\/\/i-confort.com\/index.php?rest_route=%2Fwp%2Fv2%2Fproduct_cat&post=21794"},{"taxonomy":"product_tag","embeddable":true,"href":"https:\/\/i-confort.com\/index.php?rest_route=%2Fwp%2Fv2%2Fproduct_tag&post=21794"}],"curies":[{"name":"wp","href":"https:\/\/api.w.org\/{rel}","templated":true}]}}