{"id":21817,"date":"2024-12-15T13:28:55","date_gmt":"2024-12-15T13:28:55","guid":{"rendered":"https:\/\/i-confort.com\/?product=friteuse-ninja-6-2l"},"modified":"2025-03-19T13:18:58","modified_gmt":"2025-03-19T13:18:58","slug":"friteuse-ninja-6-2l","status":"publish","type":"product","link":"https:\/\/i-confort.com\/?product=friteuse-ninja-6-2l","title":{"rendered":"Friteuse NINJA 6.2L"},"content":{"rendered":"<p><\/p>\n","protected":false},"excerpt":{"rendered":"<table class=\"a-normal a-spacing-micro mce-item-table\">\n<tbody>\n<tr class=\"a-spacing-small po-special_feature\" style=\"margin-bottom: 8px !important\" data-mce-style=\"margin-bottom: 8px !important;\">\n<td class=\"a-span3\" style=\"vertical-align: top;padding: 0px 3px 3px 0px;float: none !important;margin-right: 0px;width: 109.859px\" data-mce-style=\"vertical-align: top; padding: 0px 3px 3px 0px; float: none !important; margin-right: 0px; width: 109.859px;\"><span class=\"a-size-base a-text-bold\" style=\"font-weight: 700 !important;line-height: 20px !important\" data-mce-style=\"font-weight: 700 !important; line-height: 20px !important;\">Caract\u00e9ristique sp\u00e9ciale<\/span><\/td>\n<td class=\"a-span9\" style=\"vertical-align: top;padding: 0px 0px 3px 3px;float: none !important;margin-right: 0px;width: 348.859px\" data-mce-style=\"vertical-align: top; padding: 0px 0px 3px 3px; float: none !important; margin-right: 0px; width: 348.859px;\"><span class=\"a-size-base\" style=\"line-height: 20px !important\" data-mce-style=\"line-height: 20px !important;\"><span class=\"a-truncate po-truncate-attribute\" data-a-word-break=\"normal\" data-a-truncate-name=\"po-attribute-truncate-0\" data-a-max-rows=\"3\" data-a-overflow-marker=\"\u2026\" data-a-recalculate=\"false\" data-a-updated=\"true\" style=\"position: relative;width: 345.859px;overflow: hidden;line-height: 1.3em !important;max-height: 3.9em\" data-mce-style=\"position: relative; width: 345.859px; overflow: hidden; line-height: 1.3em !important; max-height: 3.9em;\"><span class=\"a-truncate-full a-offscreen\" style=\"width: 345.859px;position: absolute !important;left: 0px !important;bottom: -1px !important;z-index: -1 !important\" data-mce-style=\"width: 345.859px; position: absolute !important; left: 0px !important; bottom: -1px !important; z-index: -1 !important;\">6 Fonctions de Cuisson, Frire sans huile, Max Crisp, R\u00f4tir, Cuire au four, R\u00e9chauffer et D\u00e9shydrater, Parties Antiadh\u00e9sives Lavables au Lave-vaisselle.<\/span><span class=\"a-truncate-cut\" aria-hidden=\"true\" style=\"width: 345.859px;height: auto\" data-mce-style=\"width: 345.859px; height: auto;\">6 Fonctions de Cuisson, Frire sans huile, Max Crisp, R\u00f4tir, Cuire au four, R\u00e9chauffer et D\u00e9shydrater, Parties Antiadh\u00e9sives Lavables au Lave-vaisselle.<\/span><\/span><\/span><\/td>\n<\/tr>\n<tr class=\"a-spacing-small po-item_depth_width_height\" style=\"margin-bottom: 8px !important\" data-mce-style=\"margin-bottom: 8px !important;\">\n<td class=\"a-span3\" style=\"vertical-align: top;padding: 3px 3px 3px 0px;float: none !important;margin-right: 0px;width: 109.859px\" data-mce-style=\"vertical-align: top; padding: 3px 3px 3px 0px; float: none !important; margin-right: 0px; width: 109.859px;\"><span class=\"a-size-base a-text-bold\" style=\"font-weight: 700 !important;line-height: 20px !important\" data-mce-style=\"font-weight: 700 !important; line-height: 20px !important;\">Dimensions du produit<\/span><\/td>\n<td class=\"a-span9\" style=\"vertical-align: top;padding: 3px 0px 3px 3px;float: none !important;margin-right: 0px;width: 348.859px\" data-mce-style=\"vertical-align: top; padding: 3px 0px 3px 3px; float: none !important; margin-right: 0px; width: 348.859px;\"><span class=\"a-size-base po-break-word\" style=\"line-height: 20px !important\" data-mce-style=\"line-height: 20px !important;\">36P x 28l x 30,5H centim\u00e8tres<\/span><\/td>\n<\/tr>\n<tr class=\"a-spacing-small po-color\" style=\"margin-bottom: 8px !important\" data-mce-style=\"margin-bottom: 8px !important;\">\n<td class=\"a-span3\" style=\"vertical-align: top;padding: 3px 3px 3px 0px;float: none !important;margin-right: 0px;width: 109.859px\" data-mce-style=\"vertical-align: top; padding: 3px 3px 3px 0px; float: none !important; margin-right: 0px; width: 109.859px;\"><span class=\"a-size-base a-text-bold\" style=\"font-weight: 700 !important;line-height: 20px !important\" data-mce-style=\"font-weight: 700 !important; line-height: 20px !important;\">Couleur<\/span><\/td>\n<td class=\"a-span9\" style=\"vertical-align: top;padding: 3px 0px 3px 3px;float: none !important;margin-right: 0px;width: 348.859px\" data-mce-style=\"vertical-align: top; padding: 3px 0px 3px 3px; float: none !important; margin-right: 0px; width: 348.859px;\"><span class=\"a-size-base po-break-word\" style=\"line-height: 20px !important\" data-mce-style=\"line-height: 20px !important;\">Gris<\/span><\/td>\n<\/tr>\n<tr class=\"a-spacing-small po-capacity\" style=\"margin-bottom: 8px !important\" data-mce-style=\"margin-bottom: 8px !important;\">\n<td class=\"a-span3\" style=\"vertical-align: top;padding: 3px 3px 3px 0px;float: none !important;margin-right: 0px;width: 109.859px\" data-mce-style=\"vertical-align: top; padding: 3px 3px 3px 0px; float: none !important; margin-right: 0px; width: 109.859px;\"><span class=\"a-size-base a-text-bold\" style=\"font-weight: 700 !important;line-height: 20px !important\" data-mce-style=\"font-weight: 700 !important; line-height: 20px !important;\">Capacit\u00e9<\/span><\/td>\n<td class=\"a-span9\" style=\"vertical-align: top;padding: 3px 0px 3px 3px;float: none !important;margin-right: 0px;width: 348.859px\" data-mce-style=\"vertical-align: top; padding: 3px 0px 3px 3px; float: none !important; margin-right: 0px; width: 348.859px;\"><span class=\"a-size-base po-break-word\" style=\"line-height: 20px !important\" data-mce-style=\"line-height: 20px !important;\">6,2 Litres<\/span><\/td>\n<\/tr>\n<tr class=\"a-spacing-small po-recommended_uses_for_product\" style=\"margin-bottom: 8px !important\" data-mce-style=\"margin-bottom: 8px !important;\">\n<td class=\"a-span3\" style=\"vertical-align: top;padding: 3px 3px 3px 0px;float: none !important;margin-right: 0px;width: 109.859px\" data-mce-style=\"vertical-align: top; padding: 3px 3px 3px 0px; float: none !important; margin-right: 0px; width: 109.859px;\"><span class=\"a-size-base a-text-bold\" style=\"font-weight: 700 !important;line-height: 20px !important\" data-mce-style=\"font-weight: 700 !important; line-height: 20px !important;\">Usages recommand\u00e9s pour le produit<\/span><\/td>\n<td class=\"a-span9\" style=\"vertical-align: top;padding: 3px 0px 3px 3px;float: none !important;margin-right: 0px;width: 348.859px\" data-mce-style=\"vertical-align: top; padding: 3px 0px 3px 3px; float: none !important; margin-right: 0px; width: 348.859px;\"><span class=\"a-size-base po-break-word\" style=\"line-height: 20px !important\" data-mce-style=\"line-height: 20px !important;\">Cuisson, D\u00e9shydratation, R\u00f4tissage, Air Fry<\/span><\/td>\n<\/tr>\n<tr class=\"a-spacing-small po-output_wattage\" style=\"margin-bottom: 8px !important\" data-mce-style=\"margin-bottom: 8px !important;\">\n<td class=\"a-span3\" style=\"vertical-align: top;padding: 3px 3px 3px 0px;float: none !important;margin-right: 0px;width: 109.859px\" data-mce-style=\"vertical-align: top; padding: 3px 3px 3px 0px; float: none !important; margin-right: 0px; width: 109.859px;\"><span class=\"a-size-base a-text-bold\" style=\"font-weight: 700 !important;line-height: 20px !important\" data-mce-style=\"font-weight: 700 !important; line-height: 20px !important;\">Puissance de sortie<\/span><\/td>\n<td class=\"a-span9\" style=\"vertical-align: top;padding: 3px 0px 3px 3px;float: none !important;margin-right: 0px;width: 348.859px\" data-mce-style=\"vertical-align: top; padding: 3px 0px 3px 3px; float: none !important; margin-right: 0px; width: 348.859px;\"><span class=\"a-size-base po-break-word\" style=\"line-height: 20px !important\" data-mce-style=\"line-height: 20px !important;\">2000 Watts<\/span><\/td>\n<\/tr>\n<tr class=\"a-spacing-small po-item_weight\" style=\"margin-bottom: 8px !important\" data-mce-style=\"margin-bottom: 8px !important;\">\n<td class=\"a-span3\" style=\"vertical-align: top;padding: 3px 3px 3px 0px;float: none !important;margin-right: 0px;width: 109.859px\" data-mce-style=\"vertical-align: top; padding: 3px 3px 3px 0px; float: none !important; margin-right: 0px; width: 109.859px;\"><span class=\"a-size-base a-text-bold\" style=\"font-weight: 700 !important;line-height: 20px !important\" data-mce-style=\"font-weight: 700 !important; line-height: 20px !important;\">Poids de l&rsquo;article<\/span><\/td>\n<td class=\"a-span9\" style=\"vertical-align: top;padding: 3px 0px 3px 3px;float: none !important;margin-right: 0px;width: 348.859px\" data-mce-style=\"vertical-align: top; padding: 3px 0px 3px 3px; float: none !important; margin-right: 0px; width: 348.859px;\"><span class=\"a-size-base po-break-word\" style=\"line-height: 20px !important\" data-mce-style=\"line-height: 20px !important;\">5,8 Kilogrammes<\/span><\/td>\n<\/tr>\n<tr class=\"a-spacing-small po-brand\" style=\"margin-bottom: 8px !important\" data-mce-style=\"margin-bottom: 8px !important;\">\n<td class=\"a-span3\" style=\"vertical-align: top;padding: 3px 3px 3px 0px;float: none !important;margin-right: 0px;width: 109.859px\" data-mce-style=\"vertical-align: top; padding: 3px 3px 3px 0px; float: none !important; margin-right: 0px; width: 109.859px;\"><span class=\"a-size-base a-text-bold\" style=\"font-weight: 700 !important;line-height: 20px !important\" data-mce-style=\"font-weight: 700 !important; line-height: 20px !important;\">Marque<\/span><\/td>\n<td class=\"a-span9\" style=\"vertical-align: top;padding: 3px 0px 3px 3px;float: none !important;margin-right: 0px;width: 348.859px\" data-mce-style=\"vertical-align: top; padding: 3px 0px 3px 3px; float: none !important; margin-right: 0px; width: 348.859px;\"><span class=\"a-size-base po-break-word\" style=\"line-height: 20px !important\" data-mce-style=\"line-height: 20px !important;\">NINJA<\/span><\/td>\n<\/tr>\n<tr class=\"a-spacing-small po-wattage\" style=\"margin-bottom: 8px !important\" data-mce-style=\"margin-bottom: 8px !important;\">\n<td class=\"a-span3\" style=\"vertical-align: top;padding: 3px 3px 3px 0px;float: none !important;margin-right: 0px;width: 109.859px\" data-mce-style=\"vertical-align: top; padding: 3px 3px 3px 0px; float: none !important; margin-right: 0px; width: 109.859px;\"><span class=\"a-size-base a-text-bold\" style=\"font-weight: 700 !important;line-height: 20px !important\" data-mce-style=\"font-weight: 700 !important; line-height: 20px !important;\">Puissance<\/span><\/td>\n<td class=\"a-span9\" style=\"vertical-align: top;padding: 3px 0px 3px 3px;float: none !important;margin-right: 0px;width: 348.859px\" data-mce-style=\"vertical-align: top; padding: 3px 0px 3px 3px; float: none !important; margin-right: 0px; width: 348.859px;\"><span class=\"a-size-base po-break-word\" style=\"line-height: 20px !important\" data-mce-style=\"line-height: 20px !important;\">2000 Watts<\/span><\/td>\n<\/tr>\n<tr class=\"a-spacing-small po-voltage\" style=\"margin-bottom: 8px !important\" data-mce-style=\"margin-bottom: 8px !important;\">\n<td class=\"a-span3\" style=\"vertical-align: top;padding: 3px 3px 0px 0px;float: none !important;margin-right: 0px;width: 109.859px\" data-mce-style=\"vertical-align: top; padding: 3px 3px 0px 0px; float: none !important; margin-right: 0px; width: 109.859px;\"><span class=\"a-size-base a-text-bold\" style=\"font-weight: 700 !important;line-height: 20px !important\" data-mce-style=\"font-weight: 700 !important; line-height: 20px !important;\">Tension<\/span><\/td>\n<td class=\"a-span9\" style=\"vertical-align: top;padding: 3px 0px 0px 3px;float: none !important;margin-right: 0px;width: 348.859px\" data-mce-style=\"vertical-align: top; padding: 3px 0px 0px 3px; float: none !important; margin-right: 0px; width: 348.859px;\"><span class=\"a-size-base po-break-word\" style=\"line-height: 20px !important\" data-mce-style=\"line-height: 20px !important;\">240 Volts<\/span><\/td>\n<\/tr>\n<\/tbody>\n<\/table>\n","protected":false},"featured_media":21816,"template":"","meta":{"_coblocks_attr":"","_coblocks_dimensions":"","_coblocks_responsive_height":"","_coblocks_accordion_ie_support":""},"pwb-brand":[],"product_brand":[],"product_cat":[],"product_tag":[],"class_list":{"0":"post-21817","1":"product","2":"type-product","3":"status-publish","4":"has-post-thumbnail","8":"first","9":"instock","10":"taxable","11":"shipping-taxable","12":"purchasable","13":"product-type-simple"},"yoast_head":"<!-- This site is optimized with the Yoast SEO plugin v27.4 - https:\/\/yoast.com\/product\/yoast-seo-wordpress\/ -->\n<title>Friteuse NINJA 6.2L - I-CONFORT<\/title>\n<meta name=\"robots\" content=\"index, follow, max-snippet:-1, max-image-preview:large, max-video-preview:-1\" \/>\n<link rel=\"canonical\" href=\"https:\/\/i-confort.com\/?product=friteuse-ninja-6-2l\" \/>\n<meta property=\"og:locale\" content=\"fr_FR\" \/>\n<meta property=\"og:type\" content=\"article\" \/>\n<meta property=\"og:title\" content=\"Friteuse NINJA 6.2L - I-CONFORT\" \/>\n<meta property=\"og:description\" content=\"Caract\u00e9ristique sp\u00e9ciale6 Fonctions de Cuisson, Frire sans huile, Max Crisp, R\u00f4tir, Cuire au four, R\u00e9chauffer et D\u00e9shydrater, Parties Antiadh\u00e9sives Lavables au Lave-vaisselle.6 Fonctions de Cuisson, Frire sans huile, Max Crisp, R\u00f4tir, Cuire au four, R\u00e9chauffer et D\u00e9shydrater, Parties Antiadh\u00e9sives Lavables au Lave-vaisselle.Dimensions du produit36P x 28l x 30,5H centim\u00e8tresCouleurGrisCapacit\u00e96,2 LitresUsages recommand\u00e9s pour le produitCuisson, D\u00e9shydratation, R\u00f4tissage, Air FryPuissance de sortie2000 WattsPoids de l&#039;article5,8 KilogrammesMarqueNINJAPuissance2000 WattsTension240 Volts\" \/>\n<meta property=\"og:url\" content=\"https:\/\/i-confort.com\/?product=friteuse-ninja-6-2l\" \/>\n<meta property=\"og:site_name\" content=\"I-CONFORT\" \/>\n<meta property=\"article:modified_time\" content=\"2025-03-19T13:18:58+00:00\" \/>\n<meta property=\"og:image\" content=\"https:\/\/i-confort.com\/wp-content\/uploads\/2024\/12\/7mOB9B3FrtWBpa2QS5HmXqn0o4PIyT0QnHauuT1M.jpg\" \/>\n\t<meta property=\"og:image:width\" content=\"680\" \/>\n\t<meta property=\"og:image:height\" content=\"680\" \/>\n\t<meta property=\"og:image:type\" content=\"image\/jpeg\" \/>\n<meta name=\"twitter:card\" content=\"summary_large_image\" \/>\n<script type=\"application\/ld+json\" class=\"yoast-schema-graph\">{\"@context\":\"https:\\\/\\\/schema.org\",\"@graph\":[{\"@type\":\"WebPage\",\"@id\":\"https:\\\/\\\/i-confort.com\\\/?product=friteuse-ninja-6-2l\",\"url\":\"https:\\\/\\\/i-confort.com\\\/?product=friteuse-ninja-6-2l\",\"name\":\"Friteuse NINJA 6.2L - I-CONFORT\",\"isPartOf\":{\"@id\":\"https:\\\/\\\/i-confort.com\\\/#website\"},\"primaryImageOfPage\":{\"@id\":\"https:\\\/\\\/i-confort.com\\\/?product=friteuse-ninja-6-2l#primaryimage\"},\"image\":{\"@id\":\"https:\\\/\\\/i-confort.com\\\/?product=friteuse-ninja-6-2l#primaryimage\"},\"thumbnailUrl\":\"https:\\\/\\\/i-confort.com\\\/wp-content\\\/uploads\\\/2024\\\/12\\\/7mOB9B3FrtWBpa2QS5HmXqn0o4PIyT0QnHauuT1M.jpg\",\"datePublished\":\"2024-12-15T13:28:55+00:00\",\"dateModified\":\"2025-03-19T13:18:58+00:00\",\"breadcrumb\":{\"@id\":\"https:\\\/\\\/i-confort.com\\\/?product=friteuse-ninja-6-2l#breadcrumb\"},\"inLanguage\":\"fr-FR\",\"potentialAction\":[{\"@type\":\"ReadAction\",\"target\":[\"https:\\\/\\\/i-confort.com\\\/?product=friteuse-ninja-6-2l\"]}]},{\"@type\":\"ImageObject\",\"inLanguage\":\"fr-FR\",\"@id\":\"https:\\\/\\\/i-confort.com\\\/?product=friteuse-ninja-6-2l#primaryimage\",\"url\":\"https:\\\/\\\/i-confort.com\\\/wp-content\\\/uploads\\\/2024\\\/12\\\/7mOB9B3FrtWBpa2QS5HmXqn0o4PIyT0QnHauuT1M.jpg\",\"contentUrl\":\"https:\\\/\\\/i-confort.com\\\/wp-content\\\/uploads\\\/2024\\\/12\\\/7mOB9B3FrtWBpa2QS5HmXqn0o4PIyT0QnHauuT1M.jpg\",\"width\":680,\"height\":680},{\"@type\":\"BreadcrumbList\",\"@id\":\"https:\\\/\\\/i-confort.com\\\/?product=friteuse-ninja-6-2l#breadcrumb\",\"itemListElement\":[{\"@type\":\"ListItem\",\"position\":1,\"name\":\"Home\",\"item\":\"https:\\\/\\\/i-confort.com\\\/\"},{\"@type\":\"ListItem\",\"position\":2,\"name\":\"Boutique\",\"item\":\"https:\\\/\\\/i-confort.com\\\/?page_id=7\"},{\"@type\":\"ListItem\",\"position\":3,\"name\":\"Friteuse NINJA 6.2L\"}]},{\"@type\":\"WebSite\",\"@id\":\"https:\\\/\\\/i-confort.com\\\/#website\",\"url\":\"https:\\\/\\\/i-confort.com\\\/\",\"name\":\"I-CONFORT\",\"description\":\"Site de vente en ligne\",\"potentialAction\":[{\"@type\":\"SearchAction\",\"target\":{\"@type\":\"EntryPoint\",\"urlTemplate\":\"https:\\\/\\\/i-confort.com\\\/?s={search_term_string}\"},\"query-input\":{\"@type\":\"PropertyValueSpecification\",\"valueRequired\":true,\"valueName\":\"search_term_string\"}}],\"inLanguage\":\"fr-FR\"}]}<\/script>\n<!-- \/ Yoast SEO plugin. -->","yoast_head_json":{"title":"Friteuse NINJA 6.2L - I-CONFORT","robots":{"index":"index","follow":"follow","max-snippet":"max-snippet:-1","max-image-preview":"max-image-preview:large","max-video-preview":"max-video-preview:-1"},"canonical":"https:\/\/i-confort.com\/?product=friteuse-ninja-6-2l","og_locale":"fr_FR","og_type":"article","og_title":"Friteuse NINJA 6.2L - I-CONFORT","og_description":"Caract\u00e9ristique sp\u00e9ciale6 Fonctions de Cuisson, Frire sans huile, Max Crisp, R\u00f4tir, Cuire au four, R\u00e9chauffer et D\u00e9shydrater, Parties Antiadh\u00e9sives Lavables au Lave-vaisselle.6 Fonctions de Cuisson, Frire sans huile, Max Crisp, R\u00f4tir, Cuire au four, R\u00e9chauffer et D\u00e9shydrater, Parties Antiadh\u00e9sives Lavables au Lave-vaisselle.Dimensions du produit36P x 28l x 30,5H centim\u00e8tresCouleurGrisCapacit\u00e96,2 LitresUsages recommand\u00e9s pour le produitCuisson, D\u00e9shydratation, R\u00f4tissage, Air FryPuissance de sortie2000 WattsPoids de l'article5,8 KilogrammesMarqueNINJAPuissance2000 WattsTension240 Volts","og_url":"https:\/\/i-confort.com\/?product=friteuse-ninja-6-2l","og_site_name":"I-CONFORT","article_modified_time":"2025-03-19T13:18:58+00:00","og_image":[{"width":680,"height":680,"url":"https:\/\/i-confort.com\/wp-content\/uploads\/2024\/12\/7mOB9B3FrtWBpa2QS5HmXqn0o4PIyT0QnHauuT1M.jpg","type":"image\/jpeg"}],"twitter_card":"summary_large_image","schema":{"@context":"https:\/\/schema.org","@graph":[{"@type":"WebPage","@id":"https:\/\/i-confort.com\/?product=friteuse-ninja-6-2l","url":"https:\/\/i-confort.com\/?product=friteuse-ninja-6-2l","name":"Friteuse NINJA 6.2L - I-CONFORT","isPartOf":{"@id":"https:\/\/i-confort.com\/#website"},"primaryImageOfPage":{"@id":"https:\/\/i-confort.com\/?product=friteuse-ninja-6-2l#primaryimage"},"image":{"@id":"https:\/\/i-confort.com\/?product=friteuse-ninja-6-2l#primaryimage"},"thumbnailUrl":"https:\/\/i-confort.com\/wp-content\/uploads\/2024\/12\/7mOB9B3FrtWBpa2QS5HmXqn0o4PIyT0QnHauuT1M.jpg","datePublished":"2024-12-15T13:28:55+00:00","dateModified":"2025-03-19T13:18:58+00:00","breadcrumb":{"@id":"https:\/\/i-confort.com\/?product=friteuse-ninja-6-2l#breadcrumb"},"inLanguage":"fr-FR","potentialAction":[{"@type":"ReadAction","target":["https:\/\/i-confort.com\/?product=friteuse-ninja-6-2l"]}]},{"@type":"ImageObject","inLanguage":"fr-FR","@id":"https:\/\/i-confort.com\/?product=friteuse-ninja-6-2l#primaryimage","url":"https:\/\/i-confort.com\/wp-content\/uploads\/2024\/12\/7mOB9B3FrtWBpa2QS5HmXqn0o4PIyT0QnHauuT1M.jpg","contentUrl":"https:\/\/i-confort.com\/wp-content\/uploads\/2024\/12\/7mOB9B3FrtWBpa2QS5HmXqn0o4PIyT0QnHauuT1M.jpg","width":680,"height":680},{"@type":"BreadcrumbList","@id":"https:\/\/i-confort.com\/?product=friteuse-ninja-6-2l#breadcrumb","itemListElement":[{"@type":"ListItem","position":1,"name":"Home","item":"https:\/\/i-confort.com\/"},{"@type":"ListItem","position":2,"name":"Boutique","item":"https:\/\/i-confort.com\/?page_id=7"},{"@type":"ListItem","position":3,"name":"Friteuse NINJA 6.2L"}]},{"@type":"WebSite","@id":"https:\/\/i-confort.com\/#website","url":"https:\/\/i-confort.com\/","name":"I-CONFORT","description":"Site de vente en ligne","potentialAction":[{"@type":"SearchAction","target":{"@type":"EntryPoint","urlTemplate":"https:\/\/i-confort.com\/?s={search_term_string}"},"query-input":{"@type":"PropertyValueSpecification","valueRequired":true,"valueName":"search_term_string"}}],"inLanguage":"fr-FR"}]}},"brands":[],"_links":{"self":[{"href":"https:\/\/i-confort.com\/index.php?rest_route=\/wp\/v2\/product\/21817","targetHints":{"allow":["GET"]}}],"collection":[{"href":"https:\/\/i-confort.com\/index.php?rest_route=\/wp\/v2\/product"}],"about":[{"href":"https:\/\/i-confort.com\/index.php?rest_route=\/wp\/v2\/types\/product"}],"wp:featuredmedia":[{"embeddable":true,"href":"https:\/\/i-confort.com\/index.php?rest_route=\/wp\/v2\/media\/21816"}],"wp:attachment":[{"href":"https:\/\/i-confort.com\/index.php?rest_route=%2Fwp%2Fv2%2Fmedia&parent=21817"}],"wp:term":[{"taxonomy":"pwb-brand","embeddable":true,"href":"https:\/\/i-confort.com\/index.php?rest_route=%2Fwp%2Fv2%2Fpwb-brand&post=21817"},{"taxonomy":"product_brand","embeddable":true,"href":"https:\/\/i-confort.com\/index.php?rest_route=%2Fwp%2Fv2%2Fproduct_brand&post=21817"},{"taxonomy":"product_cat","embeddable":true,"href":"https:\/\/i-confort.com\/index.php?rest_route=%2Fwp%2Fv2%2Fproduct_cat&post=21817"},{"taxonomy":"product_tag","embeddable":true,"href":"https:\/\/i-confort.com\/index.php?rest_route=%2Fwp%2Fv2%2Fproduct_tag&post=21817"}],"curies":[{"name":"wp","href":"https:\/\/api.w.org\/{rel}","templated":true}]}}