{"id":21853,"date":"2024-12-16T08:07:10","date_gmt":"2024-12-16T08:07:10","guid":{"rendered":"https:\/\/i-confort.com\/?product=rowenta-fer-2600w-dw4345d1"},"modified":"2024-12-16T08:07:10","modified_gmt":"2024-12-16T08:07:10","slug":"rowenta-fer-2600w-dw4345d1","status":"publish","type":"product","link":"https:\/\/i-confort.com\/?product=rowenta-fer-2600w-dw4345d1","title":{"rendered":"ROWENTA fer 2600w\/DW4345D1"},"content":{"rendered":"<p><br data-mce-bogus=\"1\"><\/p>\n","protected":false},"excerpt":{"rendered":"<p><ul style=\"margin-top: 24px;margin-bottom: 10px;padding: 0px 0px 0px 18px;font-family: Cairo, sans-serif;font-size: 15px;font-style: normal;font-weight: 400;letter-spacing: normal;text-align: start;text-indent: 0px;text-transform: none\"><\/ul>\n<\/p>\n<article style=\"font-family: Cairo, sans-serif;font-size: 15px;font-style: normal;font-weight: 400;letter-spacing: normal;text-align: start;text-indent: 0px;text-transform: none\">\n<div class=\"product-characteristics secondary-details__block secondary-details__characteristics\">\n<div class=\"product-characteristics__wrap product-characteristics__wrap--no-hero\" data-testid=\"product-characteristics-wrap\">\n<div class=\"product-characteristics__description\">\n<div data-testid=\"product-characteristics-description\">ROWENTA EXPRESS STEAM fer \u00e0 repasser vapeur, semelle Microsteam 350, diffusion optimale de la vapeur, fer \u00e0 repasser avec d\u00e9bit vapeur continu de 40 g\/min, fonction pressing de 200 g\/min EXPRESS STEAM : un fer \u00e0 repasser puissant offrant de meilleures performances et dot\u00e9 d&rsquo;une semelle exceptionnelle pour des sessions de repassage plus rapides et faciles SESSIONS DE REPASSAGE PLUS EFFICACES ET EXCELLENTE DISTRIBUTION DE LA VAPEUR : un fer \u00e0 repasser avec une glisse parfaite gr\u00e2ce \u00e0 la technologie unique brevet\u00e9e de semelle Microsteam 350 PERFORMANCES VAPEUR PUISSANTES : puissance de 2 600 W associ\u00e9e \u00e0 un d\u00e9bit de vapeur continu allant jusqu&rsquo;\u00e0 40 g\/minute et \u00e0 une fonction pressing puissante allant jusqu&rsquo;\u00e0 200 g\/minute POLYVALENCE ET SIMPLICITE : fonction de d\u00e9froissage vertical pour les v\u00eatements larges et d\u00e9licats, ainsi que pour les costumes et les rideaux R\u00e9parabilit\u00e9 15 ans, Garantie PROTECTION ANTI-GOUTTE : gardez vos tissus et v\u00eatements toujours impeccables gr\u00e2ce au syst\u00e8me avanc\u00e9 de protection anti-goutte DURABILITE ET PERFORMANCES JOUR APRES JOUR : fer \u00e0 repasser vapeur durable avec une conception exceptionnelle en acier inoxydable de haute qualit\u00e9 DESIGN MODERNE ET ELEGANT : pour un style \u00e0 la hauteur de ses performances GRANDE OUVERTURE : pour un confort d&rsquo;utilisation optimal et un remplissage plus facile<\/div>\n<\/div>\n<\/div>\n<\/div>\n<div id=\"data-advertising-undefined\" class=\"advertising-placeholder-recommendation secondary-details__block secondary-details__recommendation secondary-details__recommendation--non-food\" data-zone=\"2\">\u00a0<\/div>\n<\/article>\n","protected":false},"featured_media":21852,"template":"","meta":{"_coblocks_attr":"","_coblocks_dimensions":"","_coblocks_responsive_height":"","_coblocks_accordion_ie_support":""},"pwb-brand":[428],"product_brand":[],"product_cat":[97],"product_tag":[],"class_list":{"0":"post-21853","1":"product","2":"type-product","3":"status-publish","4":"has-post-thumbnail","6":"pwb-brand-rowenta","7":"product_cat-electromenagers","10":"first","11":"instock","12":"taxable","13":"shipping-taxable","14":"purchasable","15":"product-type-simple"},"yoast_head":"<!-- This site is optimized with the Yoast SEO plugin v27.4 - https:\/\/yoast.com\/product\/yoast-seo-wordpress\/ -->\n<title>ROWENTA fer 2600w\/DW4345D1 - I-CONFORT<\/title>\n<meta name=\"robots\" content=\"index, follow, max-snippet:-1, max-image-preview:large, max-video-preview:-1\" \/>\n<link rel=\"canonical\" href=\"https:\/\/i-confort.com\/?product=rowenta-fer-2600w-dw4345d1\" \/>\n<meta property=\"og:locale\" content=\"fr_FR\" \/>\n<meta property=\"og:type\" content=\"article\" \/>\n<meta property=\"og:title\" content=\"ROWENTA fer 2600w\/DW4345D1 - I-CONFORT\" \/>\n<meta property=\"og:description\" content=\"ROWENTA EXPRESS STEAM fer \u00e0 repasser vapeur, semelle Microsteam 350, diffusion optimale de la vapeur, fer \u00e0 repasser avec d\u00e9bit vapeur continu de 40 g\/min, fonction pressing de 200 g\/min EXPRESS STEAM : un fer \u00e0 repasser puissant offrant de meilleures performances et dot\u00e9 d&#039;une semelle exceptionnelle pour des sessions de repassage plus rapides et faciles SESSIONS DE REPASSAGE PLUS EFFICACES ET EXCELLENTE DISTRIBUTION DE LA VAPEUR : un fer \u00e0 repasser avec une glisse parfaite gr\u00e2ce \u00e0 la technologie unique brevet\u00e9e de semelle Microsteam 350 PERFORMANCES VAPEUR PUISSANTES : puissance de 2 600 W associ\u00e9e \u00e0 un d\u00e9bit de vapeur continu allant jusqu&#039;\u00e0 40 g\/minute et \u00e0 une fonction pressing puissante allant jusqu&#039;\u00e0 200 g\/minute POLYVALENCE ET SIMPLICITE : fonction de d\u00e9froissage vertical pour les v\u00eatements larges et d\u00e9licats, ainsi que pour les costumes et les rideaux R\u00e9parabilit\u00e9 15 ans, Garantie PROTECTION ANTI-GOUTTE : gardez vos tissus et v\u00eatements toujours impeccables gr\u00e2ce au syst\u00e8me avanc\u00e9 de protection anti-goutte DURABILITE ET PERFORMANCES JOUR APRES JOUR : fer \u00e0 repasser vapeur durable avec une conception exceptionnelle en acier inoxydable de haute qualit\u00e9 DESIGN MODERNE ET ELEGANT : pour un style \u00e0 la hauteur de ses performances GRANDE OUVERTURE : pour un confort d&#039;utilisation optimal et un remplissage plus facile\u00a0\" \/>\n<meta property=\"og:url\" content=\"https:\/\/i-confort.com\/?product=rowenta-fer-2600w-dw4345d1\" \/>\n<meta property=\"og:site_name\" content=\"I-CONFORT\" \/>\n<meta property=\"og:image\" content=\"https:\/\/i-confort.com\/wp-content\/uploads\/2024\/12\/2600.jpg\" \/>\n\t<meta property=\"og:image:width\" content=\"1048\" \/>\n\t<meta property=\"og:image:height\" content=\"1049\" \/>\n\t<meta property=\"og:image:type\" content=\"image\/jpeg\" \/>\n<meta name=\"twitter:card\" content=\"summary_large_image\" \/>\n<script type=\"application\/ld+json\" class=\"yoast-schema-graph\">{\"@context\":\"https:\\\/\\\/schema.org\",\"@graph\":[{\"@type\":\"WebPage\",\"@id\":\"https:\\\/\\\/i-confort.com\\\/?product=rowenta-fer-2600w-dw4345d1\",\"url\":\"https:\\\/\\\/i-confort.com\\\/?product=rowenta-fer-2600w-dw4345d1\",\"name\":\"ROWENTA fer 2600w\\\/DW4345D1 - I-CONFORT\",\"isPartOf\":{\"@id\":\"https:\\\/\\\/i-confort.com\\\/#website\"},\"primaryImageOfPage\":{\"@id\":\"https:\\\/\\\/i-confort.com\\\/?product=rowenta-fer-2600w-dw4345d1#primaryimage\"},\"image\":{\"@id\":\"https:\\\/\\\/i-confort.com\\\/?product=rowenta-fer-2600w-dw4345d1#primaryimage\"},\"thumbnailUrl\":\"https:\\\/\\\/i-confort.com\\\/wp-content\\\/uploads\\\/2024\\\/12\\\/2600.jpg\",\"datePublished\":\"2024-12-16T08:07:10+00:00\",\"breadcrumb\":{\"@id\":\"https:\\\/\\\/i-confort.com\\\/?product=rowenta-fer-2600w-dw4345d1#breadcrumb\"},\"inLanguage\":\"fr-FR\",\"potentialAction\":[{\"@type\":\"ReadAction\",\"target\":[\"https:\\\/\\\/i-confort.com\\\/?product=rowenta-fer-2600w-dw4345d1\"]}]},{\"@type\":\"ImageObject\",\"inLanguage\":\"fr-FR\",\"@id\":\"https:\\\/\\\/i-confort.com\\\/?product=rowenta-fer-2600w-dw4345d1#primaryimage\",\"url\":\"https:\\\/\\\/i-confort.com\\\/wp-content\\\/uploads\\\/2024\\\/12\\\/2600.jpg\",\"contentUrl\":\"https:\\\/\\\/i-confort.com\\\/wp-content\\\/uploads\\\/2024\\\/12\\\/2600.jpg\",\"width\":1048,\"height\":1049},{\"@type\":\"BreadcrumbList\",\"@id\":\"https:\\\/\\\/i-confort.com\\\/?product=rowenta-fer-2600w-dw4345d1#breadcrumb\",\"itemListElement\":[{\"@type\":\"ListItem\",\"position\":1,\"name\":\"Home\",\"item\":\"https:\\\/\\\/i-confort.com\\\/\"},{\"@type\":\"ListItem\",\"position\":2,\"name\":\"Boutique\",\"item\":\"https:\\\/\\\/i-confort.com\\\/?page_id=7\"},{\"@type\":\"ListItem\",\"position\":3,\"name\":\"ROWENTA fer 2600w\\\/DW4345D1\"}]},{\"@type\":\"WebSite\",\"@id\":\"https:\\\/\\\/i-confort.com\\\/#website\",\"url\":\"https:\\\/\\\/i-confort.com\\\/\",\"name\":\"I-CONFORT\",\"description\":\"Site de vente en ligne\",\"potentialAction\":[{\"@type\":\"SearchAction\",\"target\":{\"@type\":\"EntryPoint\",\"urlTemplate\":\"https:\\\/\\\/i-confort.com\\\/?s={search_term_string}\"},\"query-input\":{\"@type\":\"PropertyValueSpecification\",\"valueRequired\":true,\"valueName\":\"search_term_string\"}}],\"inLanguage\":\"fr-FR\"}]}<\/script>\n<!-- \/ Yoast SEO plugin. -->","yoast_head_json":{"title":"ROWENTA fer 2600w\/DW4345D1 - I-CONFORT","robots":{"index":"index","follow":"follow","max-snippet":"max-snippet:-1","max-image-preview":"max-image-preview:large","max-video-preview":"max-video-preview:-1"},"canonical":"https:\/\/i-confort.com\/?product=rowenta-fer-2600w-dw4345d1","og_locale":"fr_FR","og_type":"article","og_title":"ROWENTA fer 2600w\/DW4345D1 - I-CONFORT","og_description":"ROWENTA EXPRESS STEAM fer \u00e0 repasser vapeur, semelle Microsteam 350, diffusion optimale de la vapeur, fer \u00e0 repasser avec d\u00e9bit vapeur continu de 40 g\/min, fonction pressing de 200 g\/min EXPRESS STEAM : un fer \u00e0 repasser puissant offrant de meilleures performances et dot\u00e9 d'une semelle exceptionnelle pour des sessions de repassage plus rapides et faciles SESSIONS DE REPASSAGE PLUS EFFICACES ET EXCELLENTE DISTRIBUTION DE LA VAPEUR : un fer \u00e0 repasser avec une glisse parfaite gr\u00e2ce \u00e0 la technologie unique brevet\u00e9e de semelle Microsteam 350 PERFORMANCES VAPEUR PUISSANTES : puissance de 2 600 W associ\u00e9e \u00e0 un d\u00e9bit de vapeur continu allant jusqu'\u00e0 40 g\/minute et \u00e0 une fonction pressing puissante allant jusqu'\u00e0 200 g\/minute POLYVALENCE ET SIMPLICITE : fonction de d\u00e9froissage vertical pour les v\u00eatements larges et d\u00e9licats, ainsi que pour les costumes et les rideaux R\u00e9parabilit\u00e9 15 ans, Garantie PROTECTION ANTI-GOUTTE : gardez vos tissus et v\u00eatements toujours impeccables gr\u00e2ce au syst\u00e8me avanc\u00e9 de protection anti-goutte DURABILITE ET PERFORMANCES JOUR APRES JOUR : fer \u00e0 repasser vapeur durable avec une conception exceptionnelle en acier inoxydable de haute qualit\u00e9 DESIGN MODERNE ET ELEGANT : pour un style \u00e0 la hauteur de ses performances GRANDE OUVERTURE : pour un confort d'utilisation optimal et un remplissage plus facile\u00a0","og_url":"https:\/\/i-confort.com\/?product=rowenta-fer-2600w-dw4345d1","og_site_name":"I-CONFORT","og_image":[{"width":1048,"height":1049,"url":"https:\/\/i-confort.com\/wp-content\/uploads\/2024\/12\/2600.jpg","type":"image\/jpeg"}],"twitter_card":"summary_large_image","schema":{"@context":"https:\/\/schema.org","@graph":[{"@type":"WebPage","@id":"https:\/\/i-confort.com\/?product=rowenta-fer-2600w-dw4345d1","url":"https:\/\/i-confort.com\/?product=rowenta-fer-2600w-dw4345d1","name":"ROWENTA fer 2600w\/DW4345D1 - I-CONFORT","isPartOf":{"@id":"https:\/\/i-confort.com\/#website"},"primaryImageOfPage":{"@id":"https:\/\/i-confort.com\/?product=rowenta-fer-2600w-dw4345d1#primaryimage"},"image":{"@id":"https:\/\/i-confort.com\/?product=rowenta-fer-2600w-dw4345d1#primaryimage"},"thumbnailUrl":"https:\/\/i-confort.com\/wp-content\/uploads\/2024\/12\/2600.jpg","datePublished":"2024-12-16T08:07:10+00:00","breadcrumb":{"@id":"https:\/\/i-confort.com\/?product=rowenta-fer-2600w-dw4345d1#breadcrumb"},"inLanguage":"fr-FR","potentialAction":[{"@type":"ReadAction","target":["https:\/\/i-confort.com\/?product=rowenta-fer-2600w-dw4345d1"]}]},{"@type":"ImageObject","inLanguage":"fr-FR","@id":"https:\/\/i-confort.com\/?product=rowenta-fer-2600w-dw4345d1#primaryimage","url":"https:\/\/i-confort.com\/wp-content\/uploads\/2024\/12\/2600.jpg","contentUrl":"https:\/\/i-confort.com\/wp-content\/uploads\/2024\/12\/2600.jpg","width":1048,"height":1049},{"@type":"BreadcrumbList","@id":"https:\/\/i-confort.com\/?product=rowenta-fer-2600w-dw4345d1#breadcrumb","itemListElement":[{"@type":"ListItem","position":1,"name":"Home","item":"https:\/\/i-confort.com\/"},{"@type":"ListItem","position":2,"name":"Boutique","item":"https:\/\/i-confort.com\/?page_id=7"},{"@type":"ListItem","position":3,"name":"ROWENTA fer 2600w\/DW4345D1"}]},{"@type":"WebSite","@id":"https:\/\/i-confort.com\/#website","url":"https:\/\/i-confort.com\/","name":"I-CONFORT","description":"Site de vente en ligne","potentialAction":[{"@type":"SearchAction","target":{"@type":"EntryPoint","urlTemplate":"https:\/\/i-confort.com\/?s={search_term_string}"},"query-input":{"@type":"PropertyValueSpecification","valueRequired":true,"valueName":"search_term_string"}}],"inLanguage":"fr-FR"}]}},"brands":[{"id":428,"name":"ROWENTA","slug":"rowenta"}],"_links":{"self":[{"href":"https:\/\/i-confort.com\/index.php?rest_route=\/wp\/v2\/product\/21853","targetHints":{"allow":["GET"]}}],"collection":[{"href":"https:\/\/i-confort.com\/index.php?rest_route=\/wp\/v2\/product"}],"about":[{"href":"https:\/\/i-confort.com\/index.php?rest_route=\/wp\/v2\/types\/product"}],"wp:featuredmedia":[{"embeddable":true,"href":"https:\/\/i-confort.com\/index.php?rest_route=\/wp\/v2\/media\/21852"}],"wp:attachment":[{"href":"https:\/\/i-confort.com\/index.php?rest_route=%2Fwp%2Fv2%2Fmedia&parent=21853"}],"wp:term":[{"taxonomy":"pwb-brand","embeddable":true,"href":"https:\/\/i-confort.com\/index.php?rest_route=%2Fwp%2Fv2%2Fpwb-brand&post=21853"},{"taxonomy":"product_brand","embeddable":true,"href":"https:\/\/i-confort.com\/index.php?rest_route=%2Fwp%2Fv2%2Fproduct_brand&post=21853"},{"taxonomy":"product_cat","embeddable":true,"href":"https:\/\/i-confort.com\/index.php?rest_route=%2Fwp%2Fv2%2Fproduct_cat&post=21853"},{"taxonomy":"product_tag","embeddable":true,"href":"https:\/\/i-confort.com\/index.php?rest_route=%2Fwp%2Fv2%2Fproduct_tag&post=21853"}],"curies":[{"name":"wp","href":"https:\/\/api.w.org\/{rel}","templated":true}]}}