{"id":23495,"date":"2025-04-19T17:54:41","date_gmt":"2025-04-19T17:54:41","guid":{"rendered":"https:\/\/i-confort.com\/?product=beko-refrigerateur-combine-630l-no-frost-inox-rcne630e2zvx"},"modified":"2025-04-19T17:54:41","modified_gmt":"2025-04-19T17:54:41","slug":"beko-refrigerateur-combine-630l-no-frost-inox-rcne630e2zvx","status":"publish","type":"product","link":"https:\/\/i-confort.com\/?product=beko-refrigerateur-combine-630l-no-frost-inox-rcne630e2zvx","title":{"rendered":"BEKO REFRIGERATEUR COMBINE 630L NO FROST INOX RCNE630E2ZVX"},"content":{"rendered":"<ul style=\"padding-left: 1.5em;font-family: Poppins, sans-serif;font-size: 18px;font-weight: 600\">\n<li>Type de produit: Combin\u00e9s<\/li>\n<li>Classe d&rsquo;efficacit\u00e9 \u00e9nerg\u00e9tique: A+<\/li>\n<li>ProSmart\u2122 Inverter Compressor: Plus performant, plus silencieux et plus \u00e9conome<\/li>\n<li>Type de froid: NoFrost<\/li>\n<li>Compartiment &#8211; EverFresh+\u00ae: Pour des fruits et l\u00e9gumes frais jusqu&rsquo;\u00e0 30 jours<\/li>\n<li>Type d&rsquo;affichage: LED<\/li>\n<\/ul>\n","protected":false},"excerpt":{"rendered":"<p><br data-mce-bogus=\"1\"><\/p>\n","protected":false},"featured_media":23494,"template":"","meta":{"_coblocks_attr":"","_coblocks_dimensions":"","_coblocks_responsive_height":"","_coblocks_accordion_ie_support":""},"pwb-brand":[406],"product_brand":[],"product_cat":[97,348],"product_tag":[],"class_list":{"0":"post-23495","1":"product","2":"type-product","3":"status-publish","4":"has-post-thumbnail","6":"pwb-brand-beko","7":"product_cat-electromenagers","8":"product_cat-refrigirateur","11":"first","12":"instock","13":"taxable","14":"shipping-taxable","15":"purchasable","16":"product-type-simple"},"yoast_head":"<!-- This site is optimized with the Yoast SEO plugin v27.4 - https:\/\/yoast.com\/product\/yoast-seo-wordpress\/ -->\n<title>BEKO REFRIGERATEUR COMBINE 630L NO FROST INOX RCNE630E2ZVX - I-CONFORT<\/title>\n<meta name=\"robots\" content=\"index, follow, max-snippet:-1, max-image-preview:large, max-video-preview:-1\" \/>\n<link rel=\"canonical\" href=\"https:\/\/i-confort.com\/?product=beko-refrigerateur-combine-630l-no-frost-inox-rcne630e2zvx\" \/>\n<meta property=\"og:locale\" content=\"fr_FR\" \/>\n<meta property=\"og:type\" content=\"article\" \/>\n<meta property=\"og:title\" content=\"BEKO REFRIGERATEUR COMBINE 630L NO FROST INOX RCNE630E2ZVX - I-CONFORT\" \/>\n<meta property=\"og:url\" content=\"https:\/\/i-confort.com\/?product=beko-refrigerateur-combine-630l-no-frost-inox-rcne630e2zvx\" \/>\n<meta property=\"og:site_name\" content=\"I-CONFORT\" \/>\n<meta property=\"og:image\" content=\"https:\/\/i-confort.com\/wp-content\/uploads\/2025\/04\/original-4.png\" \/>\n\t<meta property=\"og:image:width\" content=\"805\" \/>\n\t<meta property=\"og:image:height\" content=\"2000\" \/>\n\t<meta property=\"og:image:type\" content=\"image\/png\" \/>\n<meta name=\"twitter:card\" content=\"summary_large_image\" \/>\n<script type=\"application\/ld+json\" class=\"yoast-schema-graph\">{\"@context\":\"https:\\\/\\\/schema.org\",\"@graph\":[{\"@type\":\"WebPage\",\"@id\":\"https:\\\/\\\/i-confort.com\\\/?product=beko-refrigerateur-combine-630l-no-frost-inox-rcne630e2zvx\",\"url\":\"https:\\\/\\\/i-confort.com\\\/?product=beko-refrigerateur-combine-630l-no-frost-inox-rcne630e2zvx\",\"name\":\"BEKO REFRIGERATEUR COMBINE 630L NO FROST INOX RCNE630E2ZVX - I-CONFORT\",\"isPartOf\":{\"@id\":\"https:\\\/\\\/i-confort.com\\\/#website\"},\"primaryImageOfPage\":{\"@id\":\"https:\\\/\\\/i-confort.com\\\/?product=beko-refrigerateur-combine-630l-no-frost-inox-rcne630e2zvx#primaryimage\"},\"image\":{\"@id\":\"https:\\\/\\\/i-confort.com\\\/?product=beko-refrigerateur-combine-630l-no-frost-inox-rcne630e2zvx#primaryimage\"},\"thumbnailUrl\":\"https:\\\/\\\/i-confort.com\\\/wp-content\\\/uploads\\\/2025\\\/04\\\/original-4.png\",\"datePublished\":\"2025-04-19T17:54:41+00:00\",\"breadcrumb\":{\"@id\":\"https:\\\/\\\/i-confort.com\\\/?product=beko-refrigerateur-combine-630l-no-frost-inox-rcne630e2zvx#breadcrumb\"},\"inLanguage\":\"fr-FR\",\"potentialAction\":[{\"@type\":\"ReadAction\",\"target\":[\"https:\\\/\\\/i-confort.com\\\/?product=beko-refrigerateur-combine-630l-no-frost-inox-rcne630e2zvx\"]}]},{\"@type\":\"ImageObject\",\"inLanguage\":\"fr-FR\",\"@id\":\"https:\\\/\\\/i-confort.com\\\/?product=beko-refrigerateur-combine-630l-no-frost-inox-rcne630e2zvx#primaryimage\",\"url\":\"https:\\\/\\\/i-confort.com\\\/wp-content\\\/uploads\\\/2025\\\/04\\\/original-4.png\",\"contentUrl\":\"https:\\\/\\\/i-confort.com\\\/wp-content\\\/uploads\\\/2025\\\/04\\\/original-4.png\",\"width\":805,\"height\":2000},{\"@type\":\"BreadcrumbList\",\"@id\":\"https:\\\/\\\/i-confort.com\\\/?product=beko-refrigerateur-combine-630l-no-frost-inox-rcne630e2zvx#breadcrumb\",\"itemListElement\":[{\"@type\":\"ListItem\",\"position\":1,\"name\":\"Home\",\"item\":\"https:\\\/\\\/i-confort.com\\\/\"},{\"@type\":\"ListItem\",\"position\":2,\"name\":\"Boutique\",\"item\":\"https:\\\/\\\/i-confort.com\\\/?page_id=7\"},{\"@type\":\"ListItem\",\"position\":3,\"name\":\"BEKO REFRIGERATEUR COMBINE 630L NO FROST INOX RCNE630E2ZVX\"}]},{\"@type\":\"WebSite\",\"@id\":\"https:\\\/\\\/i-confort.com\\\/#website\",\"url\":\"https:\\\/\\\/i-confort.com\\\/\",\"name\":\"I-CONFORT\",\"description\":\"Site de vente en ligne\",\"potentialAction\":[{\"@type\":\"SearchAction\",\"target\":{\"@type\":\"EntryPoint\",\"urlTemplate\":\"https:\\\/\\\/i-confort.com\\\/?s={search_term_string}\"},\"query-input\":{\"@type\":\"PropertyValueSpecification\",\"valueRequired\":true,\"valueName\":\"search_term_string\"}}],\"inLanguage\":\"fr-FR\"}]}<\/script>\n<!-- \/ Yoast SEO plugin. -->","yoast_head_json":{"title":"BEKO REFRIGERATEUR COMBINE 630L NO FROST INOX RCNE630E2ZVX - I-CONFORT","robots":{"index":"index","follow":"follow","max-snippet":"max-snippet:-1","max-image-preview":"max-image-preview:large","max-video-preview":"max-video-preview:-1"},"canonical":"https:\/\/i-confort.com\/?product=beko-refrigerateur-combine-630l-no-frost-inox-rcne630e2zvx","og_locale":"fr_FR","og_type":"article","og_title":"BEKO REFRIGERATEUR COMBINE 630L NO FROST INOX RCNE630E2ZVX - I-CONFORT","og_url":"https:\/\/i-confort.com\/?product=beko-refrigerateur-combine-630l-no-frost-inox-rcne630e2zvx","og_site_name":"I-CONFORT","og_image":[{"width":805,"height":2000,"url":"https:\/\/i-confort.com\/wp-content\/uploads\/2025\/04\/original-4.png","type":"image\/png"}],"twitter_card":"summary_large_image","schema":{"@context":"https:\/\/schema.org","@graph":[{"@type":"WebPage","@id":"https:\/\/i-confort.com\/?product=beko-refrigerateur-combine-630l-no-frost-inox-rcne630e2zvx","url":"https:\/\/i-confort.com\/?product=beko-refrigerateur-combine-630l-no-frost-inox-rcne630e2zvx","name":"BEKO REFRIGERATEUR COMBINE 630L NO FROST INOX RCNE630E2ZVX - I-CONFORT","isPartOf":{"@id":"https:\/\/i-confort.com\/#website"},"primaryImageOfPage":{"@id":"https:\/\/i-confort.com\/?product=beko-refrigerateur-combine-630l-no-frost-inox-rcne630e2zvx#primaryimage"},"image":{"@id":"https:\/\/i-confort.com\/?product=beko-refrigerateur-combine-630l-no-frost-inox-rcne630e2zvx#primaryimage"},"thumbnailUrl":"https:\/\/i-confort.com\/wp-content\/uploads\/2025\/04\/original-4.png","datePublished":"2025-04-19T17:54:41+00:00","breadcrumb":{"@id":"https:\/\/i-confort.com\/?product=beko-refrigerateur-combine-630l-no-frost-inox-rcne630e2zvx#breadcrumb"},"inLanguage":"fr-FR","potentialAction":[{"@type":"ReadAction","target":["https:\/\/i-confort.com\/?product=beko-refrigerateur-combine-630l-no-frost-inox-rcne630e2zvx"]}]},{"@type":"ImageObject","inLanguage":"fr-FR","@id":"https:\/\/i-confort.com\/?product=beko-refrigerateur-combine-630l-no-frost-inox-rcne630e2zvx#primaryimage","url":"https:\/\/i-confort.com\/wp-content\/uploads\/2025\/04\/original-4.png","contentUrl":"https:\/\/i-confort.com\/wp-content\/uploads\/2025\/04\/original-4.png","width":805,"height":2000},{"@type":"BreadcrumbList","@id":"https:\/\/i-confort.com\/?product=beko-refrigerateur-combine-630l-no-frost-inox-rcne630e2zvx#breadcrumb","itemListElement":[{"@type":"ListItem","position":1,"name":"Home","item":"https:\/\/i-confort.com\/"},{"@type":"ListItem","position":2,"name":"Boutique","item":"https:\/\/i-confort.com\/?page_id=7"},{"@type":"ListItem","position":3,"name":"BEKO REFRIGERATEUR COMBINE 630L NO FROST INOX RCNE630E2ZVX"}]},{"@type":"WebSite","@id":"https:\/\/i-confort.com\/#website","url":"https:\/\/i-confort.com\/","name":"I-CONFORT","description":"Site de vente en ligne","potentialAction":[{"@type":"SearchAction","target":{"@type":"EntryPoint","urlTemplate":"https:\/\/i-confort.com\/?s={search_term_string}"},"query-input":{"@type":"PropertyValueSpecification","valueRequired":true,"valueName":"search_term_string"}}],"inLanguage":"fr-FR"}]}},"brands":[{"id":406,"name":"BEKO","slug":"beko"}],"_links":{"self":[{"href":"https:\/\/i-confort.com\/index.php?rest_route=\/wp\/v2\/product\/23495","targetHints":{"allow":["GET"]}}],"collection":[{"href":"https:\/\/i-confort.com\/index.php?rest_route=\/wp\/v2\/product"}],"about":[{"href":"https:\/\/i-confort.com\/index.php?rest_route=\/wp\/v2\/types\/product"}],"wp:featuredmedia":[{"embeddable":true,"href":"https:\/\/i-confort.com\/index.php?rest_route=\/wp\/v2\/media\/23494"}],"wp:attachment":[{"href":"https:\/\/i-confort.com\/index.php?rest_route=%2Fwp%2Fv2%2Fmedia&parent=23495"}],"wp:term":[{"taxonomy":"pwb-brand","embeddable":true,"href":"https:\/\/i-confort.com\/index.php?rest_route=%2Fwp%2Fv2%2Fpwb-brand&post=23495"},{"taxonomy":"product_brand","embeddable":true,"href":"https:\/\/i-confort.com\/index.php?rest_route=%2Fwp%2Fv2%2Fproduct_brand&post=23495"},{"taxonomy":"product_cat","embeddable":true,"href":"https:\/\/i-confort.com\/index.php?rest_route=%2Fwp%2Fv2%2Fproduct_cat&post=23495"},{"taxonomy":"product_tag","embeddable":true,"href":"https:\/\/i-confort.com\/index.php?rest_route=%2Fwp%2Fv2%2Fproduct_tag&post=23495"}],"curies":[{"name":"wp","href":"https:\/\/api.w.org\/{rel}","templated":true}]}}